{"id":973,"date":"2022-05-27T13:31:12","date_gmt":"2022-05-27T13:31:12","guid":{"rendered":"https:\/\/feelcaboverde.com\/?page_id=973"},"modified":"2023-04-01T23:46:20","modified_gmt":"2023-04-01T23:46:20","slug":"covid-19-cabo-verde","status":"publish","type":"page","link":"https:\/\/feelcaboverde.com\/it\/covid-19-cabo-verde\/","title":{"rendered":"COVID-19"},"content":{"rendered":"<div data-elementor-type=\"wp-page\" data-elementor-id=\"973\" class=\"elementor elementor-973\">\n\t\t\t\t\t\t\t\t\t<section data-particle_enable=\"false\" data-particle-mobile-disabled=\"false\" class=\"elementor-section elementor-top-section elementor-element elementor-element-43b54aea elementor-section-boxed elementor-section-height-default elementor-section-height-default\" data-id=\"43b54aea\" data-element_type=\"section\">\n\t\t\t\t\t\t<div class=\"elementor-container elementor-column-gap-default\">\n\t\t\t\t\t<div class=\"elementor-column elementor-col-100 elementor-top-column elementor-element elementor-element-6e42e8a5\" data-id=\"6e42e8a5\" data-element_type=\"column\">\n\t\t\t<div class=\"elementor-widget-wrap elementor-element-populated\">\n\t\t\t\t\t\t\t\t<div class=\"elementor-element elementor-element-56626ddb elementor-widget elementor-widget-text-editor\" data-id=\"56626ddb\" data-element_type=\"widget\" data-widget_type=\"text-editor.default\">\n\t\t\t\t<div class=\"elementor-widget-container\">\n\t\t\t<style>\/*! elementor - v3.7.1 - 14-08-2022 *\/\n.elementor-widget-text-editor.elementor-drop-cap-view-stacked .elementor-drop-cap{background-color:#818a91;color:#fff}.elementor-widget-text-editor.elementor-drop-cap-view-framed .elementor-drop-cap{color:#818a91;border:3px solid;background-color:transparent}.elementor-widget-text-editor:not(.elementor-drop-cap-view-default) .elementor-drop-cap{margin-top:8px}.elementor-widget-text-editor:not(.elementor-drop-cap-view-default) .elementor-drop-cap-letter{width:1em;height:1em}.elementor-widget-text-editor .elementor-drop-cap{float:left;text-align:center;line-height:1;font-size:50px}.elementor-widget-text-editor .elementor-drop-cap-letter{display:inline-block}<\/style>\t\t\t\t<h3>Covid-19 em Cabo Verde<\/h3>\n<p>Apesar de Cabo Verde ter sido severamente afetado por diferentes ondas de COVID-19, o pa\u00eds tem gerido bem a pandemia. Cabo Verde ampliou significativamente a capacidade de testagem e apostou fortemente na vacina\u00e7\u00e3o em massa, tendo imunizado a grande maioria da popula\u00e7\u00e3o eleg\u00edvel. A taxa de letalidade pela doen\u00e7a no pa\u00eds (aproximadamente 0,9%) \u00e9 das menores na regi\u00e3o africana.<\/p>\n<p>Neste <a href=\"https:\/\/www.publichealthinafrica.org\/jphia\/article\/view\/2127\" rel=\"nofollow noopener\" target=\"_blank\">artigo revisto por pares<\/a>, fizemos um resumo das principais medidas implementadas por Cabo Verde no in\u00edcio da pandemia e que ajudaram a control\u00e1-la eficazmente.&nbsp;<\/p>\n<h3>Covid-19 e requisitos de viagem interilhas e internacionais para Cabo Verde<\/h3>\n<p>Atualmente (2023), <b>Cabo Verde n\u00e3o exige teste de Covid-19 ou certificado de vacina\u00e7\u00e3o nem para viagens interilhas nem para pessoas que chegam ao pa\u00eds.<\/b> A atualiza\u00e7\u00e3o consta do <a href=\"https:\/\/covid19.cv\/wp-content\/uploads\/2022\/09\/bo_14-09-2022_89.pdf\" rel=\"nofollow noopener\" target=\"_blank\">Boletim Oficial <\/a>de 14 de Setembro de 2022, onde se l\u00ea:<\/p>\n<p>1. Para efeitos de viagens interilhas e internacionais com destino a Cabo Verde, deixa de ser obrigat\u00f3ria aos passageiros e tripulantes que se desloquem por meios a\u00e9reos e mar\u00edtimos a apresenta\u00e7\u00e3o de Certificado COVID&nbsp;v\u00e1lido, ou de resultado negativo de teste de despiste.<\/p>\n<p>2. Para viagens instenacionais com origem em Cabo Verde, a exig\u00eancia de Certificados COVID ou de teste depende das orienta\u00e7\u00f5es das autoridades sanit\u00e1rias dos pa\u00edses de destino.<\/p>\n<p>Para mais informa\u00e7\u00f5es detalhadas sobre o estado da COVID-19 em Cabo Verde e os requisitos de viagem atualizados, consulte o <a href=\"https:\/\/covid19.cv\/\" rel=\"nofollow noopener\" target=\"_blank\">site da COVID-19<\/a> no pa\u00eds, ou entre em contacto conosco.<\/p>\n<p><\/p>\t\t\t\t\t\t<\/div>\n\t\t\t\t<\/div>\n\t\t\t\t\t<\/div>\n\t\t<\/div>\n\t\t\t\t\t\t\t<\/div>\n\t\t<\/section>\n\t\t\t\t\t\t\t<\/div>","protected":false},"excerpt":{"rendered":"<p>Apesar de Cabo Verde ter sido severamente afetado por diferentes ondas de COVID-19, o pa\u00eds tem gerido bem a pandemia. Ampliou significativamente a capacidade de testagem e apostou fortemente na vacina\u00e7\u00e3o em massa, tendo imunizado a grande maioria da popula\u00e7\u00e3o eleg\u00edvel. A taxa de letalidade pela doen\u00e7a no pa\u00eds (aproximadamente 0,9%) \u00e9 das menores na [&hellip;]<\/p>","protected":false},"author":1,"featured_media":0,"parent":0,"menu_order":0,"comment_status":"closed","ping_status":"closed","template":"","meta":{"footnotes":""},"categories":[],"tags":[],"class_list":["post-973","page","type-page","status-publish","hentry"],"_links":{"self":[{"href":"https:\/\/feelcaboverde.com\/it\/wp-json\/wp\/v2\/pages\/973","targetHints":{"allow":["GET"]}}],"collection":[{"href":"https:\/\/feelcaboverde.com\/it\/wp-json\/wp\/v2\/pages"}],"about":[{"href":"https:\/\/feelcaboverde.com\/it\/wp-json\/wp\/v2\/types\/page"}],"author":[{"embeddable":true,"href":"https:\/\/feelcaboverde.com\/it\/wp-json\/wp\/v2\/users\/1"}],"replies":[{"embeddable":true,"href":"https:\/\/feelcaboverde.com\/it\/wp-json\/wp\/v2\/comments?post=973"}],"version-history":[{"count":18,"href":"https:\/\/feelcaboverde.com\/it\/wp-json\/wp\/v2\/pages\/973\/revisions"}],"predecessor-version":[{"id":4103,"href":"https:\/\/feelcaboverde.com\/it\/wp-json\/wp\/v2\/pages\/973\/revisions\/4103"}],"wp:attachment":[{"href":"https:\/\/feelcaboverde.com\/it\/wp-json\/wp\/v2\/media?parent=973"}],"wp:term":[{"taxonomy":"category","embeddable":true,"href":"https:\/\/feelcaboverde.com\/it\/wp-json\/wp\/v2\/categories?post=973"},{"taxonomy":"post_tag","embeddable":true,"href":"https:\/\/feelcaboverde.com\/it\/wp-json\/wp\/v2\/tags?post=973"}],"curies":[{"name":"wp","href":"https:\/\/api.w.org\/{rel}","templated":true}]}}

<div data-elementor-type="wp-page" data-elementor-id="973" class="elementor elementor-973">
									<section data-particle_enable="false" data-particle-mobile-disabled="false" class="elementor-section elementor-top-section elementor-element elementor-element-43b54aea elementor-section-boxed elementor-section-height-default elementor-section-height-default" data-id="43b54aea" data-element_type="section">
						<div class="elementor-container elementor-column-gap-default">
					<div class="elementor-column elementor-col-100 elementor-top-column elementor-element elementor-element-6e42e8a5" data-id="6e42e8a5" data-element_type="column">
			<div class="elementor-widget-wrap elementor-element-populated">
								<div class="elementor-element elementor-element-56626ddb elementor-widget elementor-widget-text-editor" data-id="56626ddb" data-element_type="widget" data-widget_type="text-editor.default">
				<div class="elementor-widget-container">
			<style>/*! elementor - v3.7.1 - 14-08-2022 */
.elementor-widget-text-editor.elementor-drop-cap-view-stacked .elementor-drop-cap{background-color:#818a91;color:#fff}.elementor-widget-text-editor.elementor-drop-cap-view-framed .elementor-drop-cap{color:#818a91;border:3px solid;background-color:transparent}.elementor-widget-text-editor:not(.elementor-drop-cap-view-default) .elementor-drop-cap{margin-top:8px}.elementor-widget-text-editor:not(.elementor-drop-cap-view-default) .elementor-drop-cap-letter{width:1em;height:1em}.elementor-widget-text-editor .elementor-drop-cap{float:left;text-align:center;line-height:1;font-size:50px}.elementor-widget-text-editor .elementor-drop-cap-letter{display:inline-block}</style>				<h3>Covid-19 em Cabo Verde</h3>
<p>Apesar de Cabo Verde ter sido severamente afetado por diferentes ondas de COVID-19, o país tem gerido bem a pandemia. Cabo Verde ampliou significativamente a capacidade de testagem e apostou fortemente na vacinação em massa, tendo imunizado a grande maioria da população elegível. A taxa de letalidade pela doença no país (aproximadamente 0,9%) é das menores na região africana.</p>
<p>Neste <a href="https://www.publichealthinafrica.org/jphia/article/view/2127" rel="nofollow noopener" target="_blank">artigo revisto por pares</a>, fizemos um resumo das principais medidas implementadas por Cabo Verde no início da pandemia e que ajudaram a controlá-la eficazmente.&nbsp;</p>
<h3>Covid-19 e requisitos de viagem interilhas e internacionais para Cabo Verde</h3>
<p>Atualmente (2023), <b>Cabo Verde não exige teste de Covid-19 ou certificado de vacinação nem para viagens interilhas nem para pessoas que chegam ao país.</b> A atualização consta do <a href="https://covid19.cv/wp-content/uploads/2022/09/bo_14-09-2022_89.pdf" rel="nofollow noopener" target="_blank">Boletim Oficial </a>de 14 de Setembro de 2022, onde se lê:</p>
<p>1. Para efeitos de viagens interilhas e internacionais com destino a Cabo Verde, deixa de ser obrigatória aos passageiros e tripulantes que se desloquem por meios aéreos e marítimos a apresentação de Certificado COVID&nbsp;válido, ou de resultado negativo de teste de despiste.</p>
<p>2. Para viagens instenacionais com origem em Cabo Verde, a exigência de Certificados COVID ou de teste depende das orientações das autoridades sanitárias dos países de destino.</p>
<p>Para mais informações detalhadas sobre o estado da COVID-19 em Cabo Verde e os requisitos de viagem atualizados, consulte o <a href="https://covid19.cv/" rel="nofollow noopener" target="_blank">site da COVID-19</a> no país, ou entre em contacto conosco.</p>
<p></p>						</div>
				</div>
					</div>
		</div>
							</div>
		</section>
							</div>

<p>Apesar de Cabo Verde ter sido severamente afetado por diferentes ondas de COVID-19, o país tem gerido bem a pandemia. Ampliou significativamente a capacidade de testagem e apostou fortemente na vacinação em massa, tendo imunizado a grande maioria da população elegível. A taxa de letalidade pela doença no país (aproximadamente 0,9%) é das menores na [&hellip;]</p>
