{"id":4556,"date":"2023-04-04T00:12:51","date_gmt":"2023-04-04T00:12:51","guid":{"rendered":"https:\/\/feelcaboverde.com\/?page_id=4556"},"modified":"2023-04-13T16:07:18","modified_gmt":"2023-04-13T16:07:18","slug":"transportes","status":"publish","type":"page","link":"https:\/\/feelcaboverde.com\/it\/transportes\/","title":{"rendered":"Transporte"},"content":{"rendered":"<div data-elementor-type=\"wp-page\" data-elementor-id=\"4556\" class=\"elementor elementor-4556\">\n\t\t\t\t\t\t\t\t\t<section data-particle_enable=\"false\" data-particle-mobile-disabled=\"false\" class=\"elementor-section elementor-top-section elementor-element elementor-element-43b54aea elementor-section-boxed elementor-section-height-default elementor-section-height-default\" data-id=\"43b54aea\" data-element_type=\"section\">\n\t\t\t\t\t\t<div class=\"elementor-container elementor-column-gap-default\">\n\t\t\t\t\t<div class=\"elementor-column elementor-col-100 elementor-top-column elementor-element elementor-element-6e42e8a5\" data-id=\"6e42e8a5\" data-element_type=\"column\">\n\t\t\t<div class=\"elementor-widget-wrap elementor-element-populated\">\n\t\t\t\t\t\t\t\t<div class=\"elementor-element elementor-element-56626ddb elementor-widget elementor-widget-text-editor\" data-id=\"56626ddb\" data-element_type=\"widget\" data-widget_type=\"text-editor.default\">\n\t\t\t\t<div class=\"elementor-widget-container\">\n\t\t\t<style>\/*! elementor - v3.7.1 - 14-08-2022 *\/\n.elementor-widget-text-editor.elementor-drop-cap-view-stacked .elementor-drop-cap{background-color:#818a91;color:#fff}.elementor-widget-text-editor.elementor-drop-cap-view-framed .elementor-drop-cap{color:#818a91;border:3px solid;background-color:transparent}.elementor-widget-text-editor:not(.elementor-drop-cap-view-default) .elementor-drop-cap{margin-top:8px}.elementor-widget-text-editor:not(.elementor-drop-cap-view-default) .elementor-drop-cap-letter{width:1em;height:1em}.elementor-widget-text-editor .elementor-drop-cap{float:left;text-align:center;line-height:1;font-size:50px}.elementor-widget-text-editor .elementor-drop-cap-letter{display:inline-block}<\/style>\t\t\t\t<h3>Transporte em Cabo Verde<\/h3><p><span style=\"color: var( --e-global-color-text ); font-family: var( --e-global-typography-text-font-family ), Sans-serif; font-weight: var( --e-global-typography-text-font-weight ); text-align: var(--text-align); font-size: 1rem;\">O transporte entre as ilhas \u00e9 assegurado por barcos\/ ferries da <\/span><a href=\"https:\/\/www.cvinterilhas.cv\/home\" style=\"font-family: var( --e-global-typography-text-font-family ), Sans-serif; font-weight: var( --e-global-typography-text-font-weight ); text-align: var(--text-align); background-color: rgb(255, 255, 255); font-size: 1rem;\" rel=\"nofollow noopener\" target=\"_blank\">Cabo Verde Interilhas<\/a><span style=\"color: var( --e-global-color-text ); font-family: var( --e-global-typography-text-font-family ), Sans-serif; font-weight: var( --e-global-typography-text-font-weight ); text-align: var(--text-align); font-size: 1rem;\"> e por voos da companhia <\/span><a href=\"https:\/\/bestflycaboverde.com\/pt\/index.htm\" style=\"font-family: var( --e-global-typography-text-font-family ), Sans-serif; font-weight: var( --e-global-typography-text-font-weight ); text-align: var(--text-align); background-color: rgb(255, 255, 255); font-size: 1rem;\" rel=\"nofollow noopener\" target=\"_blank\">BestFly Cabo Verde<\/a><span style=\"color: var( --e-global-color-text ); font-family: var( --e-global-typography-text-font-family ), Sans-serif; font-weight: var( --e-global-typography-text-font-weight ); text-align: var(--text-align); font-size: 1rem;\">. As ilhas de Santo Ant\u00e3o e Brava s\u00e3o acess\u00edveis apenas pela via mar\u00edtima (barcos\/ ferries).<\/span><br><\/p>\n<p>A dura\u00e7\u00e3o dos voos entre as ilhas varia entre 20 minutos e uma hora. O limite de bagagem permitido nos voos entre ilhas pela <a href=\"https:\/\/bestflycaboverde.com\/pt\/online\/tarifas.htm\" rel=\"nofollow noopener\" target=\"_blank\">BestFly Cabo Verde<\/a> varia de 23 a 30 quilos, de acordo com a tarifa da passagem (normal ou flex\u00edvel).<\/p>\n<p>Dentro das ilhas o transporte p\u00fablico \u00e9 vari\u00e1vel. As ilhas de S\u00e3o Vicente em Santiago possuem servi\u00e7o de autocarros nas zonas metropolitanas. No interior dessas ilhas e em todas as demais, o transporte dentro das ilhas \u00e9 mantido por t\u00e1xis e hiaces, que s\u00e3o minivans de 15 a 20 lugares normalmente.<\/p>\n<p>Consulte o nosso&nbsp; artigo com todas as informa\u00e7\u00f5es que precisa sobre transporte para se aventurar livremente pelas ilhas!<\/p>\t\t\t\t\t\t<\/div>\n\t\t\t\t<\/div>\n\t\t\t\t\t<\/div>\n\t\t<\/div>\n\t\t\t\t\t\t\t<\/div>\n\t\t<\/section>\n\t\t\t\t\t\t\t<\/div>","protected":false},"excerpt":{"rendered":"<p>O transporte entre as ilhas \u00e9 assegurado por barcos\/ ferries da companhia Interilhas e por voos da companhia BestFly Cabo Verde. As ilhas de Santo Ant\u00e3o e Brava s\u00e3o acess\u00edveis apenas pela via mar\u00edtima (barcos\/ ferries). A dura\u00e7\u00e3o dos voos entre as ilhas varia entre 20 minutos e uma hora. O limite de bagagem permitido [&hellip;]<\/p>","protected":false},"author":1,"featured_media":0,"parent":0,"menu_order":0,"comment_status":"closed","ping_status":"closed","template":"","meta":{"footnotes":""},"categories":[],"tags":[],"class_list":["post-4556","page","type-page","status-publish","hentry"],"_links":{"self":[{"href":"https:\/\/feelcaboverde.com\/it\/wp-json\/wp\/v2\/pages\/4556","targetHints":{"allow":["GET"]}}],"collection":[{"href":"https:\/\/feelcaboverde.com\/it\/wp-json\/wp\/v2\/pages"}],"about":[{"href":"https:\/\/feelcaboverde.com\/it\/wp-json\/wp\/v2\/types\/page"}],"author":[{"embeddable":true,"href":"https:\/\/feelcaboverde.com\/it\/wp-json\/wp\/v2\/users\/1"}],"replies":[{"embeddable":true,"href":"https:\/\/feelcaboverde.com\/it\/wp-json\/wp\/v2\/comments?post=4556"}],"version-history":[{"count":1,"href":"https:\/\/feelcaboverde.com\/it\/wp-json\/wp\/v2\/pages\/4556\/revisions"}],"predecessor-version":[{"id":4573,"href":"https:\/\/feelcaboverde.com\/it\/wp-json\/wp\/v2\/pages\/4556\/revisions\/4573"}],"wp:attachment":[{"href":"https:\/\/feelcaboverde.com\/it\/wp-json\/wp\/v2\/media?parent=4556"}],"wp:term":[{"taxonomy":"category","embeddable":true,"href":"https:\/\/feelcaboverde.com\/it\/wp-json\/wp\/v2\/categories?post=4556"},{"taxonomy":"post_tag","embeddable":true,"href":"https:\/\/feelcaboverde.com\/it\/wp-json\/wp\/v2\/tags?post=4556"}],"curies":[{"name":"wp","href":"https:\/\/api.w.org\/{rel}","templated":true}]}}

<div data-elementor-type="wp-page" data-elementor-id="4556" class="elementor elementor-4556">
									<section data-particle_enable="false" data-particle-mobile-disabled="false" class="elementor-section elementor-top-section elementor-element elementor-element-43b54aea elementor-section-boxed elementor-section-height-default elementor-section-height-default" data-id="43b54aea" data-element_type="section">
						<div class="elementor-container elementor-column-gap-default">
					<div class="elementor-column elementor-col-100 elementor-top-column elementor-element elementor-element-6e42e8a5" data-id="6e42e8a5" data-element_type="column">
			<div class="elementor-widget-wrap elementor-element-populated">
								<div class="elementor-element elementor-element-56626ddb elementor-widget elementor-widget-text-editor" data-id="56626ddb" data-element_type="widget" data-widget_type="text-editor.default">
				<div class="elementor-widget-container">
			<style>/*! elementor - v3.7.1 - 14-08-2022 */
.elementor-widget-text-editor.elementor-drop-cap-view-stacked .elementor-drop-cap{background-color:#818a91;color:#fff}.elementor-widget-text-editor.elementor-drop-cap-view-framed .elementor-drop-cap{color:#818a91;border:3px solid;background-color:transparent}.elementor-widget-text-editor:not(.elementor-drop-cap-view-default) .elementor-drop-cap{margin-top:8px}.elementor-widget-text-editor:not(.elementor-drop-cap-view-default) .elementor-drop-cap-letter{width:1em;height:1em}.elementor-widget-text-editor .elementor-drop-cap{float:left;text-align:center;line-height:1;font-size:50px}.elementor-widget-text-editor .elementor-drop-cap-letter{display:inline-block}</style>				<h3>Transporte em Cabo Verde</h3><p><span style="color: var( --e-global-color-text ); font-family: var( --e-global-typography-text-font-family ), Sans-serif; font-weight: var( --e-global-typography-text-font-weight ); text-align: var(--text-align); font-size: 1rem;">O transporte entre as ilhas é assegurado por barcos/ ferries da </span><a href="https://www.cvinterilhas.cv/home" style="font-family: var( --e-global-typography-text-font-family ), Sans-serif; font-weight: var( --e-global-typography-text-font-weight ); text-align: var(--text-align); background-color: rgb(255, 255, 255); font-size: 1rem;" rel="nofollow noopener" target="_blank">Cabo Verde Interilhas</a><span style="color: var( --e-global-color-text ); font-family: var( --e-global-typography-text-font-family ), Sans-serif; font-weight: var( --e-global-typography-text-font-weight ); text-align: var(--text-align); font-size: 1rem;"> e por voos da companhia </span><a href="https://bestflycaboverde.com/pt/index.htm" style="font-family: var( --e-global-typography-text-font-family ), Sans-serif; font-weight: var( --e-global-typography-text-font-weight ); text-align: var(--text-align); background-color: rgb(255, 255, 255); font-size: 1rem;" rel="nofollow noopener" target="_blank">BestFly Cabo Verde</a><span style="color: var( --e-global-color-text ); font-family: var( --e-global-typography-text-font-family ), Sans-serif; font-weight: var( --e-global-typography-text-font-weight ); text-align: var(--text-align); font-size: 1rem;">. As ilhas de Santo Antão e Brava são acessíveis apenas pela via marítima (barcos/ ferries).</span><br></p>
<p>A duração dos voos entre as ilhas varia entre 20 minutos e uma hora. O limite de bagagem permitido nos voos entre ilhas pela <a href="https://bestflycaboverde.com/pt/online/tarifas.htm" rel="nofollow noopener" target="_blank">BestFly Cabo Verde</a> varia de 23 a 30 quilos, de acordo com a tarifa da passagem (normal ou flexível).</p>
<p>Dentro das ilhas o transporte público é variável. As ilhas de São Vicente em Santiago possuem serviço de autocarros nas zonas metropolitanas. No interior dessas ilhas e em todas as demais, o transporte dentro das ilhas é mantido por táxis e hiaces, que são minivans de 15 a 20 lugares normalmente.</p>
<p>Consulte o nosso&nbsp; artigo com todas as informações que precisa sobre transporte para se aventurar livremente pelas ilhas!</p>						</div>
				</div>
					</div>
		</div>
							</div>
		</section>
							</div>

<p>O transporte entre as ilhas é assegurado por barcos/ ferries da companhia Interilhas e por voos da companhia BestFly Cabo Verde. As ilhas de Santo Antão e Brava são acessíveis apenas pela via marítima (barcos/ ferries). A duração dos voos entre as ilhas varia entre 20 minutos e uma hora. O limite de bagagem permitido [&hellip;]</p>
