{"id":3208,"date":"2022-11-30T11:18:41","date_gmt":"2022-11-30T11:18:41","guid":{"rendered":"https:\/\/feelcaboverde.com\/?page_id=3208"},"modified":"2023-04-02T20:22:06","modified_gmt":"2023-04-02T20:22:06","slug":"praia-de-santa-maria-ilha-do-sal","status":"publish","type":"page","link":"https:\/\/feelcaboverde.com\/it\/praia-de-santa-maria-ilha-do-sal\/","title":{"rendered":"Praia de Santa Maria &#8211; Ilha do Sal"},"content":{"rendered":"<div data-elementor-type=\"wp-page\" data-elementor-id=\"3208\" class=\"elementor elementor-3208\">\n\t\t\t\t\t\t\t\t\t<section data-particle_enable=\"false\" data-particle-mobile-disabled=\"false\" class=\"elementor-section elementor-top-section elementor-element elementor-element-7d82efc1 elementor-section-boxed elementor-section-height-default elementor-section-height-default\" data-id=\"7d82efc1\" data-element_type=\"section\">\n\t\t\t\t\t\t<div class=\"elementor-container elementor-column-gap-default\">\n\t\t\t\t\t<div class=\"elementor-column elementor-col-100 elementor-top-column elementor-element elementor-element-6e6df1f9\" data-id=\"6e6df1f9\" data-element_type=\"column\">\n\t\t\t<div class=\"elementor-widget-wrap elementor-element-populated\">\n\t\t\t\t\t\t\t\t<div class=\"elementor-element elementor-element-7a23810c elementor-widget elementor-widget-text-editor\" data-id=\"7a23810c\" data-element_type=\"widget\" data-widget_type=\"text-editor.default\">\n\t\t\t\t<div class=\"elementor-widget-container\">\n\t\t\t<style>\/*! elementor - v3.7.1 - 14-08-2022 *\/\n.elementor-widget-text-editor.elementor-drop-cap-view-stacked .elementor-drop-cap{background-color:#818a91;color:#fff}.elementor-widget-text-editor.elementor-drop-cap-view-framed .elementor-drop-cap{color:#818a91;border:3px solid;background-color:transparent}.elementor-widget-text-editor:not(.elementor-drop-cap-view-default) .elementor-drop-cap{margin-top:8px}.elementor-widget-text-editor:not(.elementor-drop-cap-view-default) .elementor-drop-cap-letter{width:1em;height:1em}.elementor-widget-text-editor .elementor-drop-cap{float:left;text-align:center;line-height:1;font-size:50px}.elementor-widget-text-editor .elementor-drop-cap-letter{display:inline-block}<\/style>\t\t\t\t<h3>Praia de Santa Maria<\/h3>\n<p>A Praia de Santa Maria situa-se no sul da ilha do Sal, estendendo-se por aproximadamente 7 quil\u00f3metros na costa da cidade de Santa Maria.<\/p>\n<p>Ela exibe um mar em tons turquesa e esmeralda que convida a longos mergulhos. O extenso areal branco levemente inclinado \u00e9 banhado por ondas suaves.<\/p>\n<p>O mar desta praia \u00e9 geralmente calmo e t\u00e9pido, sendo ideal tanto para banhistas amadores como nadadores experientes. Esses \u00faltimos ir\u00e3o apreciar a \u00e1gua cristalina de Santa Maria que permite ver com clareza as belezas do fundo do mar.<\/p>\n<p>Nesta praia encontra-se tamb\u00e9m o cl\u00e1ssico Pont\u00e3o de Santa Maria, onde o riso das crian\u00e7as pulando na \u00e1gua mistura-se com o frenesim dos barcos de pesca que trazem a ca\u00e7a fresca do dia para venda.<\/p>\n<figure id=\"attachment_2327\" aria-describedby=\"caption-attachment-2327\" style=\"width: 1200px\" class=\"wp-caption alignnone\"><img decoding=\"async\" class=\"wp-image-2327 size-full\" src=\"http:\/\/feelcaboverde.com\/wp-content\/uploads\/2022\/10\/Pontao-Santa-Maria-Ilha-do-Sal.png\" alt=\"Pont\u00e3o in Santa Maria Beach, Sal island in Cape Verde\" width=\"1200\" height=\"900\" srcset=\"https:\/\/feelcaboverde.com\/wp-content\/uploads\/2022\/10\/Pontao-Santa-Maria-Ilha-do-Sal.png 1200w, https:\/\/feelcaboverde.com\/wp-content\/uploads\/2022\/10\/Pontao-Santa-Maria-Ilha-do-Sal-300x225.png 300w, https:\/\/feelcaboverde.com\/wp-content\/uploads\/2022\/10\/Pontao-Santa-Maria-Ilha-do-Sal-1024x768.png 1024w, https:\/\/feelcaboverde.com\/wp-content\/uploads\/2022\/10\/Pontao-Santa-Maria-Ilha-do-Sal-768x576.png 768w\" sizes=\"(max-width: 1200px) 100vw, 1200px\" \/><figcaption id=\"caption-attachment-2327\" class=\"wp-caption-text\">Ponnt\u00e3o de Santa Maria, ilha do Sal &#8211; Cabo Verde<\/figcaption><\/figure>\n<p>A beleza da Praia de Santa Maria \u00e9 difusamente conhecida, o que faz dessa praia uma das mais visitadas do pa\u00eds. Por esse motivo, os visitantes encontrar\u00e3o uma infraestrutura hoteleira, de restaurantes e atividades l\u00fadicas bem estabelecidas, com ofertas para todos os gostos.<\/p>\n<p>Ao visitar Santa Maria, deixe o corpo descansar na areia morna da praia e descontrair-se do stress com banhos longos no azul turquesa do mar. Aproveite para apreciar o belo p\u00f4r do sol da praia enquanto desfruta de um prato de marisco fresco.<\/p>\n<p>A Praia de Santa Maria foi eleita uma das 7 Maravilhas de Cabo Verde na categoria \u201cPraias costeiras de areia, branca ou negra&#8221;.<\/p>\t\t\t\t\t\t<\/div>\n\t\t\t\t<\/div>\n\t\t\t\t\t<\/div>\n\t\t<\/div>\n\t\t\t\t\t\t\t<\/div>\n\t\t<\/section>\n\t\t\t\t\t\t\t<\/div>","protected":false},"excerpt":{"rendered":"<p>Praia de Santa Maria A Praia de Santa Maria situa-se no sul da ilha do Sal, estendendo-se por aproximadamente 7 quil\u00f3metros na costa da cidade de Santa Maria. Ela exibe um mar em tons turquesa e esmeralda que convida a longos mergulhos. O extenso areal branco levemente inclinado \u00e9 banhado por ondas suaves. O mar [&hellip;]<\/p>","protected":false},"author":1,"featured_media":0,"parent":0,"menu_order":0,"comment_status":"closed","ping_status":"closed","template":"","meta":{"footnotes":""},"categories":[21],"tags":[],"class_list":["post-3208","page","type-page","status-publish","hentry","category-7-maravilhas"],"_links":{"self":[{"href":"https:\/\/feelcaboverde.com\/it\/wp-json\/wp\/v2\/pages\/3208","targetHints":{"allow":["GET"]}}],"collection":[{"href":"https:\/\/feelcaboverde.com\/it\/wp-json\/wp\/v2\/pages"}],"about":[{"href":"https:\/\/feelcaboverde.com\/it\/wp-json\/wp\/v2\/types\/page"}],"author":[{"embeddable":true,"href":"https:\/\/feelcaboverde.com\/it\/wp-json\/wp\/v2\/users\/1"}],"replies":[{"embeddable":true,"href":"https:\/\/feelcaboverde.com\/it\/wp-json\/wp\/v2\/comments?post=3208"}],"version-history":[{"count":15,"href":"https:\/\/feelcaboverde.com\/it\/wp-json\/wp\/v2\/pages\/3208\/revisions"}],"predecessor-version":[{"id":4483,"href":"https:\/\/feelcaboverde.com\/it\/wp-json\/wp\/v2\/pages\/3208\/revisions\/4483"}],"wp:attachment":[{"href":"https:\/\/feelcaboverde.com\/it\/wp-json\/wp\/v2\/media?parent=3208"}],"wp:term":[{"taxonomy":"category","embeddable":true,"href":"https:\/\/feelcaboverde.com\/it\/wp-json\/wp\/v2\/categories?post=3208"},{"taxonomy":"post_tag","embeddable":true,"href":"https:\/\/feelcaboverde.com\/it\/wp-json\/wp\/v2\/tags?post=3208"}],"curies":[{"name":"wp","href":"https:\/\/api.w.org\/{rel}","templated":true}]}}

<div data-elementor-type="wp-page" data-elementor-id="3208" class="elementor elementor-3208">
									<section data-particle_enable="false" data-particle-mobile-disabled="false" class="elementor-section elementor-top-section elementor-element elementor-element-7d82efc1 elementor-section-boxed elementor-section-height-default elementor-section-height-default" data-id="7d82efc1" data-element_type="section">
						<div class="elementor-container elementor-column-gap-default">
					<div class="elementor-column elementor-col-100 elementor-top-column elementor-element elementor-element-6e6df1f9" data-id="6e6df1f9" data-element_type="column">
			<div class="elementor-widget-wrap elementor-element-populated">
								<div class="elementor-element elementor-element-7a23810c elementor-widget elementor-widget-text-editor" data-id="7a23810c" data-element_type="widget" data-widget_type="text-editor.default">
				<div class="elementor-widget-container">
			<style>/*! elementor - v3.7.1 - 14-08-2022 */
.elementor-widget-text-editor.elementor-drop-cap-view-stacked .elementor-drop-cap{background-color:#818a91;color:#fff}.elementor-widget-text-editor.elementor-drop-cap-view-framed .elementor-drop-cap{color:#818a91;border:3px solid;background-color:transparent}.elementor-widget-text-editor:not(.elementor-drop-cap-view-default) .elementor-drop-cap{margin-top:8px}.elementor-widget-text-editor:not(.elementor-drop-cap-view-default) .elementor-drop-cap-letter{width:1em;height:1em}.elementor-widget-text-editor .elementor-drop-cap{float:left;text-align:center;line-height:1;font-size:50px}.elementor-widget-text-editor .elementor-drop-cap-letter{display:inline-block}</style>				<h3>Praia de Santa Maria</h3>
<p>A Praia de Santa Maria situa-se no sul da ilha do Sal, estendendo-se por aproximadamente 7 quilómetros na costa da cidade de Santa Maria.</p>
<p>Ela exibe um mar em tons turquesa e esmeralda que convida a longos mergulhos. O extenso areal branco levemente inclinado é banhado por ondas suaves.</p>
<p>O mar desta praia é geralmente calmo e tépido, sendo ideal tanto para banhistas amadores como nadadores experientes. Esses últimos irão apreciar a água cristalina de Santa Maria que permite ver com clareza as belezas do fundo do mar.</p>
<p>Nesta praia encontra-se também o clássico Pontão de Santa Maria, onde o riso das crianças pulando na água mistura-se com o frenesim dos barcos de pesca que trazem a caça fresca do dia para venda.</p>
<figure id="attachment_2327" aria-describedby="caption-attachment-2327" style="width: 1200px" class="wp-caption alignnone"><img decoding="async" class="wp-image-2327 size-full" src="http://feelcaboverde.com/wp-content/uploads/2022/10/Pontao-Santa-Maria-Ilha-do-Sal.png" alt="Pontão in Santa Maria Beach, Sal island in Cape Verde" width="1200" height="900" srcset="https://feelcaboverde.com/wp-content/uploads/2022/10/Pontao-Santa-Maria-Ilha-do-Sal.png 1200w, https://feelcaboverde.com/wp-content/uploads/2022/10/Pontao-Santa-Maria-Ilha-do-Sal-300x225.png 300w, https://feelcaboverde.com/wp-content/uploads/2022/10/Pontao-Santa-Maria-Ilha-do-Sal-1024x768.png 1024w, https://feelcaboverde.com/wp-content/uploads/2022/10/Pontao-Santa-Maria-Ilha-do-Sal-768x576.png 768w" sizes="(max-width: 1200px) 100vw, 1200px" /><figcaption id="caption-attachment-2327" class="wp-caption-text">Ponntão de Santa Maria, ilha do Sal &#8211; Cabo Verde</figcaption></figure>
<p>A beleza da Praia de Santa Maria é difusamente conhecida, o que faz dessa praia uma das mais visitadas do país. Por esse motivo, os visitantes encontrarão uma infraestrutura hoteleira, de restaurantes e atividades lúdicas bem estabelecidas, com ofertas para todos os gostos.</p>
<p>Ao visitar Santa Maria, deixe o corpo descansar na areia morna da praia e descontrair-se do stress com banhos longos no azul turquesa do mar. Aproveite para apreciar o belo pôr do sol da praia enquanto desfruta de um prato de marisco fresco.</p>
<p>A Praia de Santa Maria foi eleita uma das 7 Maravilhas de Cabo Verde na categoria “Praias costeiras de areia, branca ou negra&#8221;.</p>						</div>
				</div>
					</div>
		</div>
							</div>
		</section>
							</div>

<p>Praia de Santa Maria A Praia de Santa Maria situa-se no sul da ilha do Sal, estendendo-se por aproximadamente 7 quilómetros na costa da cidade de Santa Maria. Ela exibe um mar em tons turquesa e esmeralda que convida a longos mergulhos. O extenso areal branco levemente inclinado é banhado por ondas suaves. O mar [&hellip;]</p>
