{"id":1120,"date":"2022-05-27T14:10:38","date_gmt":"2022-05-27T14:10:38","guid":{"rendered":"https:\/\/feelcaboverde.com\/?page_id=1120"},"modified":"2023-04-03T22:19:30","modified_gmt":"2023-04-03T22:19:30","slug":"servicos-de-saude-em-cabo-verde","status":"publish","type":"page","link":"https:\/\/feelcaboverde.com\/it\/servicos-de-saude-em-cabo-verde\/","title":{"rendered":"Servi\u00e7os de Sa\u00fade &#038; Regulamentos"},"content":{"rendered":"<div data-elementor-type=\"wp-page\" data-elementor-id=\"1120\" class=\"elementor elementor-1120\">\n\t\t\t\t\t\t\t\t\t<section data-particle_enable=\"false\" data-particle-mobile-disabled=\"false\" class=\"elementor-section elementor-top-section elementor-element elementor-element-43b54aea elementor-section-boxed elementor-section-height-default elementor-section-height-default\" data-id=\"43b54aea\" data-element_type=\"section\">\n\t\t\t\t\t\t<div class=\"elementor-container elementor-column-gap-default\">\n\t\t\t\t\t<div class=\"elementor-column elementor-col-100 elementor-top-column elementor-element elementor-element-6e42e8a5\" data-id=\"6e42e8a5\" data-element_type=\"column\">\n\t\t\t<div class=\"elementor-widget-wrap elementor-element-populated\">\n\t\t\t\t\t\t\t\t<div class=\"elementor-element elementor-element-56626ddb elementor-widget elementor-widget-text-editor\" data-id=\"56626ddb\" data-element_type=\"widget\" data-widget_type=\"text-editor.default\">\n\t\t\t\t<div class=\"elementor-widget-container\">\n\t\t\t<style>\/*! elementor - v3.7.1 - 14-08-2022 *\/\n.elementor-widget-text-editor.elementor-drop-cap-view-stacked .elementor-drop-cap{background-color:#818a91;color:#fff}.elementor-widget-text-editor.elementor-drop-cap-view-framed .elementor-drop-cap{color:#818a91;border:3px solid;background-color:transparent}.elementor-widget-text-editor:not(.elementor-drop-cap-view-default) .elementor-drop-cap{margin-top:8px}.elementor-widget-text-editor:not(.elementor-drop-cap-view-default) .elementor-drop-cap-letter{width:1em;height:1em}.elementor-widget-text-editor .elementor-drop-cap{float:left;text-align:center;line-height:1;font-size:50px}.elementor-widget-text-editor .elementor-drop-cap-letter{display:inline-block}<\/style>\t\t\t\t<p>Cabo Verde vem apresentando consider\u00e1veis avan\u00e7os sanit\u00e1rios nos \u00faltimos anos. A mal\u00e1ria est\u00e1 em vias de elimina\u00e7\u00e3o, e outras doen\u00e7as como a difteria, a poliomielite, o t\u00e9tano e o sarampo t\u00eam sido combatidas com sucesso.<\/p>\n<p>Apesar das melhorias sanit\u00e1rias no sistema de sa\u00fade cabo-verdiano, o padr\u00e3o dos servi\u00e7os de sa\u00fade nacionais pode diferir muito do seu pa\u00eds de origem. O sistema de sa\u00fade cabo-verdiano \u00e9 maioritariamente p\u00fablico, com pagamento de taxas de servi\u00e7o. O valor pago por n\u00e3o-nacionais, como noutros pa\u00edses, \u00e9 diferente (mais caro).<\/p>\n<h3>&nbsp;<\/h3>\n<h3><strong>Servi\u00e7os de Sa\u00fade em Cabo Verde <\/strong><\/h3>\n<p>Cabo Verde possui atualmente seis hospitais p\u00fablicos. Todas as ilhas t\u00eam m\u00e9dicos e enfermeiros.<\/p>\n<p>Dois hospitais centrais d\u00e3o resposta aos servi\u00e7os mais especializados:<\/p>\n<ul>\n<li>Hospital Agostinho Neto, Praia, ilha de Santiago<\/li>\n<li>Hospital Dr. Baptista de Sousa, Mindelo, ilha de S\u00e3o Vicente<\/li>\n<\/ul>\n<p>Os quatro hospitais regionais, de menor porte que os centrais, d\u00e3o resposta \u00e0 demanda local e a servi\u00e7os menos especializados:<\/p>\n<ul>\n<li>Hospital Dr. Jo\u00e3o Morais, Ribeira Grande, ilha de Santo Ant\u00e3o<\/li>\n<li>Hospital Ramiro Alves Figueira, Espargos, ilha do Sal<\/li>\n<li>Hospital Regional Santa Rita Vieira, Assomada, Santiago Norte<\/li>\n<li>Hospital S\u00e3o Francisco de Assis, S\u00e3o Filipe, Fogo<\/li>\n<\/ul>\n<p>Em todas as ilhas existem ainda postos de sa\u00fade para cuidados prim\u00e1rios e pequenas emerg\u00eancias. Entretanto, tenha em mente que as infraestruturas nas ilhas menores s\u00e3o limitadas, podendo ser necess\u00e1rio evacuar o paciente para outras ilhas dependendo da gravidade da enfermidade.<\/p>\n<p>Al\u00e9m dos hospitais p\u00fablicos governamentais, existem cl\u00ednicas privadas na maioria das ilhas.<\/p>\n<p>&nbsp;Alguns resorts possuem posto b\u00e1sico de atendimento m\u00e9dico, ou m\u00e9dicos dispon\u00edveis mediante chamada para os h\u00f3spedes.<\/p>\n<p><strong>Em caso de emerg\u00eancia, deve ligar para o 112! <\/strong><\/p>\n<p><strong>&nbsp;<\/strong><\/p>\n<h3><strong>Farm\u00e1cias e medicamentos<\/strong><\/h3>\n<p>Existem farm\u00e1cias em todas as ilhas, mas funcionam com hor\u00e1rios limitados nos fins de semanas e feriados.<\/p>\n<p>Alguns medicamentos podem estar limitados ou indispon\u00edveis nas farm\u00e1cias locais, ent\u00e3o traga sempre qualquer medica\u00e7\u00e3o de uso cont\u00ednuo, em quantidade suficiente para a sua estadia.<\/p>\n<p>\u00c9 aconselh\u00e1vel trazer alguns medicamentos b\u00e1sicos como antidiarreicos, antial\u00e9rgicos e analg\u00e9sicos e itens \u00fateis como repelentes e protetor solar.<\/p>\n<p>Consulte o nosso guia sobre o que trazer para Cabo Verde como um aux\u00edlio extra na hora de fazer as malas.<\/p>\n<p><strong>&nbsp;<\/strong><\/p>\n<h3><strong>Vacinas e medica\u00e7\u00e3o profil\u00e1tica<\/strong><\/h3>\n<p><strong>Cabo Verde n\u00e3o exige nenhuma medica\u00e7\u00e3o profil\u00e1tica para entrar no pa\u00eds! <\/strong>Entretanto, \u00e9 recomendada a vacina contra a febre amarela; certificado de vacina\u00e7\u00e3o contra febre amarela pode ser exigido de visitantes oriundos de pa\u00edses end\u00e9micos para a doen\u00e7a.<\/p>\n<p>Conv\u00e9m certificar tamb\u00e9m que a vacina DTP (difteria, t\u00e9tano, poliomielite) est\u00e1 atualizada.<\/p>\n<p>Para mais informa\u00e7\u00f5es, consulte o seu m\u00e9dico de fam\u00edlia ou autoridade sanit\u00e1ria local.<\/p>\n<p><strong>Nota<\/strong>: Em caso de problemas de sa\u00fade mais graves (como casos complexos, ou por necessidades do paciente), pode ser necess\u00e1rio evacua\u00e7\u00e3o m\u00e9dica do viajante para um pa\u00eds vizinho ou o pa\u00eds de origem. Esse procedimento excecional \u00e9 consideravelmente caro, pelo que \u00e9 recomend\u00e1vel a aquisi\u00e7\u00e3o de um seguro m\u00e9dico para viagem por precau\u00e7\u00e3o, ou certificar que possui fundos suficientes para uma eventual emerg\u00eancia!<\/p>\t\t\t\t\t\t<\/div>\n\t\t\t\t<\/div>\n\t\t\t\t\t<\/div>\n\t\t<\/div>\n\t\t\t\t\t\t\t<\/div>\n\t\t<\/section>\n\t\t\t\t\t\t\t<\/div>","protected":false},"excerpt":{"rendered":"<p>Cabo Verde vem apresentando consider\u00e1veis avan\u00e7os sanit\u00e1rios nos \u00faltimos anos. A mal\u00e1ria est\u00e1 em vias de elimina\u00e7\u00e3o, e outras doen\u00e7as como a difteria, a poliomielite, o t\u00e9tano e o sarampo t\u00eam sido combatidas com sucesso. Apesar das melhorias sanit\u00e1rias no sistema de sa\u00fade cabo-verdiano, o padr\u00e3o dos servi\u00e7os de sa\u00fade nacionais pode diferir muito do [&hellip;]<\/p>","protected":false},"author":1,"featured_media":0,"parent":0,"menu_order":0,"comment_status":"closed","ping_status":"closed","template":"","meta":{"footnotes":""},"categories":[],"tags":[],"class_list":["post-1120","page","type-page","status-publish","hentry"],"_links":{"self":[{"href":"https:\/\/feelcaboverde.com\/it\/wp-json\/wp\/v2\/pages\/1120","targetHints":{"allow":["GET"]}}],"collection":[{"href":"https:\/\/feelcaboverde.com\/it\/wp-json\/wp\/v2\/pages"}],"about":[{"href":"https:\/\/feelcaboverde.com\/it\/wp-json\/wp\/v2\/types\/page"}],"author":[{"embeddable":true,"href":"https:\/\/feelcaboverde.com\/it\/wp-json\/wp\/v2\/users\/1"}],"replies":[{"embeddable":true,"href":"https:\/\/feelcaboverde.com\/it\/wp-json\/wp\/v2\/comments?post=1120"}],"version-history":[{"count":11,"href":"https:\/\/feelcaboverde.com\/it\/wp-json\/wp\/v2\/pages\/1120\/revisions"}],"predecessor-version":[{"id":4528,"href":"https:\/\/feelcaboverde.com\/it\/wp-json\/wp\/v2\/pages\/1120\/revisions\/4528"}],"wp:attachment":[{"href":"https:\/\/feelcaboverde.com\/it\/wp-json\/wp\/v2\/media?parent=1120"}],"wp:term":[{"taxonomy":"category","embeddable":true,"href":"https:\/\/feelcaboverde.com\/it\/wp-json\/wp\/v2\/categories?post=1120"},{"taxonomy":"post_tag","embeddable":true,"href":"https:\/\/feelcaboverde.com\/it\/wp-json\/wp\/v2\/tags?post=1120"}],"curies":[{"name":"wp","href":"https:\/\/api.w.org\/{rel}","templated":true}]}}

Serviços de Saúde &#038; Regulamentos

<div data-elementor-type="wp-page" data-elementor-id="1120" class="elementor elementor-1120">
									<section data-particle_enable="false" data-particle-mobile-disabled="false" class="elementor-section elementor-top-section elementor-element elementor-element-43b54aea elementor-section-boxed elementor-section-height-default elementor-section-height-default" data-id="43b54aea" data-element_type="section">
						<div class="elementor-container elementor-column-gap-default">
					<div class="elementor-column elementor-col-100 elementor-top-column elementor-element elementor-element-6e42e8a5" data-id="6e42e8a5" data-element_type="column">
			<div class="elementor-widget-wrap elementor-element-populated">
								<div class="elementor-element elementor-element-56626ddb elementor-widget elementor-widget-text-editor" data-id="56626ddb" data-element_type="widget" data-widget_type="text-editor.default">
				<div class="elementor-widget-container">
			<style>/*! elementor - v3.7.1 - 14-08-2022 */
.elementor-widget-text-editor.elementor-drop-cap-view-stacked .elementor-drop-cap{background-color:#818a91;color:#fff}.elementor-widget-text-editor.elementor-drop-cap-view-framed .elementor-drop-cap{color:#818a91;border:3px solid;background-color:transparent}.elementor-widget-text-editor:not(.elementor-drop-cap-view-default) .elementor-drop-cap{margin-top:8px}.elementor-widget-text-editor:not(.elementor-drop-cap-view-default) .elementor-drop-cap-letter{width:1em;height:1em}.elementor-widget-text-editor .elementor-drop-cap{float:left;text-align:center;line-height:1;font-size:50px}.elementor-widget-text-editor .elementor-drop-cap-letter{display:inline-block}</style>				<p>Cabo Verde vem apresentando consideráveis avanços sanitários nos últimos anos. A malária está em vias de eliminação, e outras doenças como a difteria, a poliomielite, o tétano e o sarampo têm sido combatidas com sucesso.</p>
<p>Apesar das melhorias sanitárias no sistema de saúde cabo-verdiano, o padrão dos serviços de saúde nacionais pode diferir muito do seu país de origem. O sistema de saúde cabo-verdiano é maioritariamente público, com pagamento de taxas de serviço. O valor pago por não-nacionais, como noutros países, é diferente (mais caro).</p>
<h3>&nbsp;</h3>
<h3><strong>Serviços de Saúde em Cabo Verde </strong></h3>
<p>Cabo Verde possui atualmente seis hospitais públicos. Todas as ilhas têm médicos e enfermeiros.</p>
<p>Dois hospitais centrais dão resposta aos serviços mais especializados:</p>
<ul>
<li>Hospital Agostinho Neto, Praia, ilha de Santiago</li>
<li>Hospital Dr. Baptista de Sousa, Mindelo, ilha de São Vicente</li>
</ul>
<p>Os quatro hospitais regionais, de menor porte que os centrais, dão resposta à demanda local e a serviços menos especializados:</p>
<ul>
<li>Hospital Dr. João Morais, Ribeira Grande, ilha de Santo Antão</li>
<li>Hospital Ramiro Alves Figueira, Espargos, ilha do Sal</li>
<li>Hospital Regional Santa Rita Vieira, Assomada, Santiago Norte</li>
<li>Hospital São Francisco de Assis, São Filipe, Fogo</li>
</ul>
<p>Em todas as ilhas existem ainda postos de saúde para cuidados primários e pequenas emergências. Entretanto, tenha em mente que as infraestruturas nas ilhas menores são limitadas, podendo ser necessário evacuar o paciente para outras ilhas dependendo da gravidade da enfermidade.</p>
<p>Além dos hospitais públicos governamentais, existem clínicas privadas na maioria das ilhas.</p>
<p>&nbsp;Alguns resorts possuem posto básico de atendimento médico, ou médicos disponíveis mediante chamada para os hóspedes.</p>
<p><strong>Em caso de emergência, deve ligar para o 112! </strong></p>
<p><strong>&nbsp;</strong></p>
<h3><strong>Farmácias e medicamentos</strong></h3>
<p>Existem farmácias em todas as ilhas, mas funcionam com horários limitados nos fins de semanas e feriados.</p>
<p>Alguns medicamentos podem estar limitados ou indisponíveis nas farmácias locais, então traga sempre qualquer medicação de uso contínuo, em quantidade suficiente para a sua estadia.</p>
<p>É aconselhável trazer alguns medicamentos básicos como antidiarreicos, antialérgicos e analgésicos e itens úteis como repelentes e protetor solar.</p>
<p>Consulte o nosso guia sobre o que trazer para Cabo Verde como um auxílio extra na hora de fazer as malas.</p>
<p><strong>&nbsp;</strong></p>
<h3><strong>Vacinas e medicação profilática</strong></h3>
<p><strong>Cabo Verde não exige nenhuma medicação profilática para entrar no país! </strong>Entretanto, é recomendada a vacina contra a febre amarela; certificado de vacinação contra febre amarela pode ser exigido de visitantes oriundos de países endémicos para a doença.</p>
<p>Convém certificar também que a vacina DTP (difteria, tétano, poliomielite) está atualizada.</p>
<p>Para mais informações, consulte o seu médico de família ou autoridade sanitária local.</p>
<p><strong>Nota</strong>: Em caso de problemas de saúde mais graves (como casos complexos, ou por necessidades do paciente), pode ser necessário evacuação médica do viajante para um país vizinho ou o país de origem. Esse procedimento excecional é consideravelmente caro, pelo que é recomendável a aquisição de um seguro médico para viagem por precaução, ou certificar que possui fundos suficientes para uma eventual emergência!</p>						</div>
				</div>
					</div>
		</div>
							</div>
		</section>
							</div>

<p>Cabo Verde vem apresentando consideráveis avanços sanitários nos últimos anos. A malária está em vias de eliminação, e outras doenças como a difteria, a poliomielite, o tétano e o sarampo têm sido combatidas com sucesso. Apesar das melhorias sanitárias no sistema de saúde cabo-verdiano, o padrão dos serviços de saúde nacionais pode diferir muito do [&hellip;]</p>
