{"id":1057,"date":"2022-05-27T13:51:12","date_gmt":"2022-05-27T13:51:12","guid":{"rendered":"https:\/\/feelcaboverde.com\/?page_id=1057"},"modified":"2023-12-22T01:10:39","modified_gmt":"2023-12-22T01:10:39","slug":"lgbt-em-cabo-verde","status":"publish","type":"page","link":"https:\/\/feelcaboverde.com\/it\/lgbt-em-cabo-verde\/","title":{"rendered":"LGBT+ em Cabo Verde"},"content":{"rendered":"<div data-elementor-type=\"wp-page\" data-elementor-id=\"1057\" class=\"elementor elementor-1057\">\n\t\t\t\t\t\t\t\t\t<section data-particle_enable=\"false\" data-particle-mobile-disabled=\"false\" class=\"elementor-section elementor-top-section elementor-element elementor-element-43b54aea elementor-section-boxed elementor-section-height-default elementor-section-height-default\" data-id=\"43b54aea\" data-element_type=\"section\">\n\t\t\t\t\t\t<div class=\"elementor-container elementor-column-gap-default\">\n\t\t\t\t\t<div class=\"elementor-column elementor-col-100 elementor-top-column elementor-element elementor-element-6e42e8a5\" data-id=\"6e42e8a5\" data-element_type=\"column\">\n\t\t\t<div class=\"elementor-widget-wrap elementor-element-populated\">\n\t\t\t\t\t\t\t\t<div class=\"elementor-element elementor-element-56626ddb elementor-widget elementor-widget-text-editor\" data-id=\"56626ddb\" data-element_type=\"widget\" data-widget_type=\"text-editor.default\">\n\t\t\t\t<div class=\"elementor-widget-container\">\n\t\t\t<style>\/*! elementor - v3.7.1 - 14-08-2022 *\/\n.elementor-widget-text-editor.elementor-drop-cap-view-stacked .elementor-drop-cap{background-color:#818a91;color:#fff}.elementor-widget-text-editor.elementor-drop-cap-view-framed .elementor-drop-cap{color:#818a91;border:3px solid;background-color:transparent}.elementor-widget-text-editor:not(.elementor-drop-cap-view-default) .elementor-drop-cap{margin-top:8px}.elementor-widget-text-editor:not(.elementor-drop-cap-view-default) .elementor-drop-cap-letter{width:1em;height:1em}.elementor-widget-text-editor .elementor-drop-cap{float:left;text-align:center;line-height:1;font-size:50px}.elementor-widget-text-editor .elementor-drop-cap-letter{display:inline-block}<\/style>\t\t\t\t<p>Cabo Verde vem se tornando cada vez mais LGBT-friendly, sendo um pioneiro em \u00c1frica em rela\u00e7\u00e3o ao reconhecimento dos direitos da comunidade LGBT+.&nbsp;<\/p>\n<p><\/p>\n<h3>Direitos LGBT+ em Cabo Verde<\/h3>\n<p>A rela\u00e7\u00e3o afetiva entre pessoas do mesmo sexo, tanto homens como mulheres, \u00e9 legal no pa\u00eds desde 2004. Foi o segundo territ\u00f3rio africano a reconhecer esse direito legalmente, precedido apenas pela \u00c1frica do Sul.<\/p>\n<p>Em termos laborais, a discrimina\u00e7\u00e3o no emprego com base na orienta\u00e7\u00e3o sexual foi criminalizada desde 2008.<\/p>\n<p>Em 2018, <strong>Ca<\/strong><strong>bo Verde tornou-se o primeiro pa\u00eds africano a assinar a Coliga\u00e7\u00e3o de Direitos Iguais<\/strong> (<em>Equal Rights Coalition<\/em> \u2013 ERC, em ingl\u00eas), uma organiza\u00e7\u00e3o intergovernamental de 42 Estados Membros dedicada \u00e0 prote\u00e7\u00e3o dos direitos das pessoas LGBTI (l\u00e9sbicas, gays, bissexuais, transg\u00e9nero e intersexuais).<\/p>\n<p><\/p>\n<h3>Movimento LGBT+ em Cabo Verde<\/h3>\n<p>O pa\u00eds possui atualmente tr\u00eas organiza\u00e7\u00f5es oficiais LGBTI: a <a href=\"https:\/\/www.facebook.com\/agcv17\/\" rel=\"nofollow noopener\" target=\"_blank\">Associa\u00e7\u00e3o Gay Cabo-verdiana<\/a>, <a href=\"https:\/\/www.facebook.com\/profile.php?id=100068039619259\" rel=\"nofollow noopener\" target=\"_blank\">Associa\u00e7\u00e3o Arco-\u00cdris<\/a> e a <a href=\"https:\/\/www.facebook.com\/associacaolgbtidapraia\/\" rel=\"nofollow noopener\" target=\"_blank\">Associa\u00e7\u00e3o LGBTI da Praia<\/a>.<\/p>\n<p>Apesar dos ganhos at\u00e9 ent\u00e3o, casais LGBT+ enfrentam ainda alguns desafios legais n\u00e3o experimentados por heterossexuais, tal como o fato de a lei ainda n\u00e3o reconhecer uni\u00f5es ou casamentos entre pessoas do mesmo sexo.&nbsp; Pesquisas sociais com membros da comunidade apontam a exist\u00eancia ainda de alguma <a href=\"https:\/\/www.researchgate.net\/publication\/308634032_Hipocrisia_a_visao_dos_gays_cabo-verdianos_sobre_o_seu_proprio_sistema_de_genero\" rel=\"nofollow noopener\" target=\"_blank\">hipocrisia em rela\u00e7\u00e3o \u00e0 comunidade LGBTI+<\/a> na sociedade cabo-verdiana pois, apesar de a homossexualidade ser culturalmente aceite, espera-se que rela\u00e7\u00f5es ou demonstra\u00e7\u00f5es homoafetivas sejam discretas. Al\u00e9m disso, a sociedade cabo-verdiana \u00e9 ainda consideravelmente patriarcal, machista e heteronormativa.<\/p>\n<p><strong>&nbsp;<\/strong><\/p>\n<h3>Perguntas frequentes<\/h3>\n<p style=\"padding-left: 40px;\"><strong>1.<\/strong> \u00c9 seguro visitar Cabo Verde sendo l\u00e9sbica, gay, bissexual, transg\u00e9nero, queer ou intersexual?<\/p>\n<p>Dados do <a href=\"https:\/\/afrobarometer.org\/publications\/ad362-all-together-africans-tolerant-ethnic-religious-national-not-sexual-differences\" rel=\"nofollow noopener\" target=\"_blank\">Afrobar\u00f3metro<\/a> indicam que Cabo Verde \u00e9 o pa\u00eds mais tolerante \u00e0 comunidade LGTB+ no continente africano, com 80% dos cabo-verdianos inquiridos revelando que seriam recetivos ou n\u00e3o se incomodariam em ter um vizinho homossexual. Relatos de casais homossexuais no <a href=\"https:\/\/www.tripadvisor.co.uk\/ShowTopic-g482848-i10796-k8105268-Is_sal_cape_verde_gay_friendly-Santa_Maria_Ilha_do_Sal.html\" rel=\"nofollow noopener\" target=\"_blank\">tripadvisor<\/a> revelam n\u00e3o terem experimentado problemas por serem LGBT+ enquanto visitavam as ilhas.<\/p>\n<p style=\"padding-left: 40px;\"><strong>2.<\/strong> Existem estabelecimentos de lazer (bar, restaurante, discoteca, etc.) LGBT+ em Cabo Verde?<\/p>\n<p>At\u00e9 ent\u00e3o n\u00e3o conhecemos nenhum estabelecimento de lazer (bar, restaurante, discoteca, etc.) especificamente dirigido ao p\u00fablico LGBT+ em Cabo Verde.<\/p>\n<p style=\"padding-left: 40px;\"><strong>3.<\/strong> Quais ilhas s\u00e3o mais recetivas \u00e0 comunidade LGBT?<\/p>\n<p>Baseado em observa\u00e7\u00f5es pessoais, o n\u00edvel de recetividade aos LGBT+ em geral n\u00e3o parece variar muito entre a maioria das ilhas. Entretanto, as cidades do Mindelo (S\u00e3o Vicente), Santa Maria (Sal) e Praia (Santiago), por serem mais cosmopolitas, tendem a ser mais liberais em rela\u00e7\u00e3o aos LGBT+.<\/p>\n<p>De todas, <strong><a href=\"https:\/\/feelcaboverde.com\/it\/sao-vicente\/\">S\u00e3o Vicente<\/a> \u00e9 definitivamente a ilha mais LGBT-friendly de Cabo Verde<\/strong>, tendo sido j\u00e1 referida como um <a href=\"https:\/\/www.euronews.com\/culture\/2021\/04\/08\/how-a-small-cape-verde-island-became-an-lgtbi-oasis-in-africa\" rel=\"nofollow noopener\" target=\"_blank\">o\u00e1sis LGBT em \u00c1frica<\/a>! Em 2013, organizou-se nessa ilha a primeira parada do orgulho LGBT do pa\u00eds.<\/p>\n<p><strong>Curiosidade<\/strong>: Tchinda Andrade, natural de S\u00e3o Vicente, foi o primeiro homem homossexual a assumir-se gay publicamente em Cabo Verde, num jornal local em 1998. Isso constituiu um importante marco no percurso do reconhecimento da comunidade LGBT+ no pa\u00eds. \u201cTchindas\u201d foi e ainda \u00e9, embora em menor grau, a denomina\u00e7\u00e3o popular dada aos homossexuais na ilha de S\u00e3o Vicente. Uma <a href=\"https:\/\/www.tchindas.com\/pt-br\/\" rel=\"nofollow noopener\" target=\"_blank\">interessante longa metragem<\/a> hom\u00f3loga de 2015 narra um pouco da hist\u00f3ria e viv\u00eancias de pessoas LGBT+ em S\u00e3o Vicente.<\/p>\t\t\t\t\t\t<\/div>\n\t\t\t\t<\/div>\n\t\t\t\t\t<\/div>\n\t\t<\/div>\n\t\t\t\t\t\t\t<\/div>\n\t\t<\/section>\n\t\t\t\t\t\t\t<\/div>","protected":false},"excerpt":{"rendered":"<p>Cabo Verde vem se tornando cada vez mais LGBT-friendly, sendo um pioneiro em \u00c1frica em rela\u00e7\u00e3o ao reconhecimento dos direitos da comunidade LGBT+. Direitos LGBT+ em Cabo Verde A rela\u00e7\u00e3o afetiva entre pessoas do mesmo sexo, tanto homens como mulheres, \u00e9 legal no pa\u00eds desde 2004. Foi o segundo territ\u00f3rio africano a reconhecer esse direito [&hellip;]<\/p>","protected":false},"author":1,"featured_media":0,"parent":0,"menu_order":0,"comment_status":"closed","ping_status":"closed","template":"","meta":{"footnotes":""},"categories":[],"tags":[],"class_list":["post-1057","page","type-page","status-publish","hentry"],"_links":{"self":[{"href":"https:\/\/feelcaboverde.com\/it\/wp-json\/wp\/v2\/pages\/1057","targetHints":{"allow":["GET"]}}],"collection":[{"href":"https:\/\/feelcaboverde.com\/it\/wp-json\/wp\/v2\/pages"}],"about":[{"href":"https:\/\/feelcaboverde.com\/it\/wp-json\/wp\/v2\/types\/page"}],"author":[{"embeddable":true,"href":"https:\/\/feelcaboverde.com\/it\/wp-json\/wp\/v2\/users\/1"}],"replies":[{"embeddable":true,"href":"https:\/\/feelcaboverde.com\/it\/wp-json\/wp\/v2\/comments?post=1057"}],"version-history":[{"count":15,"href":"https:\/\/feelcaboverde.com\/it\/wp-json\/wp\/v2\/pages\/1057\/revisions"}],"predecessor-version":[{"id":4890,"href":"https:\/\/feelcaboverde.com\/it\/wp-json\/wp\/v2\/pages\/1057\/revisions\/4890"}],"wp:attachment":[{"href":"https:\/\/feelcaboverde.com\/it\/wp-json\/wp\/v2\/media?parent=1057"}],"wp:term":[{"taxonomy":"category","embeddable":true,"href":"https:\/\/feelcaboverde.com\/it\/wp-json\/wp\/v2\/categories?post=1057"},{"taxonomy":"post_tag","embeddable":true,"href":"https:\/\/feelcaboverde.com\/it\/wp-json\/wp\/v2\/tags?post=1057"}],"curies":[{"name":"wp","href":"https:\/\/api.w.org\/{rel}","templated":true}]}}

<div data-elementor-type="wp-page" data-elementor-id="1057" class="elementor elementor-1057">
									<section data-particle_enable="false" data-particle-mobile-disabled="false" class="elementor-section elementor-top-section elementor-element elementor-element-43b54aea elementor-section-boxed elementor-section-height-default elementor-section-height-default" data-id="43b54aea" data-element_type="section">
						<div class="elementor-container elementor-column-gap-default">
					<div class="elementor-column elementor-col-100 elementor-top-column elementor-element elementor-element-6e42e8a5" data-id="6e42e8a5" data-element_type="column">
			<div class="elementor-widget-wrap elementor-element-populated">
								<div class="elementor-element elementor-element-56626ddb elementor-widget elementor-widget-text-editor" data-id="56626ddb" data-element_type="widget" data-widget_type="text-editor.default">
				<div class="elementor-widget-container">
			<style>/*! elementor - v3.7.1 - 14-08-2022 */
.elementor-widget-text-editor.elementor-drop-cap-view-stacked .elementor-drop-cap{background-color:#818a91;color:#fff}.elementor-widget-text-editor.elementor-drop-cap-view-framed .elementor-drop-cap{color:#818a91;border:3px solid;background-color:transparent}.elementor-widget-text-editor:not(.elementor-drop-cap-view-default) .elementor-drop-cap{margin-top:8px}.elementor-widget-text-editor:not(.elementor-drop-cap-view-default) .elementor-drop-cap-letter{width:1em;height:1em}.elementor-widget-text-editor .elementor-drop-cap{float:left;text-align:center;line-height:1;font-size:50px}.elementor-widget-text-editor .elementor-drop-cap-letter{display:inline-block}</style>				<p>Cabo Verde vem se tornando cada vez mais LGBT-friendly, sendo um pioneiro em África em relação ao reconhecimento dos direitos da comunidade LGBT+.&nbsp;</p>
<p></p>
<h3>Direitos LGBT+ em Cabo Verde</h3>
<p>A relação afetiva entre pessoas do mesmo sexo, tanto homens como mulheres, é legal no país desde 2004. Foi o segundo território africano a reconhecer esse direito legalmente, precedido apenas pela África do Sul.</p>
<p>Em termos laborais, a discriminação no emprego com base na orientação sexual foi criminalizada desde 2008.</p>
<p>Em 2018, <strong>Ca</strong><strong>bo Verde tornou-se o primeiro país africano a assinar a Coligação de Direitos Iguais</strong> (<em>Equal Rights Coalition</em> – ERC, em inglês), uma organização intergovernamental de 42 Estados Membros dedicada à proteção dos direitos das pessoas LGBTI (lésbicas, gays, bissexuais, transgénero e intersexuais).</p>
<p></p>
<h3>Movimento LGBT+ em Cabo Verde</h3>
<p>O país possui atualmente três organizações oficiais LGBTI: a <a href="https://www.facebook.com/agcv17/" rel="nofollow noopener" target="_blank">Associação Gay Cabo-verdiana</a>, <a href="https://www.facebook.com/profile.php?id=100068039619259" rel="nofollow noopener" target="_blank">Associação Arco-Íris</a> e a <a href="https://www.facebook.com/associacaolgbtidapraia/" rel="nofollow noopener" target="_blank">Associação LGBTI da Praia</a>.</p>
<p>Apesar dos ganhos até então, casais LGBT+ enfrentam ainda alguns desafios legais não experimentados por heterossexuais, tal como o fato de a lei ainda não reconhecer uniões ou casamentos entre pessoas do mesmo sexo.&nbsp; Pesquisas sociais com membros da comunidade apontam a existência ainda de alguma <a href="https://www.researchgate.net/publication/308634032_Hipocrisia_a_visao_dos_gays_cabo-verdianos_sobre_o_seu_proprio_sistema_de_genero" rel="nofollow noopener" target="_blank">hipocrisia em relação à comunidade LGBTI+</a> na sociedade cabo-verdiana pois, apesar de a homossexualidade ser culturalmente aceite, espera-se que relações ou demonstrações homoafetivas sejam discretas. Além disso, a sociedade cabo-verdiana é ainda consideravelmente patriarcal, machista e heteronormativa.</p>
<p><strong>&nbsp;</strong></p>
<h3>Perguntas frequentes</h3>
<p style="padding-left: 40px;"><strong>1.</strong> É seguro visitar Cabo Verde sendo lésbica, gay, bissexual, transgénero, queer ou intersexual?</p>
<p>Dados do <a href="https://afrobarometer.org/publications/ad362-all-together-africans-tolerant-ethnic-religious-national-not-sexual-differences" rel="nofollow noopener" target="_blank">Afrobarómetro</a> indicam que Cabo Verde é o país mais tolerante à comunidade LGTB+ no continente africano, com 80% dos cabo-verdianos inquiridos revelando que seriam recetivos ou não se incomodariam em ter um vizinho homossexual. Relatos de casais homossexuais no <a href="https://www.tripadvisor.co.uk/ShowTopic-g482848-i10796-k8105268-Is_sal_cape_verde_gay_friendly-Santa_Maria_Ilha_do_Sal.html" rel="nofollow noopener" target="_blank">tripadvisor</a> revelam não terem experimentado problemas por serem LGBT+ enquanto visitavam as ilhas.</p>
<p style="padding-left: 40px;"><strong>2.</strong> Existem estabelecimentos de lazer (bar, restaurante, discoteca, etc.) LGBT+ em Cabo Verde?</p>
<p>Até então não conhecemos nenhum estabelecimento de lazer (bar, restaurante, discoteca, etc.) especificamente dirigido ao público LGBT+ em Cabo Verde.</p>
<p style="padding-left: 40px;"><strong>3.</strong> Quais ilhas são mais recetivas à comunidade LGBT?</p>
<p>Baseado em observações pessoais, o nível de recetividade aos LGBT+ em geral não parece variar muito entre a maioria das ilhas. Entretanto, as cidades do Mindelo (São Vicente), Santa Maria (Sal) e Praia (Santiago), por serem mais cosmopolitas, tendem a ser mais liberais em relação aos LGBT+.</p>
<p>De todas, <strong><a href="https://feelcaboverde.com/it/sao-vicente/">São Vicente</a> é definitivamente a ilha mais LGBT-friendly de Cabo Verde</strong>, tendo sido já referida como um <a href="https://www.euronews.com/culture/2021/04/08/how-a-small-cape-verde-island-became-an-lgtbi-oasis-in-africa" rel="nofollow noopener" target="_blank">oásis LGBT em África</a>! Em 2013, organizou-se nessa ilha a primeira parada do orgulho LGBT do país.</p>
<p><strong>Curiosidade</strong>: Tchinda Andrade, natural de São Vicente, foi o primeiro homem homossexual a assumir-se gay publicamente em Cabo Verde, num jornal local em 1998. Isso constituiu um importante marco no percurso do reconhecimento da comunidade LGBT+ no país. “Tchindas” foi e ainda é, embora em menor grau, a denominação popular dada aos homossexuais na ilha de São Vicente. Uma <a href="https://www.tchindas.com/pt-br/" rel="nofollow noopener" target="_blank">interessante longa metragem</a> homóloga de 2015 narra um pouco da história e vivências de pessoas LGBT+ em São Vicente.</p>						</div>
				</div>
					</div>
		</div>
							</div>
		</section>
							</div>

<p>Cabo Verde vem se tornando cada vez mais LGBT-friendly, sendo um pioneiro em África em relação ao reconhecimento dos direitos da comunidade LGBT+. Direitos LGBT+ em Cabo Verde A relação afetiva entre pessoas do mesmo sexo, tanto homens como mulheres, é legal no país desde 2004. Foi o segundo território africano a reconhecer esse direito [&hellip;]</p>
