{"id":973,"date":"2022-05-27T13:31:12","date_gmt":"2022-05-27T13:31:12","guid":{"rendered":"https:\/\/feelcaboverde.com\/?page_id=973"},"modified":"2023-04-01T23:46:20","modified_gmt":"2023-04-01T23:46:20","slug":"covid-19-cabo-verde","status":"publish","type":"page","link":"https:\/\/feelcaboverde.com\/fr\/covid-19-cap-vert\/","title":{"rendered":"COVID-19"},"content":{"rendered":"<div data-elementor-type=\"wp-page\" data-elementor-id=\"973\" class=\"elementor elementor-973\">\n\t\t\t\t\t\t\t\t\t<section data-particle_enable=\"false\" data-particle-mobile-disabled=\"false\" class=\"elementor-section elementor-top-section elementor-element elementor-element-43b54aea elementor-section-boxed elementor-section-height-default elementor-section-height-default\" data-id=\"43b54aea\" data-element_type=\"section\">\n\t\t\t\t\t\t<div class=\"elementor-container elementor-column-gap-default\">\n\t\t\t\t\t<div class=\"elementor-column elementor-col-100 elementor-top-column elementor-element elementor-element-6e42e8a5\" data-id=\"6e42e8a5\" data-element_type=\"column\">\n\t\t\t<div class=\"elementor-widget-wrap elementor-element-populated\">\n\t\t\t\t\t\t\t\t<div class=\"elementor-element elementor-element-56626ddb elementor-widget elementor-widget-text-editor\" data-id=\"56626ddb\" data-element_type=\"widget\" data-widget_type=\"text-editor.default\">\n\t\t\t\t<div class=\"elementor-widget-container\">\n\t\t\t<style>\/*! elementor - v3.7.1 - 14-08-2022 *\/\n.elementor-widget-text-editor.elementor-drop-cap-view-stacked .elementor-drop-cap{background-color:#818a91;color:#fff}.elementor-widget-text-editor.elementor-drop-cap-view-framed .elementor-drop-cap{color:#818a91;border:3px solid;background-color:transparent}.elementor-widget-text-editor:not(.elementor-drop-cap-view-default) .elementor-drop-cap{margin-top:8px}.elementor-widget-text-editor:not(.elementor-drop-cap-view-default) .elementor-drop-cap-letter{width:1em;height:1em}.elementor-widget-text-editor .elementor-drop-cap{float:left;text-align:center;line-height:1;font-size:50px}.elementor-widget-text-editor .elementor-drop-cap-letter{display:inline-block}<\/style>\t\t\t\t<h3>Covid-19 au Cap-Vert<\/h3>\n<p>Bien que le Cap-Vert ait \u00e9t\u00e9 s\u00e9v\u00e8rement touch\u00e9 par les diff\u00e9rentes vagues de COVID-19, le pays a bien g\u00e9r\u00e9 la pand\u00e9mie. Le Cap-Vert a consid\u00e9rablement d\u00e9velopp\u00e9 sa capacit\u00e9 de d\u00e9pistage et a investi massivement dans la vaccination de masse, en immunisant la grande majorit\u00e9 de la population \u00e9ligible. Le taux de l\u00e9talit\u00e9 de la maladie dans le pays (environ 0,9%) est l'un des plus faibles de la r\u00e9gion africaine.<\/p>\n<p>Dans cette <a href=\"https:\/\/www.publichealthinafrica.org\/jphia\/article\/view\/2127\" rel=\"nofollow noopener\" target=\"_blank\">article \u00e9valu\u00e9 par les pairs<\/a>Nous avons r\u00e9sum\u00e9 les principales mesures mises en \u0153uvre par le Cap-Vert au d\u00e9but de la pand\u00e9mie et qui ont permis de la contr\u00f4ler efficacement.&nbsp;<\/p>\n<h3>Conditions de voyage Covid-19, inter-\u00eeles et internationales pour le Cap-Vert<\/h3>\n<p>Actuellement (2023), <b>Le Cap-Vert n'exige pas de test Covid-19 ni de certificat de vaccination pour les voyages entre les \u00eeles ou pour les personnes arrivant dans le pays.<\/b> La mise \u00e0 jour se trouve dans le <a href=\"https:\/\/covid19.cv\/wp-content\/uploads\/2022\/09\/bo_14-09-2022_89.pdf\" rel=\"nofollow noopener\" target=\"_blank\">Bulletin officiel <\/a>du 14 septembre 2022, lire :<\/p>\n<p>1. Pour les voyages interinsulaires et internationaux \u00e0 destination du Cap-Vert, il n'est plus obligatoire pour les passagers et les membres d'\u00e9quipage voyageant par voie a\u00e9rienne ou maritime de pr\u00e9senter un certificat COVID en cours de validit\u00e9 ou un r\u00e9sultat n\u00e9gatif au test de d\u00e9pistage.<\/p>\n<p>2. Pour les voyages internationaux au d\u00e9part du Cap-Vert, l'exigence de certificats ou de tests COVID d\u00e9pend des directives des autorit\u00e9s sanitaires des pays de destination.<\/p>\n<p>Pour de plus amples informations sur la situation du COVID-19 au Cap-Vert et sur les conditions de voyage mises \u00e0 jour, voir la page <a href=\"https:\/\/covid19.cv\/\" rel=\"nofollow noopener\" target=\"_blank\">Site web de COVID-19<\/a> dans le pays, ou nous contacter.<\/p>\n<p><\/p>\t\t\t\t\t\t<\/div>\n\t\t\t\t<\/div>\n\t\t\t\t\t<\/div>\n\t\t<\/div>\n\t\t\t\t\t\t\t<\/div>\n\t\t<\/section>\n\t\t\t\t\t\t\t<\/div>","protected":false},"excerpt":{"rendered":"<p>Apesar de Cabo Verde ter sido severamente afetado por diferentes ondas de COVID-19, o pa\u00eds tem gerido bem a pandemia. Ampliou significativamente a capacidade de testagem e apostou fortemente na vacina\u00e7\u00e3o em massa, tendo imunizado a grande maioria da popula\u00e7\u00e3o eleg\u00edvel. A taxa de letalidade pela doen\u00e7a no pa\u00eds (aproximadamente 0,9%) \u00e9 das menores na [&hellip;]<\/p>","protected":false},"author":1,"featured_media":0,"parent":0,"menu_order":0,"comment_status":"closed","ping_status":"closed","template":"","meta":{"footnotes":""},"categories":[],"tags":[],"class_list":["post-973","page","type-page","status-publish","hentry"],"_links":{"self":[{"href":"https:\/\/feelcaboverde.com\/fr\/wp-json\/wp\/v2\/pages\/973","targetHints":{"allow":["GET"]}}],"collection":[{"href":"https:\/\/feelcaboverde.com\/fr\/wp-json\/wp\/v2\/pages"}],"about":[{"href":"https:\/\/feelcaboverde.com\/fr\/wp-json\/wp\/v2\/types\/page"}],"author":[{"embeddable":true,"href":"https:\/\/feelcaboverde.com\/fr\/wp-json\/wp\/v2\/users\/1"}],"replies":[{"embeddable":true,"href":"https:\/\/feelcaboverde.com\/fr\/wp-json\/wp\/v2\/comments?post=973"}],"version-history":[{"count":18,"href":"https:\/\/feelcaboverde.com\/fr\/wp-json\/wp\/v2\/pages\/973\/revisions"}],"predecessor-version":[{"id":4103,"href":"https:\/\/feelcaboverde.com\/fr\/wp-json\/wp\/v2\/pages\/973\/revisions\/4103"}],"wp:attachment":[{"href":"https:\/\/feelcaboverde.com\/fr\/wp-json\/wp\/v2\/media?parent=973"}],"wp:term":[{"taxonomy":"category","embeddable":true,"href":"https:\/\/feelcaboverde.com\/fr\/wp-json\/wp\/v2\/categories?post=973"},{"taxonomy":"post_tag","embeddable":true,"href":"https:\/\/feelcaboverde.com\/fr\/wp-json\/wp\/v2\/tags?post=973"}],"curies":[{"name":"wp","href":"https:\/\/api.w.org\/{rel}","templated":true}]}}

<div data-elementor-type="wp-page" data-elementor-id="973" class="elementor elementor-973">
									<section data-particle_enable="false" data-particle-mobile-disabled="false" class="elementor-section elementor-top-section elementor-element elementor-element-43b54aea elementor-section-boxed elementor-section-height-default elementor-section-height-default" data-id="43b54aea" data-element_type="section">
						<div class="elementor-container elementor-column-gap-default">
					<div class="elementor-column elementor-col-100 elementor-top-column elementor-element elementor-element-6e42e8a5" data-id="6e42e8a5" data-element_type="column">
			<div class="elementor-widget-wrap elementor-element-populated">
								<div class="elementor-element elementor-element-56626ddb elementor-widget elementor-widget-text-editor" data-id="56626ddb" data-element_type="widget" data-widget_type="text-editor.default">
				<div class="elementor-widget-container">
			<style>/*! elementor - v3.7.1 - 14-08-2022 */
.elementor-widget-text-editor.elementor-drop-cap-view-stacked .elementor-drop-cap{background-color:#818a91;color:#fff}.elementor-widget-text-editor.elementor-drop-cap-view-framed .elementor-drop-cap{color:#818a91;border:3px solid;background-color:transparent}.elementor-widget-text-editor:not(.elementor-drop-cap-view-default) .elementor-drop-cap{margin-top:8px}.elementor-widget-text-editor:not(.elementor-drop-cap-view-default) .elementor-drop-cap-letter{width:1em;height:1em}.elementor-widget-text-editor .elementor-drop-cap{float:left;text-align:center;line-height:1;font-size:50px}.elementor-widget-text-editor .elementor-drop-cap-letter{display:inline-block}</style>				<h3>Covid-19 au Cap-Vert</h3>
<p>Bien que le Cap-Vert ait été sévèrement touché par les différentes vagues de COVID-19, le pays a bien géré la pandémie. Le Cap-Vert a considérablement développé sa capacité de dépistage et a investi massivement dans la vaccination de masse, en immunisant la grande majorité de la population éligible. Le taux de létalité de la maladie dans le pays (environ 0,9%) est l'un des plus faibles de la région africaine.</p>
<p>Dans cette <a href="https://www.publichealthinafrica.org/jphia/article/view/2127" rel="nofollow noopener" target="_blank">article évalué par les pairs</a>Nous avons résumé les principales mesures mises en œuvre par le Cap-Vert au début de la pandémie et qui ont permis de la contrôler efficacement.&nbsp;</p>
<h3>Conditions de voyage Covid-19, inter-îles et internationales pour le Cap-Vert</h3>
<p>Actuellement (2023), <b>Le Cap-Vert n'exige pas de test Covid-19 ni de certificat de vaccination pour les voyages entre les îles ou pour les personnes arrivant dans le pays.</b> La mise à jour se trouve dans le <a href="https://covid19.cv/wp-content/uploads/2022/09/bo_14-09-2022_89.pdf" rel="nofollow noopener" target="_blank">Bulletin officiel </a>du 14 septembre 2022, lire :</p>
<p>1. Pour les voyages interinsulaires et internationaux à destination du Cap-Vert, il n'est plus obligatoire pour les passagers et les membres d'équipage voyageant par voie aérienne ou maritime de présenter un certificat COVID en cours de validité ou un résultat négatif au test de dépistage.</p>
<p>2. Pour les voyages internationaux au départ du Cap-Vert, l'exigence de certificats ou de tests COVID dépend des directives des autorités sanitaires des pays de destination.</p>
<p>Pour de plus amples informations sur la situation du COVID-19 au Cap-Vert et sur les conditions de voyage mises à jour, voir la page <a href="https://covid19.cv/" rel="nofollow noopener" target="_blank">Site web de COVID-19</a> dans le pays, ou nous contacter.</p>
<p></p>						</div>
				</div>
					</div>
		</div>
							</div>
		</section>
							</div>

<p>Apesar de Cabo Verde ter sido severamente afetado por diferentes ondas de COVID-19, o país tem gerido bem a pandemia. Ampliou significativamente a capacidade de testagem e apostou fortemente na vacinação em massa, tendo imunizado a grande maioria da população elegível. A taxa de letalidade pela doença no país (aproximadamente 0,9%) é das menores na [&hellip;]</p>
