{"id":3208,"date":"2022-11-30T11:18:41","date_gmt":"2022-11-30T11:18:41","guid":{"rendered":"https:\/\/feelcaboverde.com\/?page_id=3208"},"modified":"2023-04-02T20:22:06","modified_gmt":"2023-04-02T20:22:06","slug":"praia-de-santa-maria-ilha-do-sal","status":"publish","type":"page","link":"https:\/\/feelcaboverde.com\/fr\/plage-de-santa-maria-ile-du-sal\/","title":{"rendered":"Plage de Santa Maria - \u00cele de Sal"},"content":{"rendered":"<div data-elementor-type=\"wp-page\" data-elementor-id=\"3208\" class=\"elementor elementor-3208\">\n\t\t\t\t\t\t\t\t\t<section data-particle_enable=\"false\" data-particle-mobile-disabled=\"false\" class=\"elementor-section elementor-top-section elementor-element elementor-element-7d82efc1 elementor-section-boxed elementor-section-height-default elementor-section-height-default\" data-id=\"7d82efc1\" data-element_type=\"section\">\n\t\t\t\t\t\t<div class=\"elementor-container elementor-column-gap-default\">\n\t\t\t\t\t<div class=\"elementor-column elementor-col-100 elementor-top-column elementor-element elementor-element-6e6df1f9\" data-id=\"6e6df1f9\" data-element_type=\"column\">\n\t\t\t<div class=\"elementor-widget-wrap elementor-element-populated\">\n\t\t\t\t\t\t\t\t<div class=\"elementor-element elementor-element-7a23810c elementor-widget elementor-widget-text-editor\" data-id=\"7a23810c\" data-element_type=\"widget\" data-widget_type=\"text-editor.default\">\n\t\t\t\t<div class=\"elementor-widget-container\">\n\t\t\t<style>\/*! elementor - v3.7.1 - 14-08-2022 *\/\n.elementor-widget-text-editor.elementor-drop-cap-view-stacked .elementor-drop-cap{background-color:#818a91;color:#fff}.elementor-widget-text-editor.elementor-drop-cap-view-framed .elementor-drop-cap{color:#818a91;border:3px solid;background-color:transparent}.elementor-widget-text-editor:not(.elementor-drop-cap-view-default) .elementor-drop-cap{margin-top:8px}.elementor-widget-text-editor:not(.elementor-drop-cap-view-default) .elementor-drop-cap-letter{width:1em;height:1em}.elementor-widget-text-editor .elementor-drop-cap{float:left;text-align:center;line-height:1;font-size:50px}.elementor-widget-text-editor .elementor-drop-cap-letter{display:inline-block}<\/style>\t\t\t\t<h3>Plage de Santa Maria<\/h3>\n<p>Praia de Santa Maria est situ\u00e9e dans le sud de l'\u00eele de Sal et s'\u00e9tend sur environ 7 kilom\u00e8tres le long de la c\u00f4te \u00e0 partir de la ville de Santa Maria.<\/p>\n<p>La mer turquoise et \u00e9meraude invite \u00e0 la baignade. Le sable blanc, long et l\u00e9g\u00e8rement inclin\u00e9, est clapot\u00e9 par de douces vagues.<\/p>\n<p>La mer de cette plage est g\u00e9n\u00e9ralement calme et chaude, ce qui la rend id\u00e9ale pour les nageurs amateurs et exp\u00e9riment\u00e9s. Ces derniers appr\u00e9cieront l'eau cristalline de Santa Maria, qui leur permet de voir clairement la beaut\u00e9 des fonds marins.<\/p>\n<p>Cette plage abrite \u00e9galement le classique Pont\u00e3o de Santa Maria, o\u00f9 les rires des enfants qui sautent dans l'eau se m\u00ealent \u00e0 la fr\u00e9n\u00e9sie des bateaux de p\u00eache qui ram\u00e8nent le gibier frais du jour pour le vendre.<\/p>\n<figure id=\"attachment_2327\" aria-describedby=\"caption-attachment-2327\" style=\"width: 1200px\" class=\"wp-caption alignnone\"><img decoding=\"async\" class=\"wp-image-2327 size-full\" src=\"http:\/\/feelcaboverde.com\/wp-content\/uploads\/2022\/10\/Pontao-Santa-Maria-Ilha-do-Sal.png\" alt=\"Pont\u00e3o \u00e0 Santa Maria Beach, \u00eele de Sal au Cap-Vert\" width=\"1200\" height=\"900\" srcset=\"https:\/\/feelcaboverde.com\/wp-content\/uploads\/2022\/10\/Pontao-Santa-Maria-Ilha-do-Sal.png 1200w, https:\/\/feelcaboverde.com\/wp-content\/uploads\/2022\/10\/Pontao-Santa-Maria-Ilha-do-Sal-300x225.png 300w, https:\/\/feelcaboverde.com\/wp-content\/uploads\/2022\/10\/Pontao-Santa-Maria-Ilha-do-Sal-1024x768.png 1024w, https:\/\/feelcaboverde.com\/wp-content\/uploads\/2022\/10\/Pontao-Santa-Maria-Ilha-do-Sal-768x576.png 768w\" sizes=\"(max-width: 1200px) 100vw, 1200px\" \/><figcaption id=\"caption-attachment-2327\" class=\"wp-caption-text\">Ponnt\u00e3o de Santa Maria, \u00eele de Sal - Cap-Vert<\/figcaption><\/figure>\n<p>La beaut\u00e9 de Praia de Santa Maria est largement connue, ce qui en fait l'une des plages les plus visit\u00e9es du pays. C'est pourquoi les visiteurs y trouveront une infrastructure bien \u00e9tablie d'h\u00f4tels, de restaurants et d'activit\u00e9s de loisirs, o\u00f9 chacun trouvera son compte.<\/p>\n<p>Lors de votre visite \u00e0 Santa Maria, laissez votre corps se reposer sur le sable chaud de la plage et \u00e9vacuez le stress en nageant longuement dans la mer bleu turquoise. Profitez-en pour appr\u00e9cier les magnifiques couchers de soleil depuis la plage tout en d\u00e9gustant un plat de fruits de mer frais.<\/p>\n<p>Praia de Santa Maria a \u00e9t\u00e9 \u00e9lue l'une des 7 merveilles du Cap-Vert dans la cat\u00e9gorie \"Plages c\u00f4ti\u00e8res de sable blanc ou noir\".<\/p>\t\t\t\t\t\t<\/div>\n\t\t\t\t<\/div>\n\t\t\t\t\t<\/div>\n\t\t<\/div>\n\t\t\t\t\t\t\t<\/div>\n\t\t<\/section>\n\t\t\t\t\t\t\t<\/div>","protected":false},"excerpt":{"rendered":"<p>Praia de Santa Maria La Praia de Santa Maria est situ\u00e9e au sud de l'\u00eele de Sal et s'\u00e9tend sur environ 7 kilom\u00e8tres le long de la c\u00f4te de la ville de Santa Maria. Sa mer turquoise et \u00e9meraude invite \u00e0 la baignade. Le sable blanc, long et l\u00e9g\u00e8rement inclin\u00e9, est clapot\u00e9 par de douces vagues. La mer [...]<\/p>","protected":false},"author":1,"featured_media":0,"parent":0,"menu_order":0,"comment_status":"closed","ping_status":"closed","template":"","meta":{"footnotes":""},"categories":[21],"tags":[],"class_list":["post-3208","page","type-page","status-publish","hentry","category-7-maravilhas"],"_links":{"self":[{"href":"https:\/\/feelcaboverde.com\/fr\/wp-json\/wp\/v2\/pages\/3208","targetHints":{"allow":["GET"]}}],"collection":[{"href":"https:\/\/feelcaboverde.com\/fr\/wp-json\/wp\/v2\/pages"}],"about":[{"href":"https:\/\/feelcaboverde.com\/fr\/wp-json\/wp\/v2\/types\/page"}],"author":[{"embeddable":true,"href":"https:\/\/feelcaboverde.com\/fr\/wp-json\/wp\/v2\/users\/1"}],"replies":[{"embeddable":true,"href":"https:\/\/feelcaboverde.com\/fr\/wp-json\/wp\/v2\/comments?post=3208"}],"version-history":[{"count":15,"href":"https:\/\/feelcaboverde.com\/fr\/wp-json\/wp\/v2\/pages\/3208\/revisions"}],"predecessor-version":[{"id":4483,"href":"https:\/\/feelcaboverde.com\/fr\/wp-json\/wp\/v2\/pages\/3208\/revisions\/4483"}],"wp:attachment":[{"href":"https:\/\/feelcaboverde.com\/fr\/wp-json\/wp\/v2\/media?parent=3208"}],"wp:term":[{"taxonomy":"category","embeddable":true,"href":"https:\/\/feelcaboverde.com\/fr\/wp-json\/wp\/v2\/categories?post=3208"},{"taxonomy":"post_tag","embeddable":true,"href":"https:\/\/feelcaboverde.com\/fr\/wp-json\/wp\/v2\/tags?post=3208"}],"curies":[{"name":"wp","href":"https:\/\/api.w.org\/{rel}","templated":true}]}}

Plage de Santa Maria - Île de Sal

<div data-elementor-type="wp-page" data-elementor-id="3208" class="elementor elementor-3208">
									<section data-particle_enable="false" data-particle-mobile-disabled="false" class="elementor-section elementor-top-section elementor-element elementor-element-7d82efc1 elementor-section-boxed elementor-section-height-default elementor-section-height-default" data-id="7d82efc1" data-element_type="section">
						<div class="elementor-container elementor-column-gap-default">
					<div class="elementor-column elementor-col-100 elementor-top-column elementor-element elementor-element-6e6df1f9" data-id="6e6df1f9" data-element_type="column">
			<div class="elementor-widget-wrap elementor-element-populated">
								<div class="elementor-element elementor-element-7a23810c elementor-widget elementor-widget-text-editor" data-id="7a23810c" data-element_type="widget" data-widget_type="text-editor.default">
				<div class="elementor-widget-container">
			<style>/*! elementor - v3.7.1 - 14-08-2022 */
.elementor-widget-text-editor.elementor-drop-cap-view-stacked .elementor-drop-cap{background-color:#818a91;color:#fff}.elementor-widget-text-editor.elementor-drop-cap-view-framed .elementor-drop-cap{color:#818a91;border:3px solid;background-color:transparent}.elementor-widget-text-editor:not(.elementor-drop-cap-view-default) .elementor-drop-cap{margin-top:8px}.elementor-widget-text-editor:not(.elementor-drop-cap-view-default) .elementor-drop-cap-letter{width:1em;height:1em}.elementor-widget-text-editor .elementor-drop-cap{float:left;text-align:center;line-height:1;font-size:50px}.elementor-widget-text-editor .elementor-drop-cap-letter{display:inline-block}</style>				<h3>Plage de Santa Maria</h3>
<p>Praia de Santa Maria est située dans le sud de l'île de Sal et s'étend sur environ 7 kilomètres le long de la côte à partir de la ville de Santa Maria.</p>
<p>La mer turquoise et émeraude invite à la baignade. Le sable blanc, long et légèrement incliné, est clapoté par de douces vagues.</p>
<p>La mer de cette plage est généralement calme et chaude, ce qui la rend idéale pour les nageurs amateurs et expérimentés. Ces derniers apprécieront l'eau cristalline de Santa Maria, qui leur permet de voir clairement la beauté des fonds marins.</p>
<p>Cette plage abrite également le classique Pontão de Santa Maria, où les rires des enfants qui sautent dans l'eau se mêlent à la frénésie des bateaux de pêche qui ramènent le gibier frais du jour pour le vendre.</p>
<figure id="attachment_2327" aria-describedby="caption-attachment-2327" style="width: 1200px" class="wp-caption alignnone"><img decoding="async" class="wp-image-2327 size-full" src="http://feelcaboverde.com/wp-content/uploads/2022/10/Pontao-Santa-Maria-Ilha-do-Sal.png" alt="Pontão à Santa Maria Beach, île de Sal au Cap-Vert" width="1200" height="900" srcset="https://feelcaboverde.com/wp-content/uploads/2022/10/Pontao-Santa-Maria-Ilha-do-Sal.png 1200w, https://feelcaboverde.com/wp-content/uploads/2022/10/Pontao-Santa-Maria-Ilha-do-Sal-300x225.png 300w, https://feelcaboverde.com/wp-content/uploads/2022/10/Pontao-Santa-Maria-Ilha-do-Sal-1024x768.png 1024w, https://feelcaboverde.com/wp-content/uploads/2022/10/Pontao-Santa-Maria-Ilha-do-Sal-768x576.png 768w" sizes="(max-width: 1200px) 100vw, 1200px" /><figcaption id="caption-attachment-2327" class="wp-caption-text">Ponntão de Santa Maria, île de Sal - Cap-Vert</figcaption></figure>
<p>La beauté de Praia de Santa Maria est largement connue, ce qui en fait l'une des plages les plus visitées du pays. C'est pourquoi les visiteurs y trouveront une infrastructure bien établie d'hôtels, de restaurants et d'activités de loisirs, où chacun trouvera son compte.</p>
<p>Lors de votre visite à Santa Maria, laissez votre corps se reposer sur le sable chaud de la plage et évacuez le stress en nageant longuement dans la mer bleu turquoise. Profitez-en pour apprécier les magnifiques couchers de soleil depuis la plage tout en dégustant un plat de fruits de mer frais.</p>
<p>Praia de Santa Maria a été élue l'une des 7 merveilles du Cap-Vert dans la catégorie "Plages côtières de sable blanc ou noir".</p>						</div>
				</div>
					</div>
		</div>
							</div>
		</section>
							</div>

<p>Praia de Santa Maria La Praia de Santa Maria est située au sud de l'île de Sal et s'étend sur environ 7 kilomètres le long de la côte de la ville de Santa Maria. Sa mer turquoise et émeraude invite à la baignade. Le sable blanc, long et légèrement incliné, est clapoté par de douces vagues. La mer [...]</p>
