{"id":3163,"date":"2022-11-30T10:18:34","date_gmt":"2022-11-30T10:18:34","guid":{"rendered":"https:\/\/feelcaboverde.com\/?page_id=3163"},"modified":"2023-04-02T19:54:59","modified_gmt":"2023-04-02T19:54:59","slug":"monte-cara-ilha-de-sao-vicente","status":"publish","type":"page","link":"https:\/\/feelcaboverde.com\/fr\/monte-cara-ile-de-sao-vicente\/","title":{"rendered":"Monte Cara - \u00cele de S\u00e3o Vicente"},"content":{"rendered":"<div data-elementor-type=\"wp-page\" data-elementor-id=\"3163\" class=\"elementor elementor-3163\">\n\t\t\t\t\t\t\t\t\t<section data-particle_enable=\"false\" data-particle-mobile-disabled=\"false\" class=\"elementor-section elementor-top-section elementor-element elementor-element-7d82efc1 elementor-section-boxed elementor-section-height-default elementor-section-height-default\" data-id=\"7d82efc1\" data-element_type=\"section\">\n\t\t\t\t\t\t<div class=\"elementor-container elementor-column-gap-default\">\n\t\t\t\t\t<div class=\"elementor-column elementor-col-100 elementor-top-column elementor-element elementor-element-6e6df1f9\" data-id=\"6e6df1f9\" data-element_type=\"column\">\n\t\t\t<div class=\"elementor-widget-wrap elementor-element-populated\">\n\t\t\t\t\t\t\t\t<div class=\"elementor-element elementor-element-7a23810c elementor-widget elementor-widget-text-editor\" data-id=\"7a23810c\" data-element_type=\"widget\" data-widget_type=\"text-editor.default\">\n\t\t\t\t<div class=\"elementor-widget-container\">\n\t\t\t<style>\/*! elementor - v3.7.1 - 14-08-2022 *\/\n.elementor-widget-text-editor.elementor-drop-cap-view-stacked .elementor-drop-cap{background-color:#818a91;color:#fff}.elementor-widget-text-editor.elementor-drop-cap-view-framed .elementor-drop-cap{color:#818a91;border:3px solid;background-color:transparent}.elementor-widget-text-editor:not(.elementor-drop-cap-view-default) .elementor-drop-cap{margin-top:8px}.elementor-widget-text-editor:not(.elementor-drop-cap-view-default) .elementor-drop-cap-letter{width:1em;height:1em}.elementor-widget-text-editor .elementor-drop-cap{float:left;text-align:center;line-height:1;font-size:50px}.elementor-widget-text-editor .elementor-drop-cap-letter{display:inline-block}<\/style>\t\t\t\t<p>Le Monte Cara est une formation rocheuse de 490 m\u00e8tres de haut situ\u00e9e \u00e0 l'ouest de la baie historique de Porto Grande, en face de la capitale Mindelo.<\/p><p>Carte postale de l'\u00eele de S\u00e3o Vicente, le Monte Cara doit son nom \u00e0 la forme d'un visage humain levant les yeux vers le ciel. Gardien de la ville de Mindelo, cette merveille de la nature offre l'un des plus splendides couchers de soleil du pays.<\/p><p><img decoding=\"async\" class=\"alignnone size-full wp-image-3164\" src=\"http:\/\/feelcaboverde.com\/wp-content\/uploads\/2022\/11\/01-1.png\" alt=\"\" width=\"1374\" height=\"559\" srcset=\"https:\/\/feelcaboverde.com\/wp-content\/uploads\/2022\/11\/01-1.png 1374w, https:\/\/feelcaboverde.com\/wp-content\/uploads\/2022\/11\/01-1-300x122.png 300w, https:\/\/feelcaboverde.com\/wp-content\/uploads\/2022\/11\/01-1-1024x417.png 1024w, https:\/\/feelcaboverde.com\/wp-content\/uploads\/2022\/11\/01-1-768x312.png 768w\" sizes=\"(max-width: 1374px) 100vw, 1374px\" \/><\/p><p>Le Monte Cara occupe une place captive dans le c\u0153ur des habitants de Mindelo, inspirant po\u00e8tes et artistes. L'\u00e9ternelle Ces\u00e1ria \u00c9vora a d\u00e9j\u00e0 chant\u00e9 ses louanges :<\/p><p style=\"text-align: center;\"><strong>\"M. Vincent<\/strong><\/p><p style=\"text-align: center;\"><strong>Se b\u00f4 tem um pilom pa cutchi midje<\/strong><\/p><p style=\"text-align: center;\"><strong>B\u00f4 has Monte Cara para namor\u00e1<\/strong><\/p><p style=\"text-align: center;\"><strong>Porto Grande est un endroit merveilleux\" *.<\/strong><\/p><p>*Estrofe de la chanson Monte Cara ; compos\u00e9e par Toy Vieira, interpr\u00e9t\u00e9e par Ces\u00e1ria \u00c9vora<\/p><p>Le Monte Cara a \u00e9t\u00e9 \u00e9lu l'une des 7 merveilles du Cap-Vert dans la cat\u00e9gorie \"Montagnes, cha\u00eenes de montagnes et falaises, qui comprend les montagnes, les alignements de montagnes et les massifs montagneux \u00e0 l'int\u00e9rieur du territoire ou sur sa c\u00f4te\".<\/p>\t\t\t\t\t\t<\/div>\n\t\t\t\t<\/div>\n\t\t\t\t\t<\/div>\n\t\t<\/div>\n\t\t\t\t\t\t\t<\/div>\n\t\t<\/section>\n\t\t\t\t\t\t\t<\/div>","protected":false},"excerpt":{"rendered":"<p>Le Monte Cara est une formation rocheuse de 490 m\u00e8tres de haut situ\u00e9e \u00e0 l'ouest de la baie historique de Porto Grande, en face de la capitale Mindelo. Carte postale de l'\u00eele de S\u00e3o Vicente, le Monte Cara doit son nom \u00e0 la forme d'un visage humain tourn\u00e9 vers le ciel. Gardien de la ville de Mindelo, cette merveille [...]<\/p>","protected":false},"author":1,"featured_media":0,"parent":0,"menu_order":0,"comment_status":"closed","ping_status":"closed","template":"","meta":{"footnotes":""},"categories":[21],"tags":[],"class_list":["post-3163","page","type-page","status-publish","hentry","category-7-maravilhas"],"_links":{"self":[{"href":"https:\/\/feelcaboverde.com\/fr\/wp-json\/wp\/v2\/pages\/3163","targetHints":{"allow":["GET"]}}],"collection":[{"href":"https:\/\/feelcaboverde.com\/fr\/wp-json\/wp\/v2\/pages"}],"about":[{"href":"https:\/\/feelcaboverde.com\/fr\/wp-json\/wp\/v2\/types\/page"}],"author":[{"embeddable":true,"href":"https:\/\/feelcaboverde.com\/fr\/wp-json\/wp\/v2\/users\/1"}],"replies":[{"embeddable":true,"href":"https:\/\/feelcaboverde.com\/fr\/wp-json\/wp\/v2\/comments?post=3163"}],"version-history":[{"count":7,"href":"https:\/\/feelcaboverde.com\/fr\/wp-json\/wp\/v2\/pages\/3163\/revisions"}],"predecessor-version":[{"id":4448,"href":"https:\/\/feelcaboverde.com\/fr\/wp-json\/wp\/v2\/pages\/3163\/revisions\/4448"}],"wp:attachment":[{"href":"https:\/\/feelcaboverde.com\/fr\/wp-json\/wp\/v2\/media?parent=3163"}],"wp:term":[{"taxonomy":"category","embeddable":true,"href":"https:\/\/feelcaboverde.com\/fr\/wp-json\/wp\/v2\/categories?post=3163"},{"taxonomy":"post_tag","embeddable":true,"href":"https:\/\/feelcaboverde.com\/fr\/wp-json\/wp\/v2\/tags?post=3163"}],"curies":[{"name":"wp","href":"https:\/\/api.w.org\/{rel}","templated":true}]}}

Monte Cara - Île de São Vicente

<div data-elementor-type="wp-page" data-elementor-id="3163" class="elementor elementor-3163">
									<section data-particle_enable="false" data-particle-mobile-disabled="false" class="elementor-section elementor-top-section elementor-element elementor-element-7d82efc1 elementor-section-boxed elementor-section-height-default elementor-section-height-default" data-id="7d82efc1" data-element_type="section">
						<div class="elementor-container elementor-column-gap-default">
					<div class="elementor-column elementor-col-100 elementor-top-column elementor-element elementor-element-6e6df1f9" data-id="6e6df1f9" data-element_type="column">
			<div class="elementor-widget-wrap elementor-element-populated">
								<div class="elementor-element elementor-element-7a23810c elementor-widget elementor-widget-text-editor" data-id="7a23810c" data-element_type="widget" data-widget_type="text-editor.default">
				<div class="elementor-widget-container">
			<style>/*! elementor - v3.7.1 - 14-08-2022 */
.elementor-widget-text-editor.elementor-drop-cap-view-stacked .elementor-drop-cap{background-color:#818a91;color:#fff}.elementor-widget-text-editor.elementor-drop-cap-view-framed .elementor-drop-cap{color:#818a91;border:3px solid;background-color:transparent}.elementor-widget-text-editor:not(.elementor-drop-cap-view-default) .elementor-drop-cap{margin-top:8px}.elementor-widget-text-editor:not(.elementor-drop-cap-view-default) .elementor-drop-cap-letter{width:1em;height:1em}.elementor-widget-text-editor .elementor-drop-cap{float:left;text-align:center;line-height:1;font-size:50px}.elementor-widget-text-editor .elementor-drop-cap-letter{display:inline-block}</style>				<p>Le Monte Cara est une formation rocheuse de 490 mètres de haut située à l'ouest de la baie historique de Porto Grande, en face de la capitale Mindelo.</p><p>Carte postale de l'île de São Vicente, le Monte Cara doit son nom à la forme d'un visage humain levant les yeux vers le ciel. Gardien de la ville de Mindelo, cette merveille de la nature offre l'un des plus splendides couchers de soleil du pays.</p><p><img decoding="async" class="alignnone size-full wp-image-3164" src="http://feelcaboverde.com/wp-content/uploads/2022/11/01-1.png" alt="" width="1374" height="559" srcset="https://feelcaboverde.com/wp-content/uploads/2022/11/01-1.png 1374w, https://feelcaboverde.com/wp-content/uploads/2022/11/01-1-300x122.png 300w, https://feelcaboverde.com/wp-content/uploads/2022/11/01-1-1024x417.png 1024w, https://feelcaboverde.com/wp-content/uploads/2022/11/01-1-768x312.png 768w" sizes="(max-width: 1374px) 100vw, 1374px" /></p><p>Le Monte Cara occupe une place captive dans le cœur des habitants de Mindelo, inspirant poètes et artistes. L'éternelle Cesária Évora a déjà chanté ses louanges :</p><p style="text-align: center;"><strong>"M. Vincent</strong></p><p style="text-align: center;"><strong>Se bô tem um pilom pa cutchi midje</strong></p><p style="text-align: center;"><strong>Bô has Monte Cara para namorá</strong></p><p style="text-align: center;"><strong>Porto Grande est un endroit merveilleux" *.</strong></p><p>*Estrofe de la chanson Monte Cara ; composée par Toy Vieira, interprétée par Cesária Évora</p><p>Le Monte Cara a été élu l'une des 7 merveilles du Cap-Vert dans la catégorie "Montagnes, chaînes de montagnes et falaises, qui comprend les montagnes, les alignements de montagnes et les massifs montagneux à l'intérieur du territoire ou sur sa côte".</p>						</div>
				</div>
					</div>
		</div>
							</div>
		</section>
							</div>

<p>Le Monte Cara est une formation rocheuse de 490 mètres de haut située à l'ouest de la baie historique de Porto Grande, en face de la capitale Mindelo. Carte postale de l'île de São Vicente, le Monte Cara doit son nom à la forme d'un visage humain tourné vers le ciel. Gardien de la ville de Mindelo, cette merveille [...]</p>
