{"id":3131,"date":"2022-11-30T09:33:40","date_gmt":"2022-11-30T09:33:40","guid":{"rendered":"https:\/\/feelcaboverde.com\/?page_id=3131"},"modified":"2023-03-16T23:41:31","modified_gmt":"2023-03-16T23:41:31","slug":"carbeirinho-ilha-de-sao-nicolau","status":"publish","type":"page","link":"https:\/\/feelcaboverde.com\/fr\/carbeirinho-ile-de-sao-nicolau\/","title":{"rendered":"Carbeirinho - \u00cele de S\u00e3o Nicolau"},"content":{"rendered":"<div data-elementor-type=\"wp-page\" data-elementor-id=\"3131\" class=\"elementor elementor-3131\">\n\t\t\t\t\t\t\t\t\t<section data-particle_enable=\"false\" data-particle-mobile-disabled=\"false\" class=\"elementor-section elementor-top-section elementor-element elementor-element-7d82efc1 elementor-section-boxed elementor-section-height-default elementor-section-height-default\" data-id=\"7d82efc1\" data-element_type=\"section\">\n\t\t\t\t\t\t<div class=\"elementor-container elementor-column-gap-default\">\n\t\t\t\t\t<div class=\"elementor-column elementor-col-100 elementor-top-column elementor-element elementor-element-6e6df1f9\" data-id=\"6e6df1f9\" data-element_type=\"column\">\n\t\t\t<div class=\"elementor-widget-wrap elementor-element-populated\">\n\t\t\t\t\t\t\t\t<div class=\"elementor-element elementor-element-7a23810c elementor-widget elementor-widget-text-editor\" data-id=\"7a23810c\" data-element_type=\"widget\" data-widget_type=\"text-editor.default\">\n\t\t\t\t<div class=\"elementor-widget-container\">\n\t\t\t<style>\/*! elementor - v3.7.1 - 14-08-2022 *\/\n.elementor-widget-text-editor.elementor-drop-cap-view-stacked .elementor-drop-cap{background-color:#818a91;color:#fff}.elementor-widget-text-editor.elementor-drop-cap-view-framed .elementor-drop-cap{color:#818a91;border:3px solid;background-color:transparent}.elementor-widget-text-editor:not(.elementor-drop-cap-view-default) .elementor-drop-cap{margin-top:8px}.elementor-widget-text-editor:not(.elementor-drop-cap-view-default) .elementor-drop-cap-letter{width:1em;height:1em}.elementor-widget-text-editor .elementor-drop-cap{float:left;text-align:center;line-height:1;font-size:50px}.elementor-widget-text-editor .elementor-drop-cap-letter{display:inline-block}<\/style>\t\t\t\t<p><span style=\"font-weight: 400;\">La petite t\u00eate est <\/span><span style=\"font-weight: 400;\">une formation g\u00e9ologique form\u00e9e par<\/span><span style=\"font-weight: 400;\"> calcar\u00e9nites et mat\u00e9riaux pyroclastiques, caract\u00e9ris\u00e9s par <\/span><span style=\"font-weight: 400;\">un ensemble spectaculaire de falaises capricieusement sculpt\u00e9es par l'action \u00e9rosive de la mer et du vent.<\/span><span style=\"font-weight: 400;\"> Il est situ\u00e9 dans la municipalit\u00e9 de Tarrafal, S\u00e3o Nicolau.<\/span><\/p>\n<p><img decoding=\"async\" class=\"alignnone size-full wp-image-2323\" src=\"http:\/\/feelcaboverde.com\/wp-content\/uploads\/2022\/10\/Carbeirinho-Ilha-de-Sao-Nicolau-scaled.jpg\" alt=\"\" width=\"2560\" height=\"1920\" srcset=\"https:\/\/feelcaboverde.com\/wp-content\/uploads\/2022\/10\/Carbeirinho-Ilha-de-Sao-Nicolau-scaled.jpg 2560w, https:\/\/feelcaboverde.com\/wp-content\/uploads\/2022\/10\/Carbeirinho-Ilha-de-Sao-Nicolau-300x225.jpg 300w, https:\/\/feelcaboverde.com\/wp-content\/uploads\/2022\/10\/Carbeirinho-Ilha-de-Sao-Nicolau-1024x768.jpg 1024w, https:\/\/feelcaboverde.com\/wp-content\/uploads\/2022\/10\/Carbeirinho-Ilha-de-Sao-Nicolau-768x576.jpg 768w, https:\/\/feelcaboverde.com\/wp-content\/uploads\/2022\/10\/Carbeirinho-Ilha-de-Sao-Nicolau-1536x1152.jpg 1536w, https:\/\/feelcaboverde.com\/wp-content\/uploads\/2022\/10\/Carbeirinho-Ilha-de-Sao-Nicolau-2048x1536.jpg 2048w\" sizes=\"(max-width: 2560px) 100vw, 2560px\" \/><\/p>\n<p><span style=\"font-weight: 400;\">Les rochers et les grottes qui composent Carbeirinho pr\u00e9sentent une palette de couleurs distinctes, dispos\u00e9es de mani\u00e8re si particuli\u00e8re qu'elles semblent avoir \u00e9t\u00e9 sculpt\u00e9es \u00e0 la main.<\/span><\/p>\n<p><span style=\"font-weight: 400;\">La beaut\u00e9 spectaculaire de Carbeirinho n'est pas seulement due aux falaises. La rencontre avec la mer a \u00e9galement donn\u00e9 naissance \u00e0 une petite piscine naturelle, capable d'offrir des bains r\u00e9parateurs au milieu d'une nature intacte.<\/span><\/p>\n<p><span style=\"font-weight: 400;\">Au pied des falaises se trouve une petite plage o\u00f9 les tortues caretta pondent leurs \u0153ufs, ainsi qu'une grotte accessible \u00e0 mar\u00e9e basse.<\/span><\/p>\n<p><img decoding=\"async\" class=\"alignnone size-full wp-image-3134\" src=\"http:\/\/feelcaboverde.com\/wp-content\/uploads\/2022\/11\/carberinho.jpg\" alt=\"\" width=\"2048\" height=\"1536\" srcset=\"https:\/\/feelcaboverde.com\/wp-content\/uploads\/2022\/11\/carberinho.jpg 2048w, https:\/\/feelcaboverde.com\/wp-content\/uploads\/2022\/11\/carberinho-300x225.jpg 300w, https:\/\/feelcaboverde.com\/wp-content\/uploads\/2022\/11\/carberinho-1024x768.jpg 1024w, https:\/\/feelcaboverde.com\/wp-content\/uploads\/2022\/11\/carberinho-768x576.jpg 768w, https:\/\/feelcaboverde.com\/wp-content\/uploads\/2022\/11\/carberinho-1536x1152.jpg 1536w\" sizes=\"(max-width: 2048px) 100vw, 2048px\" \/><\/p>\n<p><span style=\"font-weight: 400;\">Toute personne visitant S\u00e3o Nicolau ne peut manquer de voir et de contempler cette merveille de la nature.&nbsp;<\/span><\/p>\n<p><span style=\"font-weight: 400;\">Carbeirinho a \u00e9t\u00e9 \u00e9lu <\/span><span style=\"font-weight: 400;\">l'une des 7 merveilles du Cap-Vert dans la cat\u00e9gorie \"\u00celots, rochers, pi\u00e9destaux, falaises et grottes monumentales \u00e0 l'int\u00e9rieur du territoire ou entour\u00e9s d'eau\".<\/span><\/p>\t\t\t\t\t\t<\/div>\n\t\t\t\t<\/div>\n\t\t\t\t\t<\/div>\n\t\t<\/div>\n\t\t\t\t\t\t\t<\/div>\n\t\t<\/section>\n\t\t\t\t\t\t\t<\/div>","protected":false},"excerpt":{"rendered":"<p>Cabeirinho est une formation g\u00e9ologique form\u00e9e de calcar\u00e9nites et de mat\u00e9riaux pyroclastiques, caract\u00e9ris\u00e9e par un ensemble spectaculaire de falaises capricieusement sculpt\u00e9es par l'action \u00e9rosive de la mer et du vent. Il est situ\u00e9 dans la municipalit\u00e9 de Tarrafal, \u00e0 S\u00e3o Nicolau. Les rochers et les grottes qui composent le Carbeirinho pr\u00e9sentent une palette de couleurs distinctes, dispos\u00e9es de mani\u00e8re si particuli\u00e8re qu'elles semblent [...]<\/p>","protected":false},"author":1,"featured_media":0,"parent":0,"menu_order":0,"comment_status":"closed","ping_status":"closed","template":"","meta":{"footnotes":""},"categories":[21],"tags":[],"class_list":["post-3131","page","type-page","status-publish","hentry","category-7-maravilhas"],"_links":{"self":[{"href":"https:\/\/feelcaboverde.com\/fr\/wp-json\/wp\/v2\/pages\/3131","targetHints":{"allow":["GET"]}}],"collection":[{"href":"https:\/\/feelcaboverde.com\/fr\/wp-json\/wp\/v2\/pages"}],"about":[{"href":"https:\/\/feelcaboverde.com\/fr\/wp-json\/wp\/v2\/types\/page"}],"author":[{"embeddable":true,"href":"https:\/\/feelcaboverde.com\/fr\/wp-json\/wp\/v2\/users\/1"}],"replies":[{"embeddable":true,"href":"https:\/\/feelcaboverde.com\/fr\/wp-json\/wp\/v2\/comments?post=3131"}],"version-history":[{"count":13,"href":"https:\/\/feelcaboverde.com\/fr\/wp-json\/wp\/v2\/pages\/3131\/revisions"}],"predecessor-version":[{"id":4064,"href":"https:\/\/feelcaboverde.com\/fr\/wp-json\/wp\/v2\/pages\/3131\/revisions\/4064"}],"wp:attachment":[{"href":"https:\/\/feelcaboverde.com\/fr\/wp-json\/wp\/v2\/media?parent=3131"}],"wp:term":[{"taxonomy":"category","embeddable":true,"href":"https:\/\/feelcaboverde.com\/fr\/wp-json\/wp\/v2\/categories?post=3131"},{"taxonomy":"post_tag","embeddable":true,"href":"https:\/\/feelcaboverde.com\/fr\/wp-json\/wp\/v2\/tags?post=3131"}],"curies":[{"name":"wp","href":"https:\/\/api.w.org\/{rel}","templated":true}]}}

Carbeirinho - Île de São Nicolau

<div data-elementor-type="wp-page" data-elementor-id="3131" class="elementor elementor-3131">
									<section data-particle_enable="false" data-particle-mobile-disabled="false" class="elementor-section elementor-top-section elementor-element elementor-element-7d82efc1 elementor-section-boxed elementor-section-height-default elementor-section-height-default" data-id="7d82efc1" data-element_type="section">
						<div class="elementor-container elementor-column-gap-default">
					<div class="elementor-column elementor-col-100 elementor-top-column elementor-element elementor-element-6e6df1f9" data-id="6e6df1f9" data-element_type="column">
			<div class="elementor-widget-wrap elementor-element-populated">
								<div class="elementor-element elementor-element-7a23810c elementor-widget elementor-widget-text-editor" data-id="7a23810c" data-element_type="widget" data-widget_type="text-editor.default">
				<div class="elementor-widget-container">
			<style>/*! elementor - v3.7.1 - 14-08-2022 */
.elementor-widget-text-editor.elementor-drop-cap-view-stacked .elementor-drop-cap{background-color:#818a91;color:#fff}.elementor-widget-text-editor.elementor-drop-cap-view-framed .elementor-drop-cap{color:#818a91;border:3px solid;background-color:transparent}.elementor-widget-text-editor:not(.elementor-drop-cap-view-default) .elementor-drop-cap{margin-top:8px}.elementor-widget-text-editor:not(.elementor-drop-cap-view-default) .elementor-drop-cap-letter{width:1em;height:1em}.elementor-widget-text-editor .elementor-drop-cap{float:left;text-align:center;line-height:1;font-size:50px}.elementor-widget-text-editor .elementor-drop-cap-letter{display:inline-block}</style>				<p><span style="font-weight: 400;">La petite tête est </span><span style="font-weight: 400;">une formation géologique formée par</span><span style="font-weight: 400;"> calcarénites et matériaux pyroclastiques, caractérisés par </span><span style="font-weight: 400;">un ensemble spectaculaire de falaises capricieusement sculptées par l'action érosive de la mer et du vent.</span><span style="font-weight: 400;"> Il est situé dans la municipalité de Tarrafal, São Nicolau.</span></p>
<p><img decoding="async" class="alignnone size-full wp-image-2323" src="http://feelcaboverde.com/wp-content/uploads/2022/10/Carbeirinho-Ilha-de-Sao-Nicolau-scaled.jpg" alt="" width="2560" height="1920" srcset="https://feelcaboverde.com/wp-content/uploads/2022/10/Carbeirinho-Ilha-de-Sao-Nicolau-scaled.jpg 2560w, https://feelcaboverde.com/wp-content/uploads/2022/10/Carbeirinho-Ilha-de-Sao-Nicolau-300x225.jpg 300w, https://feelcaboverde.com/wp-content/uploads/2022/10/Carbeirinho-Ilha-de-Sao-Nicolau-1024x768.jpg 1024w, https://feelcaboverde.com/wp-content/uploads/2022/10/Carbeirinho-Ilha-de-Sao-Nicolau-768x576.jpg 768w, https://feelcaboverde.com/wp-content/uploads/2022/10/Carbeirinho-Ilha-de-Sao-Nicolau-1536x1152.jpg 1536w, https://feelcaboverde.com/wp-content/uploads/2022/10/Carbeirinho-Ilha-de-Sao-Nicolau-2048x1536.jpg 2048w" sizes="(max-width: 2560px) 100vw, 2560px" /></p>
<p><span style="font-weight: 400;">Les rochers et les grottes qui composent Carbeirinho présentent une palette de couleurs distinctes, disposées de manière si particulière qu'elles semblent avoir été sculptées à la main.</span></p>
<p><span style="font-weight: 400;">La beauté spectaculaire de Carbeirinho n'est pas seulement due aux falaises. La rencontre avec la mer a également donné naissance à une petite piscine naturelle, capable d'offrir des bains réparateurs au milieu d'une nature intacte.</span></p>
<p><span style="font-weight: 400;">Au pied des falaises se trouve une petite plage où les tortues caretta pondent leurs œufs, ainsi qu'une grotte accessible à marée basse.</span></p>
<p><img decoding="async" class="alignnone size-full wp-image-3134" src="http://feelcaboverde.com/wp-content/uploads/2022/11/carberinho.jpg" alt="" width="2048" height="1536" srcset="https://feelcaboverde.com/wp-content/uploads/2022/11/carberinho.jpg 2048w, https://feelcaboverde.com/wp-content/uploads/2022/11/carberinho-300x225.jpg 300w, https://feelcaboverde.com/wp-content/uploads/2022/11/carberinho-1024x768.jpg 1024w, https://feelcaboverde.com/wp-content/uploads/2022/11/carberinho-768x576.jpg 768w, https://feelcaboverde.com/wp-content/uploads/2022/11/carberinho-1536x1152.jpg 1536w" sizes="(max-width: 2048px) 100vw, 2048px" /></p>
<p><span style="font-weight: 400;">Toute personne visitant São Nicolau ne peut manquer de voir et de contempler cette merveille de la nature.&nbsp;</span></p>
<p><span style="font-weight: 400;">Carbeirinho a été élu </span><span style="font-weight: 400;">l'une des 7 merveilles du Cap-Vert dans la catégorie "Îlots, rochers, piédestaux, falaises et grottes monumentales à l'intérieur du territoire ou entourés d'eau".</span></p>						</div>
				</div>
					</div>
		</div>
							</div>
		</section>
							</div>

<p>Cabeirinho est une formation géologique formée de calcarénites et de matériaux pyroclastiques, caractérisée par un ensemble spectaculaire de falaises capricieusement sculptées par l'action érosive de la mer et du vent. Il est situé dans la municipalité de Tarrafal, à São Nicolau. Les rochers et les grottes qui composent le Carbeirinho présentent une palette de couleurs distinctes, disposées de manière si particulière qu'elles semblent [...]</p>
