{"id":2023,"date":"2022-09-29T12:39:23","date_gmt":"2022-09-29T12:39:23","guid":{"rendered":"https:\/\/feelcaboverde.com\/?page_id=2023"},"modified":"2023-04-03T22:47:24","modified_gmt":"2023-04-03T22:47:24","slug":"simbolos-nacionais-de-cabo-verde","status":"publish","type":"page","link":"https:\/\/feelcaboverde.com\/fr\/symboles-nationaux-du-cap-vert\/","title":{"rendered":"Symboles nationaux du Cap-Vert"},"content":{"rendered":"<div data-elementor-type=\"wp-page\" data-elementor-id=\"2023\" class=\"elementor elementor-2023\">\n\t\t\t\t\t\t\t<div class=\"elementor-element elementor-element-7a76645 e-container--column e-container\" data-id=\"7a76645\" data-element_type=\"container\">\t\t\t\t<div class=\"elementor-element elementor-element-284c0c7 elementor-widget elementor-widget-text-editor\" data-id=\"284c0c7\" data-element_type=\"widget\" data-widget_type=\"text-editor.default\">\n\t\t\t\t<div class=\"elementor-widget-container\">\n\t\t\t<style>\/*! elementor - v3.7.1 - 14-08-2022 *\/\n.elementor-widget-text-editor.elementor-drop-cap-view-stacked .elementor-drop-cap{background-color:#818a91;color:#fff}.elementor-widget-text-editor.elementor-drop-cap-view-framed .elementor-drop-cap{color:#818a91;border:3px solid;background-color:transparent}.elementor-widget-text-editor:not(.elementor-drop-cap-view-default) .elementor-drop-cap{margin-top:8px}.elementor-widget-text-editor:not(.elementor-drop-cap-view-default) .elementor-drop-cap-letter{width:1em;height:1em}.elementor-widget-text-editor .elementor-drop-cap{float:left;text-align:center;line-height:1;font-size:50px}.elementor-widget-text-editor .elementor-drop-cap-letter{display:inline-block}<\/style>\t\t\t\t<p><span style=\"font-weight: 400;\">Lorsque la constitution du Cap-Vert a \u00e9t\u00e9 r\u00e9vis\u00e9e pour introduire le multipartisme en 1992, de nouveaux symboles nationaux ont \u00e9t\u00e9 cr\u00e9\u00e9s.<\/span><\/p><p><span style=\"font-weight: 400;\">L'article 8 de la Constitution de la R\u00e9publique du Cap-Vert \u00e9tablit les symboles de la souverainet\u00e9 nationale :\u00a0<\/span><\/p><ul><li><span style=\"font-weight: 400;\">\u00a0Le drapeau ;<\/span><\/li><li><span style=\"font-weight: 400;\">L'hymne ;<\/span><\/li><li><span style=\"font-weight: 400;\">Les armes nationales.\u00a0<\/span><\/li><\/ul><p><span style=\"font-weight: 400;\"><br \/>En tant que symboles de la R\u00e9publique du Cap-Vert, ils repr\u00e9sentent l'ind\u00e9pendance, l'unit\u00e9 et l'int\u00e9grit\u00e9 du pays.\u00a0<\/span><\/p><h3><b>\u00a0<\/b><\/h3><h3><b>1. Le drapeau national du Cap-Vert<\/b><\/h3><p><span style=\"font-weight: 400;\">Le drapeau actuel du Cap-Vert a \u00e9t\u00e9 officiellement adopt\u00e9 en 1992 apr\u00e8s la r\u00e9vision constitutionnelle. Depuis l'ind\u00e9pendance en 1975 jusqu'en 1992, le drapeau du Cap-Vert partageait les m\u00eames caract\u00e9ristiques que celui de la Guin\u00e9e-Bissau, ne diff\u00e9rant que par quelques symboles.<\/span><\/p><figure style=\"width: 354px\" class=\"wp-caption aligncenter\"><a href=\"http:\/\/feelcaboverde.com\/wp-content\/uploads\/2022\/09\/03.png\"><img decoding=\"async\" src=\"http:\/\/feelcaboverde.com\/wp-content\/uploads\/2022\/09\/03-300x179.png\" alt=\"Drapeau national du Cap-Vert\" width=\"354\" height=\"211\" \/><\/a><figcaption class=\"wp-caption-text\">Drapeau national du Cap-Vert<\/figcaption><\/figure><h5><strong>Description officielle du drapeau national du Cap-Vert<\/strong><\/h5><table width=\"602\"><tbody><tr><td width=\"602\"><p>Le drapeau est compos\u00e9 de cinq rectangles dispos\u00e9s dans le sens de la longueur et se chevauchant :<\/p><p>a) Les rectangles sup\u00e9rieur et inf\u00e9rieur sont de couleur bleue, le rectangle sup\u00e9rieur occupant une surface \u00e9gale \u00e0 la moiti\u00e9 du drapeau et le rectangle inf\u00e9rieur un quart ;<\/p><p>b) Les deux rectangles bleus sont s\u00e9par\u00e9s par trois bandes, chacune d'une surface \u00e9gale \u00e0 un douzi\u00e8me de la surface du drapeau ;<\/p><p>c) Les bandes adjacentes aux rectangles bleus sont blanches et celle qui les s\u00e9pare est rouge ;<\/p><p>d) Au-dessus des cinq rectangles, dix \u00e9toiles jaunes \u00e0 cinq branches, dont le sommet sup\u00e9rieur est \u00e0 quatre-vingt-dix degr\u00e9s, d\u00e9limitent un cercle dont le centre est \u00e0 l'intersection de la m\u00e9diane du deuxi\u00e8me quart vertical en partant de la gauche et de la m\u00e9diane du deuxi\u00e8me quart horizontal en partant du bord inf\u00e9rieur. L'\u00e9toile la plus proche de ce bord est inscrite dans un cercle invisible dont le centre est situ\u00e9 sur la m\u00e9diane de la bande bleue inf\u00e9rieure.<\/p><\/td><\/tr><\/tbody><\/table><p><strong>\u00a0<\/strong><\/p><h5><strong>Symbolisme du drapeau national du Cap-Vert<\/strong><\/h5><ul><li>Les bandes bleues : pr\u00e9dominantes dans le drapeau, elles repr\u00e9sentent la mer et le ciel.<\/li><li>Les \u00e9toiles jaunes : symbolisent les dix \u00eeles de l'archipel, dispos\u00e9es en cercle, signe d'unit\u00e9.<\/li><li>Deux bandes blanches et une rouge : elles font r\u00e9f\u00e9rence \u00e0 l'histoire de la construction du pays. Le blanc symbolise la paix que nous voulons, et le rouge l'effort et la lutte du peuple.<\/li><li>Le bleu, le blanc, le rouge et le jaune sont consid\u00e9r\u00e9s comme les couleurs nationales du Cap-Vert.<\/li><\/ul><p><strong>\u00a0<\/strong><\/p><h3><strong>2. Hymne national du Cap-Vert<\/strong><\/h3><figure style=\"width: 800px\" class=\"wp-caption aligncenter\"><a href=\"http:\/\/feelcaboverde.com\/wp-content\/uploads\/2022\/09\/04.png\"><img decoding=\"async\" src=\"http:\/\/feelcaboverde.com\/wp-content\/uploads\/2022\/09\/04-1024x685.png\" alt=\"Hymne national du Cap-Vert\" width=\"800\" height=\"535\" \/><\/a><figcaption class=\"wp-caption-text\">\u00a0 \u00a0 \u00a0 \u00a0Partition de l'hymne national du Cap-Vert<\/figcaption><\/figure><p>O <strong>Le chant de la libert\u00e9<\/strong> est l'hymne national du Cap-Vert, officiellement adopt\u00e9 en 1996.<\/p><p>L'hymne est divis\u00e9 en trois strophes, deux quatrains et une neuvi\u00e8me.<\/p><figure style=\"width: 800px\" class=\"wp-caption aligncenter\"><a href=\"http:\/\/feelcaboverde.com\/wp-content\/uploads\/2022\/09\/unnamed-file.jpg\"><img decoding=\"async\" src=\"http:\/\/feelcaboverde.com\/wp-content\/uploads\/2022\/09\/unnamed-file-1024x978.jpg\" alt=\"Hymne national du Cap-Vert\" width=\"800\" height=\"764\" \/><\/a><figcaption class=\"wp-caption-text\">L'hymne national du Cap-Vert<\/figcaption><\/figure><p><strong>\u00a0<\/strong><\/p><h3><strong>3. Les armoiries du Cap-Vert<\/strong><\/h3><p>\u00a0<\/p><p><a href=\"http:\/\/feelcaboverde.com\/wp-content\/uploads\/2022\/09\/07.png\"><img decoding=\"async\" src=\"http:\/\/feelcaboverde.com\/wp-content\/uploads\/2022\/09\/07-300x300.png\" alt=\"Armoiries du Cap-Vert\" width=\"324\" height=\"324\" \/><\/a><\/p><p><strong>\u00a0<\/strong><\/p><h5><strong>Description officielle des armoiries du Cap-Vert<\/strong><\/h5><p>Les armoiries nationales refl\u00e8tent une composition radiale qui pr\u00e9sente les \u00e9l\u00e9ments suivants du centre \u00e0 la p\u00e9riph\u00e9rie :<\/p><p>a) Un triangle \u00e9quilat\u00e9ral bleu sur lequel est inscrit un flambeau blanc ;<\/p><p>b) Un cercle d\u00e9limitant un espace dans lequel les mots \"REPUBLICA DE CABO VERDE\" sont inscrits de l'angle gauche \u00e0 la droite du triangle ;<\/p><p>c) Trois segments de droite de couleur bleue parall\u00e8les \u00e0 la base du triangle, d\u00e9limit\u00e9s par le premier cercle ;<\/p><p>d) Un deuxi\u00e8me cercle ;<\/p><p>e) Un fil \u00e0 plomb de couleur jaune, align\u00e9 sur le sommet du triangle \u00e9quilat\u00e9ral, superpos\u00e9 aux deux cercles du haut ;<\/p><p>f) Trois maillons jaunes \u00e0 la base de la composition, suivis de deux palmes vertes et de dix \u00e9toiles jaunes \u00e0 cinq branches dispos\u00e9es sym\u00e9triquement en deux groupes de cinq.<\/p><h5><strong>\u00a0<\/strong><\/h5><h5><strong>Symbolisme des armoiries de <\/strong><a href=\"https:\/\/www.governo.cv\/o-arquipelago\/simbolos\/armas-da-republica\/\" rel=\"nofollow noopener\" target=\"_blank\"><strong>Cap Vert<\/strong><\/a><\/h5><ul><li><strong>La d\u00e9gringolade<\/strong>symbolise la verticalit\u00e9 et la droiture, qui constituent la \"cl\u00e9 de vo\u00fbte\" de la Constitution cap-verdienne.<\/li><li><strong>Le triangle \u00e9quilat\u00e9ral<\/strong>L'article 1.1. repr\u00e9sente l'unit\u00e9, l'\u00e9galit\u00e9 des droits civiques reconnus au peuple par le syst\u00e8me d\u00e9mocratique.<\/li><li><strong>La torche<\/strong>une libert\u00e9 acquise apr\u00e8s de nombreuses ann\u00e9es de sacrifices, de tortures et de lutte contre les oppresseurs.<\/li><li><strong>La mer<\/strong>symbolise la nostalgie ; le bras de mer qui entoure les \u00eeles ; l'inspiration des po\u00e8tes ; les moyens de subsistance de la population ; le territoire du pays.<\/li><li><strong>Le clap<\/strong>Ce sont les victoires remport\u00e9es dans la lutte pour l'ind\u00e9pendance nationale, un objectif qui a anim\u00e9 le peuple et lui a servi de soutien moral pendant les p\u00e9riodes difficiles de s\u00e9cheresse.<\/li><li><strong>Les \u00e9toiles<\/strong>: symbolisent les dix \u00eeles qui composent l'archipel du Cap-Vert.<\/li><\/ul><p><strong>\u00a0<\/strong><\/p><p><strong>\u00a0<\/strong><\/p><p><strong>Sources d'information<\/strong>:<\/p><p><a href=\"https:\/\/www.governo.cv\/\" rel=\"nofollow noopener\" target=\"_blank\">Gouvernement du Cap-Vert<\/a>Symboles de la R\u00e9publique du Cap-Vert<\/p><p><a href=\"https:\/\/portais.parlamento.cv\/SimbolosNacionais\/\" rel=\"nofollow noopener\" target=\"_blank\">Assembl\u00e9e nationale<\/a>Symboles de la R\u00e9publique du Cap-Vert<\/p><p><a href=\"http:\/\/www.ministeriopublico.cv\/index.php\/component\/jdownloads\/send\/8-ministerio-publico-na-jurisdicao-junto-dotrinunal-constitucinal\/246-simbolos-nacionais?option=com_jdownloads\" rel=\"nofollow noopener\" target=\"_blank\">Bulletin officiel<\/a> N\u00ba16, S\u00e9rie I, 21 avril 2008<\/p><p><a href=\"https:\/\/portais.parlamento.cv\/Constituicao\/arquivos\/CR_CV.pdf\" rel=\"nofollow noopener\" target=\"_blank\">Constitution <\/a>de la R\u00e9publique du Cap-Vert<\/p>\t\t\t\t\t\t<\/div>\n\t\t\t\t<\/div>\n\t\t<\/div><div class=\"elementor-element elementor-element-180b3df e-container--column e-container\" data-id=\"180b3df\" data-element_type=\"container\">\t\t<\/div>\t\t\t\t\t<\/div>","protected":false},"excerpt":{"rendered":"<p>Symboles nationaux du Cap-Vert Lorsque la constitution du Cap-Vert a \u00e9t\u00e9 r\u00e9vis\u00e9e pour instaurer le multipartisme en 1992, de nouveaux symboles nationaux ont \u00e9t\u00e9 cr\u00e9\u00e9s. L'article 8 de la Constitution de la R\u00e9publique du Cap-Vert \u00e9tablit comme symboles de la souverainet\u00e9 nationale : le drapeau ; l'hymne ; les armes nationales. En tant que symboles de la R\u00e9publique du Cap-Vert, ils repr\u00e9sentent [...]<\/p>","protected":false},"author":1,"featured_media":0,"parent":0,"menu_order":0,"comment_status":"closed","ping_status":"closed","template":"","meta":{"footnotes":""},"categories":[],"tags":[],"class_list":["post-2023","page","type-page","status-publish","hentry"],"_links":{"self":[{"href":"https:\/\/feelcaboverde.com\/fr\/wp-json\/wp\/v2\/pages\/2023","targetHints":{"allow":["GET"]}}],"collection":[{"href":"https:\/\/feelcaboverde.com\/fr\/wp-json\/wp\/v2\/pages"}],"about":[{"href":"https:\/\/feelcaboverde.com\/fr\/wp-json\/wp\/v2\/types\/page"}],"author":[{"embeddable":true,"href":"https:\/\/feelcaboverde.com\/fr\/wp-json\/wp\/v2\/users\/1"}],"replies":[{"embeddable":true,"href":"https:\/\/feelcaboverde.com\/fr\/wp-json\/wp\/v2\/comments?post=2023"}],"version-history":[{"count":36,"href":"https:\/\/feelcaboverde.com\/fr\/wp-json\/wp\/v2\/pages\/2023\/revisions"}],"predecessor-version":[{"id":4546,"href":"https:\/\/feelcaboverde.com\/fr\/wp-json\/wp\/v2\/pages\/2023\/revisions\/4546"}],"wp:attachment":[{"href":"https:\/\/feelcaboverde.com\/fr\/wp-json\/wp\/v2\/media?parent=2023"}],"wp:term":[{"taxonomy":"category","embeddable":true,"href":"https:\/\/feelcaboverde.com\/fr\/wp-json\/wp\/v2\/categories?post=2023"},{"taxonomy":"post_tag","embeddable":true,"href":"https:\/\/feelcaboverde.com\/fr\/wp-json\/wp\/v2\/tags?post=2023"}],"curies":[{"name":"wp","href":"https:\/\/api.w.org\/{rel}","templated":true}]}}

<div data-elementor-type="wp-page" data-elementor-id="2023" class="elementor elementor-2023">
							<div class="elementor-element elementor-element-7a76645 e-container--column e-container" data-id="7a76645" data-element_type="container">				<div class="elementor-element elementor-element-284c0c7 elementor-widget elementor-widget-text-editor" data-id="284c0c7" data-element_type="widget" data-widget_type="text-editor.default">
				<div class="elementor-widget-container">
			<style>/*! elementor - v3.7.1 - 14-08-2022 */
.elementor-widget-text-editor.elementor-drop-cap-view-stacked .elementor-drop-cap{background-color:#818a91;color:#fff}.elementor-widget-text-editor.elementor-drop-cap-view-framed .elementor-drop-cap{color:#818a91;border:3px solid;background-color:transparent}.elementor-widget-text-editor:not(.elementor-drop-cap-view-default) .elementor-drop-cap{margin-top:8px}.elementor-widget-text-editor:not(.elementor-drop-cap-view-default) .elementor-drop-cap-letter{width:1em;height:1em}.elementor-widget-text-editor .elementor-drop-cap{float:left;text-align:center;line-height:1;font-size:50px}.elementor-widget-text-editor .elementor-drop-cap-letter{display:inline-block}</style>				<p><span style="font-weight: 400;">Lorsque la constitution du Cap-Vert a été révisée pour introduire le multipartisme en 1992, de nouveaux symboles nationaux ont été créés.</span></p><p><span style="font-weight: 400;">L'article 8 de la Constitution de la République du Cap-Vert établit les symboles de la souveraineté nationale : </span></p><ul><li><span style="font-weight: 400;"> Le drapeau ;</span></li><li><span style="font-weight: 400;">L'hymne ;</span></li><li><span style="font-weight: 400;">Les armes nationales. </span></li></ul><p><span style="font-weight: 400;"><br />En tant que symboles de la République du Cap-Vert, ils représentent l'indépendance, l'unité et l'intégrité du pays. </span></p><h3><b> </b></h3><h3><b>1. Le drapeau national du Cap-Vert</b></h3><p><span style="font-weight: 400;">Le drapeau actuel du Cap-Vert a été officiellement adopté en 1992 après la révision constitutionnelle. Depuis l'indépendance en 1975 jusqu'en 1992, le drapeau du Cap-Vert partageait les mêmes caractéristiques que celui de la Guinée-Bissau, ne différant que par quelques symboles.</span></p><figure style="width: 354px" class="wp-caption aligncenter"><a href="http://feelcaboverde.com/wp-content/uploads/2022/09/03.png"><img decoding="async" src="http://feelcaboverde.com/wp-content/uploads/2022/09/03-300x179.png" alt="Drapeau national du Cap-Vert" width="354" height="211" /></a><figcaption class="wp-caption-text">Drapeau national du Cap-Vert</figcaption></figure><h5><strong>Description officielle du drapeau national du Cap-Vert</strong></h5><table width="602"><tbody><tr><td width="602"><p>Le drapeau est composé de cinq rectangles disposés dans le sens de la longueur et se chevauchant :</p><p>a) Les rectangles supérieur et inférieur sont de couleur bleue, le rectangle supérieur occupant une surface égale à la moitié du drapeau et le rectangle inférieur un quart ;</p><p>b) Les deux rectangles bleus sont séparés par trois bandes, chacune d'une surface égale à un douzième de la surface du drapeau ;</p><p>c) Les bandes adjacentes aux rectangles bleus sont blanches et celle qui les sépare est rouge ;</p><p>d) Au-dessus des cinq rectangles, dix étoiles jaunes à cinq branches, dont le sommet supérieur est à quatre-vingt-dix degrés, délimitent un cercle dont le centre est à l'intersection de la médiane du deuxième quart vertical en partant de la gauche et de la médiane du deuxième quart horizontal en partant du bord inférieur. L'étoile la plus proche de ce bord est inscrite dans un cercle invisible dont le centre est situé sur la médiane de la bande bleue inférieure.</p></td></tr></tbody></table><p><strong> </strong></p><h5><strong>Symbolisme du drapeau national du Cap-Vert</strong></h5><ul><li>Les bandes bleues : prédominantes dans le drapeau, elles représentent la mer et le ciel.</li><li>Les étoiles jaunes : symbolisent les dix îles de l'archipel, disposées en cercle, signe d'unité.</li><li>Deux bandes blanches et une rouge : elles font référence à l'histoire de la construction du pays. Le blanc symbolise la paix que nous voulons, et le rouge l'effort et la lutte du peuple.</li><li>Le bleu, le blanc, le rouge et le jaune sont considérés comme les couleurs nationales du Cap-Vert.</li></ul><p><strong> </strong></p><h3><strong>2. Hymne national du Cap-Vert</strong></h3><figure style="width: 800px" class="wp-caption aligncenter"><a href="http://feelcaboverde.com/wp-content/uploads/2022/09/04.png"><img decoding="async" src="http://feelcaboverde.com/wp-content/uploads/2022/09/04-1024x685.png" alt="Hymne national du Cap-Vert" width="800" height="535" /></a><figcaption class="wp-caption-text">       Partition de l'hymne national du Cap-Vert</figcaption></figure><p>O <strong>Le chant de la liberté</strong> est l'hymne national du Cap-Vert, officiellement adopté en 1996.</p><p>L'hymne est divisé en trois strophes, deux quatrains et une neuvième.</p><figure style="width: 800px" class="wp-caption aligncenter"><a href="http://feelcaboverde.com/wp-content/uploads/2022/09/unnamed-file.jpg"><img decoding="async" src="http://feelcaboverde.com/wp-content/uploads/2022/09/unnamed-file-1024x978.jpg" alt="Hymne national du Cap-Vert" width="800" height="764" /></a><figcaption class="wp-caption-text">L'hymne national du Cap-Vert</figcaption></figure><p><strong> </strong></p><h3><strong>3. Les armoiries du Cap-Vert</strong></h3><p> </p><p><a href="http://feelcaboverde.com/wp-content/uploads/2022/09/07.png"><img decoding="async" src="http://feelcaboverde.com/wp-content/uploads/2022/09/07-300x300.png" alt="Armoiries du Cap-Vert" width="324" height="324" /></a></p><p><strong> </strong></p><h5><strong>Description officielle des armoiries du Cap-Vert</strong></h5><p>Les armoiries nationales reflètent une composition radiale qui présente les éléments suivants du centre à la périphérie :</p><p>a) Un triangle équilatéral bleu sur lequel est inscrit un flambeau blanc ;</p><p>b) Un cercle délimitant un espace dans lequel les mots "REPUBLICA DE CABO VERDE" sont inscrits de l'angle gauche à la droite du triangle ;</p><p>c) Trois segments de droite de couleur bleue parallèles à la base du triangle, délimités par le premier cercle ;</p><p>d) Un deuxième cercle ;</p><p>e) Un fil à plomb de couleur jaune, aligné sur le sommet du triangle équilatéral, superposé aux deux cercles du haut ;</p><p>f) Trois maillons jaunes à la base de la composition, suivis de deux palmes vertes et de dix étoiles jaunes à cinq branches disposées symétriquement en deux groupes de cinq.</p><h5><strong> </strong></h5><h5><strong>Symbolisme des armoiries de </strong><a href="https://www.governo.cv/o-arquipelago/simbolos/armas-da-republica/" rel="nofollow noopener" target="_blank"><strong>Cap Vert</strong></a></h5><ul><li><strong>La dégringolade</strong>symbolise la verticalité et la droiture, qui constituent la "clé de voûte" de la Constitution cap-verdienne.</li><li><strong>Le triangle équilatéral</strong>L'article 1.1. représente l'unité, l'égalité des droits civiques reconnus au peuple par le système démocratique.</li><li><strong>La torche</strong>une liberté acquise après de nombreuses années de sacrifices, de tortures et de lutte contre les oppresseurs.</li><li><strong>La mer</strong>symbolise la nostalgie ; le bras de mer qui entoure les îles ; l'inspiration des poètes ; les moyens de subsistance de la population ; le territoire du pays.</li><li><strong>Le clap</strong>Ce sont les victoires remportées dans la lutte pour l'indépendance nationale, un objectif qui a animé le peuple et lui a servi de soutien moral pendant les périodes difficiles de sécheresse.</li><li><strong>Les étoiles</strong>: symbolisent les dix îles qui composent l'archipel du Cap-Vert.</li></ul><p><strong> </strong></p><p><strong> </strong></p><p><strong>Sources d'information</strong>:</p><p><a href="https://www.governo.cv/" rel="nofollow noopener" target="_blank">Gouvernement du Cap-Vert</a>Symboles de la République du Cap-Vert</p><p><a href="https://portais.parlamento.cv/SimbolosNacionais/" rel="nofollow noopener" target="_blank">Assemblée nationale</a>Symboles de la République du Cap-Vert</p><p><a href="http://www.ministeriopublico.cv/index.php/component/jdownloads/send/8-ministerio-publico-na-jurisdicao-junto-dotrinunal-constitucinal/246-simbolos-nacionais?option=com_jdownloads" rel="nofollow noopener" target="_blank">Bulletin officiel</a> Nº16, Série I, 21 avril 2008</p><p><a href="https://portais.parlamento.cv/Constituicao/arquivos/CR_CV.pdf" rel="nofollow noopener" target="_blank">Constitution </a>de la République du Cap-Vert</p>						</div>
				</div>
		</div><div class="elementor-element elementor-element-180b3df e-container--column e-container" data-id="180b3df" data-element_type="container">		</div>					</div>

<p>Symboles nationaux du Cap-Vert Lorsque la constitution du Cap-Vert a été révisée pour instaurer le multipartisme en 1992, de nouveaux symboles nationaux ont été créés. L'article 8 de la Constitution de la République du Cap-Vert établit comme symboles de la souveraineté nationale : le drapeau ; l'hymne ; les armes nationales. En tant que symboles de la République du Cap-Vert, ils représentent [...]</p>
