{"id":1935,"date":"2022-09-29T11:29:49","date_gmt":"2022-09-29T11:29:49","guid":{"rendered":"https:\/\/feelcaboverde.com\/?page_id=1935"},"modified":"2023-04-13T19:23:38","modified_gmt":"2023-04-13T19:23:38","slug":"cabo-verde","status":"publish","type":"page","link":"https:\/\/feelcaboverde.com\/fr\/cap-vert\/","title":{"rendered":"Cap Vert"},"content":{"rendered":"<div data-elementor-type=\"wp-page\" data-elementor-id=\"1935\" class=\"elementor elementor-1935\">\n\t\t\t\t\t\t\t<div class=\"elementor-element elementor-element-7a76645 e-container--row e-container\" data-id=\"7a76645\" data-element_type=\"container\">\t\t\t\t<div class=\"elementor-element elementor-element-284c0c7 elementor-widget elementor-widget-text-editor\" data-id=\"284c0c7\" data-element_type=\"widget\" data-widget_type=\"text-editor.default\">\n\t\t\t\t<div class=\"elementor-widget-container\">\n\t\t\t<style>\/*! elementor - v3.7.1 - 14-08-2022 *\/\n.elementor-widget-text-editor.elementor-drop-cap-view-stacked .elementor-drop-cap{background-color:#818a91;color:#fff}.elementor-widget-text-editor.elementor-drop-cap-view-framed .elementor-drop-cap{color:#818a91;border:3px solid;background-color:transparent}.elementor-widget-text-editor:not(.elementor-drop-cap-view-default) .elementor-drop-cap{margin-top:8px}.elementor-widget-text-editor:not(.elementor-drop-cap-view-default) .elementor-drop-cap-letter{width:1em;height:1em}.elementor-widget-text-editor .elementor-drop-cap{float:left;text-align:center;line-height:1;font-size:50px}.elementor-widget-text-editor .elementor-drop-cap-letter{display:inline-block}<\/style>\t\t\t\t<p><span style=\"color: var( --e-global-color-text ); font-family: var( --e-global-typography-text-font-family ), Sans-serif; font-size: 1rem;\">Nich\u00e9 dans l'oc\u00e9an Atlantique et prot\u00e9g\u00e9 par la c\u00f4te ouest de l'Afrique, le Cap-Vert est un archipel de dix \u00eeles occupant une petite superficie d'environ 4 033 kilom\u00e8tres.<\/span><span style=\"color: var( --e-global-color-text ); font-family: var( --e-global-typography-text-font-family ), Sans-serif; font-size: 1rem;\">2<\/span><span style=\"color: var( --e-global-color-text ); font-family: var( --e-global-typography-text-font-family ), Sans-serif; font-size: 1rem;\">.<\/span><\/p><p><span style=\"font-weight: 400;\">Avec une population de 491 233 habitants, les \"dix grains de terre\" poss\u00e8dent un patrimoine g\u00e9ographique, historique et culturel tr\u00e8s riche.\u00a0<\/span><\/p><p><span style=\"font-weight: 400;\">Chaque \u00eele poss\u00e8de un caract\u00e8re unique et distinctif, et elles se combinent parfaitement pour cr\u00e9er cette mosa\u00efque d'\u00eeles. <\/span><i><span style=\"font-weight: 400;\">Morabeza<\/span><\/i><span style=\"font-weight: 400;\"> que nous, Capverdiens, ch\u00e9rissons tant.<\/span><\/p><p><span style=\"font-weight: 400;\">Bien que l'archipel ne soit devenu une destination touristique que r\u00e9cemment, la v\u00e9rit\u00e9 est que, comme le disait notre diva Ces\u00e1ria \u00c9vora, \"le Cap-Vert n'a jamais \u00e9t\u00e9 d\u00e9mod\u00e9\". Et ceux qui passent par ici prennent toujours un peu de leur temps. <\/span><i><span style=\"font-weight: 400;\">sodade,<\/span><\/i><span style=\"font-weight: 400;\"> et un <\/span><i><span style=\"font-weight: 400;\">inkmenda d'terra<\/span><\/i><span style=\"font-weight: 400;\"> (commandes traditionnelles).<\/span><\/p><p><span style=\"font-weight: 400;\">Qu'attendez-vous pour d\u00e9couvrir cette perle de l'Atlantique ?\u00a0<\/span><\/p><p><span style=\"font-weight: 400;\">Des paysages \u00e9clectiques, des plages magnifiques, un soleil abondant, des traditions aux multiples facettes, des gens heureux et accueillants et une atmosph\u00e8re chaleureuse vous attendent. Venez voir et sentir le Cap-Vert ! <\/span><\/p>\t\t\t\t\t\t<\/div>\n\t\t\t\t<\/div>\n\t\t<\/div><div class=\"elementor-element elementor-element-b57fcba e-container--row e-container\" data-id=\"b57fcba\" data-element_type=\"container\">\t\t<div class=\"elementor-element elementor-element-02bb19f e-container--column e-container\" data-id=\"02bb19f\" data-element_type=\"container\" data-settings=\"{&quot;background_background&quot;:&quot;classic&quot;}\">\t\t\t\t<div class=\"elementor-element elementor-element-a5de719 elementor-view-stacked elementor-shape-circle elementor-mobile-position-top elementor-vertical-align-top elementor-widget elementor-widget-icon-box\" data-id=\"a5de719\" data-element_type=\"widget\" data-widget_type=\"icon-box.default\">\n\t\t\t\t<div class=\"elementor-widget-container\">\n\t\t\t<link rel=\"stylesheet\" href=\"https:\/\/feelcaboverde.com\/wp-content\/plugins\/elementor\/assets\/css\/widget-icon-box.min.css\">\t\t<div class=\"elementor-icon-box-wrapper\">\n\t\t\t\t\t\t<div class=\"elementor-icon-box-icon\">\n\t\t\t\t<a class=\"elementor-icon elementor-animation-\" href=\"https:\/\/feelcaboverde.com\/fr\/historia\/\">\n\t\t\t\t<svg aria-hidden=\"true\" class=\"e-font-icon-svg e-fas-university\"><use xlink:href=\"#fas-university\" \/><\/svg>\t\t\t\t<\/a>\n\t\t\t<\/div>\n\t\t\t\t\t\t<div class=\"elementor-icon-box-content\">\n\t\t\t\t<h3 class=\"elementor-icon-box-title\">\n\t\t\t\t\t<a href=\"https:\/\/feelcaboverde.com\/fr\/historia\/\" >\n\t\t\t\t\t\tL'histoire\t\t\t\t\t<\/a>\n\t\t\t\t<\/h3>\n\t\t\t\t\t\t\t<\/div>\n\t\t<\/div>\n\t\t\t\t<\/div>\n\t\t\t\t<\/div>\n\t\t<\/div><div class=\"elementor-element elementor-element-68ca3db e-container--column e-container\" data-id=\"68ca3db\" data-element_type=\"container\" data-settings=\"{&quot;background_background&quot;:&quot;classic&quot;}\">\t\t\t\t<div class=\"elementor-element elementor-element-2c8e961 elementor-view-stacked elementor-shape-circle elementor-mobile-position-top elementor-vertical-align-top elementor-widget elementor-widget-icon-box\" data-id=\"2c8e961\" data-element_type=\"widget\" data-widget_type=\"icon-box.default\">\n\t\t\t\t<div class=\"elementor-widget-container\">\n\t\t\t\t\t<div class=\"elementor-icon-box-wrapper\">\n\t\t\t\t\t\t<div class=\"elementor-icon-box-icon\">\n\t\t\t\t<a class=\"elementor-icon elementor-animation-\" href=\"https:\/\/feelcaboverde.com\/fr\/geografia-e-geologia\/\">\n\t\t\t\t<svg aria-hidden=\"true\" class=\"e-font-icon-svg e-fas-map-marked-alt\"><use xlink:href=\"#fas-map-marked-alt\" \/><\/svg>\t\t\t\t<\/a>\n\t\t\t<\/div>\n\t\t\t\t\t\t<div class=\"elementor-icon-box-content\">\n\t\t\t\t<h3 class=\"elementor-icon-box-title\">\n\t\t\t\t\t<a href=\"https:\/\/feelcaboverde.com\/fr\/geografia-e-geologia\/\" >\n\t\t\t\t\t\tG\u00e9ographie et g\u00e9ologie\t\t\t\t\t<\/a>\n\t\t\t\t<\/h3>\n\t\t\t\t\t\t\t<\/div>\n\t\t<\/div>\n\t\t\t\t<\/div>\n\t\t\t\t<\/div>\n\t\t<\/div><div class=\"elementor-element elementor-element-4d67f44 e-container--column e-container\" data-id=\"4d67f44\" data-element_type=\"container\" data-settings=\"{&quot;background_background&quot;:&quot;classic&quot;}\">\t\t\t\t<div class=\"elementor-element elementor-element-e7133ae elementor-view-stacked elementor-shape-circle elementor-mobile-position-top elementor-vertical-align-top elementor-widget elementor-widget-icon-box\" data-id=\"e7133ae\" data-element_type=\"widget\" data-widget_type=\"icon-box.default\">\n\t\t\t\t<div class=\"elementor-widget-container\">\n\t\t\t\t\t<div class=\"elementor-icon-box-wrapper\">\n\t\t\t\t\t\t<div class=\"elementor-icon-box-icon\">\n\t\t\t\t<a class=\"elementor-icon elementor-animation-\" href=\"https:\/\/feelcaboverde.com\/fr\/simbolos-nacionais\/\">\n\t\t\t\t<svg aria-hidden=\"true\" class=\"e-font-icon-svg e-fas-flag\"><use xlink:href=\"#fas-flag\" \/><\/svg>\t\t\t\t<\/a>\n\t\t\t<\/div>\n\t\t\t\t\t\t<div class=\"elementor-icon-box-content\">\n\t\t\t\t<h3 class=\"elementor-icon-box-title\">\n\t\t\t\t\t<a href=\"https:\/\/feelcaboverde.com\/fr\/simbolos-nacionais\/\" >\n\t\t\t\t\t\tSymboles nationaux\t\t\t\t\t<\/a>\n\t\t\t\t<\/h3>\n\t\t\t\t\t\t\t<\/div>\n\t\t<\/div>\n\t\t\t\t<\/div>\n\t\t\t\t<\/div>\n\t\t<\/div><\/div>\t\t\t\t\t<\/div>","protected":false},"excerpt":{"rendered":"<p>Nich\u00e9 dans l'oc\u00e9an Atlantique et prot\u00e9g\u00e9 par la c\u00f4te ouest de l'Afrique, le Cap-Vert est un archipel de dix \u00eeles occupant une petite superficie d'environ 4 033 km2. Avec une population de 491 233 habitants, les \"dix grains de terre\" poss\u00e8dent un riche patrimoine g\u00e9ographique, historique et culturel.  Chaque \u00eele pr\u00e9sente un caract\u00e8re unique et [...]<\/p>","protected":false},"author":1,"featured_media":0,"parent":0,"menu_order":0,"comment_status":"closed","ping_status":"closed","template":"","meta":{"footnotes":""},"categories":[],"tags":[],"class_list":["post-1935","page","type-page","status-publish","hentry"],"_links":{"self":[{"href":"https:\/\/feelcaboverde.com\/fr\/wp-json\/wp\/v2\/pages\/1935","targetHints":{"allow":["GET"]}}],"collection":[{"href":"https:\/\/feelcaboverde.com\/fr\/wp-json\/wp\/v2\/pages"}],"about":[{"href":"https:\/\/feelcaboverde.com\/fr\/wp-json\/wp\/v2\/types\/page"}],"author":[{"embeddable":true,"href":"https:\/\/feelcaboverde.com\/fr\/wp-json\/wp\/v2\/users\/1"}],"replies":[{"embeddable":true,"href":"https:\/\/feelcaboverde.com\/fr\/wp-json\/wp\/v2\/comments?post=1935"}],"version-history":[{"count":35,"href":"https:\/\/feelcaboverde.com\/fr\/wp-json\/wp\/v2\/pages\/1935\/revisions"}],"predecessor-version":[{"id":4806,"href":"https:\/\/feelcaboverde.com\/fr\/wp-json\/wp\/v2\/pages\/1935\/revisions\/4806"}],"wp:attachment":[{"href":"https:\/\/feelcaboverde.com\/fr\/wp-json\/wp\/v2\/media?parent=1935"}],"wp:term":[{"taxonomy":"category","embeddable":true,"href":"https:\/\/feelcaboverde.com\/fr\/wp-json\/wp\/v2\/categories?post=1935"},{"taxonomy":"post_tag","embeddable":true,"href":"https:\/\/feelcaboverde.com\/fr\/wp-json\/wp\/v2\/tags?post=1935"}],"curies":[{"name":"wp","href":"https:\/\/api.w.org\/{rel}","templated":true}]}}

<div data-elementor-type="wp-page" data-elementor-id="1935" class="elementor elementor-1935">
							<div class="elementor-element elementor-element-7a76645 e-container--row e-container" data-id="7a76645" data-element_type="container">				<div class="elementor-element elementor-element-284c0c7 elementor-widget elementor-widget-text-editor" data-id="284c0c7" data-element_type="widget" data-widget_type="text-editor.default">
				<div class="elementor-widget-container">
			<style>/*! elementor - v3.7.1 - 14-08-2022 */
.elementor-widget-text-editor.elementor-drop-cap-view-stacked .elementor-drop-cap{background-color:#818a91;color:#fff}.elementor-widget-text-editor.elementor-drop-cap-view-framed .elementor-drop-cap{color:#818a91;border:3px solid;background-color:transparent}.elementor-widget-text-editor:not(.elementor-drop-cap-view-default) .elementor-drop-cap{margin-top:8px}.elementor-widget-text-editor:not(.elementor-drop-cap-view-default) .elementor-drop-cap-letter{width:1em;height:1em}.elementor-widget-text-editor .elementor-drop-cap{float:left;text-align:center;line-height:1;font-size:50px}.elementor-widget-text-editor .elementor-drop-cap-letter{display:inline-block}</style>				<p><span style="color: var( --e-global-color-text ); font-family: var( --e-global-typography-text-font-family ), Sans-serif; font-size: 1rem;">Niché dans l'océan Atlantique et protégé par la côte ouest de l'Afrique, le Cap-Vert est un archipel de dix îles occupant une petite superficie d'environ 4 033 kilomètres.</span><span style="color: var( --e-global-color-text ); font-family: var( --e-global-typography-text-font-family ), Sans-serif; font-size: 1rem;">2</span><span style="color: var( --e-global-color-text ); font-family: var( --e-global-typography-text-font-family ), Sans-serif; font-size: 1rem;">.</span></p><p><span style="font-weight: 400;">Avec une population de 491 233 habitants, les "dix grains de terre" possèdent un patrimoine géographique, historique et culturel très riche. </span></p><p><span style="font-weight: 400;">Chaque île possède un caractère unique et distinctif, et elles se combinent parfaitement pour créer cette mosaïque d'îles. </span><i><span style="font-weight: 400;">Morabeza</span></i><span style="font-weight: 400;"> que nous, Capverdiens, chérissons tant.</span></p><p><span style="font-weight: 400;">Bien que l'archipel ne soit devenu une destination touristique que récemment, la vérité est que, comme le disait notre diva Cesária Évora, "le Cap-Vert n'a jamais été démodé". Et ceux qui passent par ici prennent toujours un peu de leur temps. </span><i><span style="font-weight: 400;">sodade,</span></i><span style="font-weight: 400;"> et un </span><i><span style="font-weight: 400;">inkmenda d'terra</span></i><span style="font-weight: 400;"> (commandes traditionnelles).</span></p><p><span style="font-weight: 400;">Qu'attendez-vous pour découvrir cette perle de l'Atlantique ? </span></p><p><span style="font-weight: 400;">Des paysages éclectiques, des plages magnifiques, un soleil abondant, des traditions aux multiples facettes, des gens heureux et accueillants et une atmosphère chaleureuse vous attendent. Venez voir et sentir le Cap-Vert ! </span></p>						</div>
				</div>
		</div><div class="elementor-element elementor-element-b57fcba e-container--row e-container" data-id="b57fcba" data-element_type="container">		<div class="elementor-element elementor-element-02bb19f e-container--column e-container" data-id="02bb19f" data-element_type="container" data-settings="{&quot;background_background&quot;:&quot;classic&quot;}">				<div class="elementor-element elementor-element-a5de719 elementor-view-stacked elementor-shape-circle elementor-mobile-position-top elementor-vertical-align-top elementor-widget elementor-widget-icon-box" data-id="a5de719" data-element_type="widget" data-widget_type="icon-box.default">
				<div class="elementor-widget-container">
			<link rel="stylesheet" href="https://feelcaboverde.com/wp-content/plugins/elementor/assets/css/widget-icon-box.min.css">		<div class="elementor-icon-box-wrapper">
						<div class="elementor-icon-box-icon">
				<a class="elementor-icon elementor-animation-" href="https://feelcaboverde.com/fr/historia/">
				<svg aria-hidden="true" class="e-font-icon-svg e-fas-university"><use xlink:href="#fas-university" /></svg>				</a>
			</div>
						<div class="elementor-icon-box-content">
				<h3 class="elementor-icon-box-title">
					<a href="https://feelcaboverde.com/fr/historia/" >
						L'histoire					</a>
				</h3>
							</div>
		</div>
				</div>
				</div>
		</div><div class="elementor-element elementor-element-68ca3db e-container--column e-container" data-id="68ca3db" data-element_type="container" data-settings="{&quot;background_background&quot;:&quot;classic&quot;}">				<div class="elementor-element elementor-element-2c8e961 elementor-view-stacked elementor-shape-circle elementor-mobile-position-top elementor-vertical-align-top elementor-widget elementor-widget-icon-box" data-id="2c8e961" data-element_type="widget" data-widget_type="icon-box.default">
				<div class="elementor-widget-container">
					<div class="elementor-icon-box-wrapper">
						<div class="elementor-icon-box-icon">
				<a class="elementor-icon elementor-animation-" href="https://feelcaboverde.com/fr/geografia-e-geologia/">
				<svg aria-hidden="true" class="e-font-icon-svg e-fas-map-marked-alt"><use xlink:href="#fas-map-marked-alt" /></svg>				</a>
			</div>
						<div class="elementor-icon-box-content">
				<h3 class="elementor-icon-box-title">
					<a href="https://feelcaboverde.com/fr/geografia-e-geologia/" >
						Géographie et géologie					</a>
				</h3>
							</div>
		</div>
				</div>
				</div>
		</div><div class="elementor-element elementor-element-4d67f44 e-container--column e-container" data-id="4d67f44" data-element_type="container" data-settings="{&quot;background_background&quot;:&quot;classic&quot;}">				<div class="elementor-element elementor-element-e7133ae elementor-view-stacked elementor-shape-circle elementor-mobile-position-top elementor-vertical-align-top elementor-widget elementor-widget-icon-box" data-id="e7133ae" data-element_type="widget" data-widget_type="icon-box.default">
				<div class="elementor-widget-container">
					<div class="elementor-icon-box-wrapper">
						<div class="elementor-icon-box-icon">
				<a class="elementor-icon elementor-animation-" href="https://feelcaboverde.com/fr/simbolos-nacionais/">
				<svg aria-hidden="true" class="e-font-icon-svg e-fas-flag"><use xlink:href="#fas-flag" /></svg>				</a>
			</div>
						<div class="elementor-icon-box-content">
				<h3 class="elementor-icon-box-title">
					<a href="https://feelcaboverde.com/fr/simbolos-nacionais/" >
						Symboles nationaux					</a>
				</h3>
							</div>
		</div>
				</div>
				</div>
		</div></div>					</div>

<p>Niché dans l'océan Atlantique et protégé par la côte ouest de l'Afrique, le Cap-Vert est un archipel de dix îles occupant une petite superficie d'environ 4 033 km2. Avec une population de 491 233 habitants, les "dix grains de terre" possèdent un riche patrimoine géographique, historique et culturel.  Chaque île présente un caractère unique et [...]</p>
