{"id":1103,"date":"2022-05-27T14:07:17","date_gmt":"2022-05-27T14:07:17","guid":{"rendered":"https:\/\/feelcaboverde.com\/?page_id=1103"},"modified":"2023-04-02T22:08:13","modified_gmt":"2023-04-02T22:08:13","slug":"seguranca-pessoal","status":"publish","type":"page","link":"https:\/\/feelcaboverde.com\/fr\/securite-personnelle-cap-vert\/","title":{"rendered":"S\u00e9curit\u00e9 personnelle"},"content":{"rendered":"<div data-elementor-type=\"wp-page\" data-elementor-id=\"1103\" class=\"elementor elementor-1103\">\n\t\t\t\t\t\t\t\t\t<section data-particle_enable=\"false\" data-particle-mobile-disabled=\"false\" class=\"elementor-section elementor-top-section elementor-element elementor-element-43b54aea elementor-section-boxed elementor-section-height-default elementor-section-height-default\" data-id=\"43b54aea\" data-element_type=\"section\">\n\t\t\t\t\t\t<div class=\"elementor-container elementor-column-gap-default\">\n\t\t\t\t\t<div class=\"elementor-column elementor-col-100 elementor-top-column elementor-element elementor-element-6e42e8a5\" data-id=\"6e42e8a5\" data-element_type=\"column\">\n\t\t\t<div class=\"elementor-widget-wrap elementor-element-populated\">\n\t\t\t\t\t\t\t\t<div class=\"elementor-element elementor-element-56626ddb elementor-widget elementor-widget-text-editor\" data-id=\"56626ddb\" data-element_type=\"widget\" data-widget_type=\"text-editor.default\">\n\t\t\t\t<div class=\"elementor-widget-container\">\n\t\t\t<style>\/*! elementor - v3.7.1 - 14-08-2022 *\/\n.elementor-widget-text-editor.elementor-drop-cap-view-stacked .elementor-drop-cap{background-color:#818a91;color:#fff}.elementor-widget-text-editor.elementor-drop-cap-view-framed .elementor-drop-cap{color:#818a91;border:3px solid;background-color:transparent}.elementor-widget-text-editor:not(.elementor-drop-cap-view-default) .elementor-drop-cap{margin-top:8px}.elementor-widget-text-editor:not(.elementor-drop-cap-view-default) .elementor-drop-cap-letter{width:1em;height:1em}.elementor-widget-text-editor .elementor-drop-cap{float:left;text-align:center;line-height:1;font-size:50px}.elementor-widget-text-editor .elementor-drop-cap-letter{display:inline-block}<\/style>\t\t\t\t<p>Le Cap-Vert est une destination touristique r\u00e9put\u00e9e pour l'hospitalit\u00e9 de ses habitants. Cependant, comme partout dans le monde, la s\u00e9curit\u00e9 personnelle est une pr\u00e9occupation importante pour les visiteurs.\u00a0<\/p><p>Dans cet article, nous vous donnerons des conseils utiles sur la s\u00e9curit\u00e9 personnelle au Cap-Vert, notamment sur la mani\u00e8re d'\u00e9viter les situations dangereuses, de prot\u00e9ger vos biens et de r\u00e9agir en cas d'urgence. Gr\u00e2ce \u00e0 ces informations, vous pourrez profiter plus sereinement de vos vacances et de tout ce que ce beau pays a \u00e0 vous offrir.<\/p><h3>\u00a0<\/h3><h3>La criminalit\u00e9 au Cap-Vert<\/h3><p>Globalement, le taux de criminalit\u00e9 au Cap-Vert est de <a href=\"https:\/\/www.osac.gov\/Country\/CaboVerde\/Content\/Detail\/Report\/33002b2a-1d03-4702-afe8-18d3928452a5\" rel=\"nofollow noopener\" target=\"_blank\">faible<\/a>. D'apr\u00e8s le <a href=\"https:\/\/ocindex.net\/assets\/downloads\/english\/ocindex_profile_cabo_verde.pdf\" rel=\"nofollow noopener\" target=\"_blank\">indice mondial de la criminalit\u00e9 organis\u00e9e<\/a>Le pays se classe parmi les 50 pays ayant le taux de criminalit\u00e9 le plus bas et la meilleure r\u00e9sistance \u00e0 la criminalit\u00e9.<\/p><figure id=\"attachment_4509\" aria-describedby=\"caption-attachment-4509\" style=\"width: 386px\" class=\"wp-caption aligncenter\"><img decoding=\"async\" class=\"wp-image-4509\" src=\"http:\/\/feelcaboverde.com\/wp-content\/uploads\/2023\/04\/score-de-criminalidade.png\" alt=\"Cap-Vert SCORE DE CRIMINALIT\u00c9\" width=\"386\" height=\"401\" srcset=\"https:\/\/feelcaboverde.com\/wp-content\/uploads\/2023\/04\/score-de-criminalidade.png 750w, https:\/\/feelcaboverde.com\/wp-content\/uploads\/2023\/04\/score-de-criminalidade-289x300.png 289w\" sizes=\"(max-width: 386px) 100vw, 386px\" \/><figcaption id=\"caption-attachment-4509\" class=\"wp-caption-text\"><div>\u00a0<\/div><div>Indice de criminalit\u00e9 du Cap-Vert. <a href=\"https:\/\/ocindex.net\/country\/cabo_verde\" rel=\"nofollow noopener\" target=\"_blank\">Indice mondial de la criminalit\u00e9 organis\u00e9e<\/a><\/div><\/figcaption><\/figure><p><span style=\"color: inherit; font-family: inherit; font-size: 1.75rem; text-align: var(--text-align);\">\u00a0<\/span><\/p><h3>Lignes directrices pour la s\u00e9curit\u00e9 personnelle au Cap-Vert<\/h3><p>Cependant, bien que le Cap-Vert soit l'un des pays les plus <a href=\"https:\/\/www.travelriskmap.com\/#\/planner\/map\/security\" rel=\"nofollow noopener\" target=\"_blank\">pays les plus s\u00fbrs pour les voyageurs<\/a>Des touristes ont \u00e9t\u00e9 victimes de vols et de larcins. Pour \u00e9viter d'\u00e9ventuels incidents pendant leur s\u00e9jour, les vacanciers doivent prendre quelques mesures de s\u00e9curit\u00e9 g\u00e9n\u00e9rales :<\/p><ul><li>Sur les plages ou lors d'activit\u00e9s ext\u00e9rieures, ne perdez pas de vue vos effets personnels. Il en va de m\u00eame pour les lieux tr\u00e8s fr\u00e9quent\u00e9s, tels que les march\u00e9s, les festivals ou les manifestations.<\/li><li>Profitez des belles plages d\u00e9sertes et de l'ambiance chaleureuse de la ville. <em>randonn\u00e9e<\/em> Toutefois, si vous souhaitez vous aventurer seul, renseignez-vous aupr\u00e8s de votre h\u00f4tel sur la s\u00e9curit\u00e9 de ces lieux. Id\u00e9alement, les activit\u00e9s dans les zones isol\u00e9es devraient \u00eatre effectu\u00e9es en compagnie d'un r\u00e9sident local.<\/li><li>\u00c9vitez de transporter de grosses sommes d'argent, des bijoux ostentatoires ou des \u00e9quipements co\u00fbteux, sauf en cas d'extr\u00eame n\u00e9cessit\u00e9.<\/li><li>Emportez des copies de votre passeport et de vos autres documents de voyage, en laissant les originaux en lieu s\u00fbr ou \u00e0 l'h\u00f4tel.<\/li><li>Apr\u00e8s les activit\u00e9s de la soir\u00e9e, il est pr\u00e9f\u00e9rable de retourner \u00e0 votre h\u00e9bergement en taxi.<\/li><li>En cas d'agression potentielle, \u00e9vitez de r\u00e9sister ! La police doit \u00eatre pr\u00e9venue imm\u00e9diatement (le num\u00e9ro d'urgence est le 112).<\/li><\/ul><h3><strong>\u00a0<\/strong><\/h3><h3>Questions fr\u00e9quemment pos\u00e9es<\/h3><p style=\"padding-left: 40px;\">1. Le Cap-Vert est-il s\u00fbr pour les touristes ?<\/p><p>Oui, le Cap-Vert fait partie des <a href=\"https:\/\/www.travelriskmap.com\/#\/planner\/map\/security\" rel=\"nofollow noopener\" target=\"_blank\">pays les plus s\u00fbrs pour les voyageurs<\/a>Il s'agit de territoires tels que la Norv\u00e8ge, le Danemark et le Groenland, Andorre, la Slov\u00e9nie, Monaco, Saint-Marin, la Suisse, le Luxembourg, l'Islande et la Finlande.<\/p><p style=\"padding-left: 40px;\">2. Quelle est la situation de la criminalit\u00e9 au Cap-Vert ?<\/p><p>La criminalit\u00e9 au Cap-Vert en g\u00e9n\u00e9ral est <a href=\"https:\/\/www.osac.gov\/Country\/CaboVerde\/Content\/Detail\/Report\/33002b2a-1d03-4702-afe8-18d3928452a5\" rel=\"nofollow noopener\" target=\"_blank\">faible<\/a>. La plupart des infractions sont commises dans le but d'obtenir un gain financier imm\u00e9diat (vol \u00e0 la tire, vol qualifi\u00e9 et vol \u00e0 main arm\u00e9e). Il convient d'\u00eatre particuli\u00e8rement vigilant dans les lieux isol\u00e9s, mal \u00e9clair\u00e9s et la nuit.<\/p><p style=\"padding-left: 40px;\">3. Quelle est l'\u00eele la plus dangereuse du Cap-Vert ?<\/p><p>En g\u00e9n\u00e9ral, les \u00eeles du Cap-Vert ne sont pas dangereuses. Toutefois, en raison de l'urbanisation rapide et du ch\u00f4mage, la criminalit\u00e9 a augment\u00e9 ces derni\u00e8res ann\u00e9es, en particulier dans la ville de Praia. La ville de Mindelo et les \u00eeles de Sal et Boavista (les plus touristiques) ont \u00e9galement connu une augmentation, mais dans une moindre mesure.<\/p><p>En r\u00e9ponse, le gouvernement du Cap-Vert a mis en \u0153uvre les mesures suivantes <a href=\"https:\/\/www.governo.cv\/cidade-segura-governo-inaugura-centro-de-comando-de-s-vicente\/\" rel=\"nofollow noopener\" target=\"_blank\">mesures <\/a>afin de pr\u00e9server la s\u00e9curit\u00e9 nationale des personnes vivant dans le pays et des visiteurs.<\/p>\t\t\t\t\t\t<\/div>\n\t\t\t\t<\/div>\n\t\t\t\t\t<\/div>\n\t\t<\/div>\n\t\t\t\t\t\t\t<\/div>\n\t\t<\/section>\n\t\t\t\t\t\t\t<\/div>","protected":false},"excerpt":{"rendered":"<p>Dans l'ensemble, le taux de criminalit\u00e9 au Cap-Vert est faible. Selon l'indice mondial de la criminalit\u00e9 organis\u00e9e, le pays fait partie des 50 pays ayant le taux de criminalit\u00e9 le plus bas et la plus grande r\u00e9sistance \u00e0 la criminalit\u00e9. Indice de criminalit\u00e9 du Cap-Vert. Source : Indice mondial de la criminalit\u00e9 organis\u00e9e. Cependant, malgr\u00e9 [...]<\/p>","protected":false},"author":1,"featured_media":0,"parent":0,"menu_order":0,"comment_status":"closed","ping_status":"closed","template":"","meta":{"footnotes":""},"categories":[],"tags":[],"class_list":["post-1103","page","type-page","status-publish","hentry"],"_links":{"self":[{"href":"https:\/\/feelcaboverde.com\/fr\/wp-json\/wp\/v2\/pages\/1103","targetHints":{"allow":["GET"]}}],"collection":[{"href":"https:\/\/feelcaboverde.com\/fr\/wp-json\/wp\/v2\/pages"}],"about":[{"href":"https:\/\/feelcaboverde.com\/fr\/wp-json\/wp\/v2\/types\/page"}],"author":[{"embeddable":true,"href":"https:\/\/feelcaboverde.com\/fr\/wp-json\/wp\/v2\/users\/1"}],"replies":[{"embeddable":true,"href":"https:\/\/feelcaboverde.com\/fr\/wp-json\/wp\/v2\/comments?post=1103"}],"version-history":[{"count":18,"href":"https:\/\/feelcaboverde.com\/fr\/wp-json\/wp\/v2\/pages\/1103\/revisions"}],"predecessor-version":[{"id":4523,"href":"https:\/\/feelcaboverde.com\/fr\/wp-json\/wp\/v2\/pages\/1103\/revisions\/4523"}],"wp:attachment":[{"href":"https:\/\/feelcaboverde.com\/fr\/wp-json\/wp\/v2\/media?parent=1103"}],"wp:term":[{"taxonomy":"category","embeddable":true,"href":"https:\/\/feelcaboverde.com\/fr\/wp-json\/wp\/v2\/categories?post=1103"},{"taxonomy":"post_tag","embeddable":true,"href":"https:\/\/feelcaboverde.com\/fr\/wp-json\/wp\/v2\/tags?post=1103"}],"curies":[{"name":"wp","href":"https:\/\/api.w.org\/{rel}","templated":true}]}}

Sécurité personnelle

<div data-elementor-type="wp-page" data-elementor-id="1103" class="elementor elementor-1103">
									<section data-particle_enable="false" data-particle-mobile-disabled="false" class="elementor-section elementor-top-section elementor-element elementor-element-43b54aea elementor-section-boxed elementor-section-height-default elementor-section-height-default" data-id="43b54aea" data-element_type="section">
						<div class="elementor-container elementor-column-gap-default">
					<div class="elementor-column elementor-col-100 elementor-top-column elementor-element elementor-element-6e42e8a5" data-id="6e42e8a5" data-element_type="column">
			<div class="elementor-widget-wrap elementor-element-populated">
								<div class="elementor-element elementor-element-56626ddb elementor-widget elementor-widget-text-editor" data-id="56626ddb" data-element_type="widget" data-widget_type="text-editor.default">
				<div class="elementor-widget-container">
			<style>/*! elementor - v3.7.1 - 14-08-2022 */
.elementor-widget-text-editor.elementor-drop-cap-view-stacked .elementor-drop-cap{background-color:#818a91;color:#fff}.elementor-widget-text-editor.elementor-drop-cap-view-framed .elementor-drop-cap{color:#818a91;border:3px solid;background-color:transparent}.elementor-widget-text-editor:not(.elementor-drop-cap-view-default) .elementor-drop-cap{margin-top:8px}.elementor-widget-text-editor:not(.elementor-drop-cap-view-default) .elementor-drop-cap-letter{width:1em;height:1em}.elementor-widget-text-editor .elementor-drop-cap{float:left;text-align:center;line-height:1;font-size:50px}.elementor-widget-text-editor .elementor-drop-cap-letter{display:inline-block}</style>				<p>Le Cap-Vert est une destination touristique réputée pour l'hospitalité de ses habitants. Cependant, comme partout dans le monde, la sécurité personnelle est une préoccupation importante pour les visiteurs. </p><p>Dans cet article, nous vous donnerons des conseils utiles sur la sécurité personnelle au Cap-Vert, notamment sur la manière d'éviter les situations dangereuses, de protéger vos biens et de réagir en cas d'urgence. Grâce à ces informations, vous pourrez profiter plus sereinement de vos vacances et de tout ce que ce beau pays a à vous offrir.</p><h3> </h3><h3>La criminalité au Cap-Vert</h3><p>Globalement, le taux de criminalité au Cap-Vert est de <a href="https://www.osac.gov/Country/CaboVerde/Content/Detail/Report/33002b2a-1d03-4702-afe8-18d3928452a5" rel="nofollow noopener" target="_blank">faible</a>. D'après le <a href="https://ocindex.net/assets/downloads/english/ocindex_profile_cabo_verde.pdf" rel="nofollow noopener" target="_blank">indice mondial de la criminalité organisée</a>Le pays se classe parmi les 50 pays ayant le taux de criminalité le plus bas et la meilleure résistance à la criminalité.</p><figure id="attachment_4509" aria-describedby="caption-attachment-4509" style="width: 386px" class="wp-caption aligncenter"><img decoding="async" class="wp-image-4509" src="http://feelcaboverde.com/wp-content/uploads/2023/04/score-de-criminalidade.png" alt="Cap-Vert SCORE DE CRIMINALITÉ" width="386" height="401" srcset="https://feelcaboverde.com/wp-content/uploads/2023/04/score-de-criminalidade.png 750w, https://feelcaboverde.com/wp-content/uploads/2023/04/score-de-criminalidade-289x300.png 289w" sizes="(max-width: 386px) 100vw, 386px" /><figcaption id="caption-attachment-4509" class="wp-caption-text"><div> </div><div>Indice de criminalité du Cap-Vert. <a href="https://ocindex.net/country/cabo_verde" rel="nofollow noopener" target="_blank">Indice mondial de la criminalité organisée</a></div></figcaption></figure><p><span style="color: inherit; font-family: inherit; font-size: 1.75rem; text-align: var(--text-align);"> </span></p><h3>Lignes directrices pour la sécurité personnelle au Cap-Vert</h3><p>Cependant, bien que le Cap-Vert soit l'un des pays les plus <a href="https://www.travelriskmap.com/#/planner/map/security" rel="nofollow noopener" target="_blank">pays les plus sûrs pour les voyageurs</a>Des touristes ont été victimes de vols et de larcins. Pour éviter d'éventuels incidents pendant leur séjour, les vacanciers doivent prendre quelques mesures de sécurité générales :</p><ul><li>Sur les plages ou lors d'activités extérieures, ne perdez pas de vue vos effets personnels. Il en va de même pour les lieux très fréquentés, tels que les marchés, les festivals ou les manifestations.</li><li>Profitez des belles plages désertes et de l'ambiance chaleureuse de la ville. <em>randonnée</em> Toutefois, si vous souhaitez vous aventurer seul, renseignez-vous auprès de votre hôtel sur la sécurité de ces lieux. Idéalement, les activités dans les zones isolées devraient être effectuées en compagnie d'un résident local.</li><li>Évitez de transporter de grosses sommes d'argent, des bijoux ostentatoires ou des équipements coûteux, sauf en cas d'extrême nécessité.</li><li>Emportez des copies de votre passeport et de vos autres documents de voyage, en laissant les originaux en lieu sûr ou à l'hôtel.</li><li>Après les activités de la soirée, il est préférable de retourner à votre hébergement en taxi.</li><li>En cas d'agression potentielle, évitez de résister ! La police doit être prévenue immédiatement (le numéro d'urgence est le 112).</li></ul><h3><strong> </strong></h3><h3>Questions fréquemment posées</h3><p style="padding-left: 40px;">1. Le Cap-Vert est-il sûr pour les touristes ?</p><p>Oui, le Cap-Vert fait partie des <a href="https://www.travelriskmap.com/#/planner/map/security" rel="nofollow noopener" target="_blank">pays les plus sûrs pour les voyageurs</a>Il s'agit de territoires tels que la Norvège, le Danemark et le Groenland, Andorre, la Slovénie, Monaco, Saint-Marin, la Suisse, le Luxembourg, l'Islande et la Finlande.</p><p style="padding-left: 40px;">2. Quelle est la situation de la criminalité au Cap-Vert ?</p><p>La criminalité au Cap-Vert en général est <a href="https://www.osac.gov/Country/CaboVerde/Content/Detail/Report/33002b2a-1d03-4702-afe8-18d3928452a5" rel="nofollow noopener" target="_blank">faible</a>. La plupart des infractions sont commises dans le but d'obtenir un gain financier immédiat (vol à la tire, vol qualifié et vol à main armée). Il convient d'être particulièrement vigilant dans les lieux isolés, mal éclairés et la nuit.</p><p style="padding-left: 40px;">3. Quelle est l'île la plus dangereuse du Cap-Vert ?</p><p>En général, les îles du Cap-Vert ne sont pas dangereuses. Toutefois, en raison de l'urbanisation rapide et du chômage, la criminalité a augmenté ces dernières années, en particulier dans la ville de Praia. La ville de Mindelo et les îles de Sal et Boavista (les plus touristiques) ont également connu une augmentation, mais dans une moindre mesure.</p><p>En réponse, le gouvernement du Cap-Vert a mis en œuvre les mesures suivantes <a href="https://www.governo.cv/cidade-segura-governo-inaugura-centro-de-comando-de-s-vicente/" rel="nofollow noopener" target="_blank">mesures </a>afin de préserver la sécurité nationale des personnes vivant dans le pays et des visiteurs.</p>						</div>
				</div>
					</div>
		</div>
							</div>
		</section>
							</div>

<p>Dans l'ensemble, le taux de criminalité au Cap-Vert est faible. Selon l'indice mondial de la criminalité organisée, le pays fait partie des 50 pays ayant le taux de criminalité le plus bas et la plus grande résistance à la criminalité. Indice de criminalité du Cap-Vert. Source : Indice mondial de la criminalité organisée. Cependant, malgré [...]</p>
