{"id":1021,"date":"2022-05-27T13:41:16","date_gmt":"2022-05-27T13:41:16","guid":{"rendered":"https:\/\/feelcaboverde.com\/?page_id=1021"},"modified":"2023-04-02T14:05:34","modified_gmt":"2023-04-02T14:05:34","slug":"fuso-horario","status":"publish","type":"page","link":"https:\/\/feelcaboverde.com\/fr\/fuseau-horaire-du-cap-vert\/","title":{"rendered":"Fuseau horaire"},"content":{"rendered":"<div data-elementor-type=\"wp-page\" data-elementor-id=\"1021\" class=\"elementor elementor-1021\">\n\t\t\t\t\t\t\t\t\t<section data-particle_enable=\"false\" data-particle-mobile-disabled=\"false\" class=\"elementor-section elementor-top-section elementor-element elementor-element-43b54aea elementor-section-boxed elementor-section-height-default elementor-section-height-default\" data-id=\"43b54aea\" data-element_type=\"section\">\n\t\t\t\t\t\t<div class=\"elementor-container elementor-column-gap-default\">\n\t\t\t\t\t<div class=\"elementor-column elementor-col-100 elementor-top-column elementor-element elementor-element-6e42e8a5\" data-id=\"6e42e8a5\" data-element_type=\"column\">\n\t\t\t<div class=\"elementor-widget-wrap elementor-element-populated\">\n\t\t\t\t\t\t\t\t<div class=\"elementor-element elementor-element-56626ddb elementor-widget elementor-widget-text-editor\" data-id=\"56626ddb\" data-element_type=\"widget\" data-widget_type=\"text-editor.default\">\n\t\t\t\t<div class=\"elementor-widget-container\">\n\t\t\t<style>\/*! elementor - v3.7.1 - 14-08-2022 *\/\n.elementor-widget-text-editor.elementor-drop-cap-view-stacked .elementor-drop-cap{background-color:#818a91;color:#fff}.elementor-widget-text-editor.elementor-drop-cap-view-framed .elementor-drop-cap{color:#818a91;border:3px solid;background-color:transparent}.elementor-widget-text-editor:not(.elementor-drop-cap-view-default) .elementor-drop-cap{margin-top:8px}.elementor-widget-text-editor:not(.elementor-drop-cap-view-default) .elementor-drop-cap-letter{width:1em;height:1em}.elementor-widget-text-editor .elementor-drop-cap{float:left;text-align:center;line-height:1;font-size:50px}.elementor-widget-text-editor .elementor-drop-cap-letter{display:inline-block}<\/style>\t\t\t\t<h3>Fuseau horaire du Cap-Vert<\/h3>\n<p><span style=\"color: var( --e-global-color-text ); font-family: var( --e-global-typography-text-font-family ), Sans-serif; font-weight: var( --e-global-typography-text-font-weight ); text-align: var(--text-align); font-size: 1rem;\">Le Cap-Vert est situ\u00e9 dans l'oc\u00e9an Atlantique, \u00e0 environ 570 kilom\u00e8tres des c\u00f4tes de l'Afrique de l'Ouest. Le pays poss\u00e8de son propre fuseau horaire, connu sous le nom de Cape Verde Time (CVT). <\/span><b><span style=\"color: var( --e-global-color-text ); font-family: var( --e-global-typography-text-font-family ), Sans-serif; text-align: var(--text-align); font-size: 1rem;\">CVT est 1 heure avant le temps universel coordonn\u00e9 (UTC-1),&nbsp;<\/span><span style=\"color: var( --e-global-color-text ); font-family: var( --e-global-typography-text-font-family ), Sans-serif; text-align: var(--text-align); font-size: 1rem;\">toute l'ann\u00e9e<\/span><\/b><span style=\"color: var( --e-global-color-text ); font-family: var( --e-global-typography-text-font-family ), Sans-serif; font-size: 1rem; font-weight: var( --e-global-typography-text-font-weight ); text-align: var(--text-align);\">.<\/span><\/p>\n<p><span style=\"text-align: var(--text-align);\">Contrairement \u00e0 de nombreux pays, <b>Le Cap-Vert n'adopte pas l'heure d'\u00e9t\u00e9 <\/b>(<em>l'heure d'\u00e9t\u00e9<\/em>). Cela signifie que le pays conserve le m\u00eame fuseau horaire tout au long de l'ann\u00e9e.<br><\/span><\/p>\n<p><span style=\"text-align: var(--text-align);\">Il est important de se rappeler que la conversion du CVT pour d'autres fuseaux horaires peut \u00eatre affect\u00e9e par diff\u00e9rents facteurs, tels que l'adoption ou non de l'heure d'\u00e9t\u00e9 dans d'autres pays. C'est pourquoi il est toujours conseill\u00e9 de consulter des informations actualis\u00e9es sur les fuseaux horaires lorsque l'on voyage ou que l'on communique avec des personnes d'autres r\u00e9gions du monde.<\/span><\/p>\n<p><span style=\"text-align: var(--text-align);\">&nbsp;<\/span><\/p>\n<h3><span style=\"text-align: var(--text-align);\">Conclusion<\/span><\/h3>\n<p>En r\u00e9sum\u00e9, le Cap-Vert poss\u00e8de son propre fuseau horaire, l'heure du Cap-Vert (CVT), qui est en avance d'une heure sur le temps universel coordonn\u00e9 (UTC-1). Le pays n'adopte pas l'heure d'\u00e9t\u00e9 et pour convertir l'heure du Cap-Vert dans d'autres fuseaux horaires, il faut ajouter ou retrancher des heures, en fonction de la situation g\u00e9ographique. Il est important de conna\u00eetre ces informations pour planifier des voyages, des r\u00e9unions ou d'autres activit\u00e9s qui impliquent de communiquer avec des personnes de l'Union europ\u00e9enne.<\/p>\t\t\t\t\t\t<\/div>\n\t\t\t\t<\/div>\n\t\t\t\t\t<\/div>\n\t\t<\/div>\n\t\t\t\t\t\t\t<\/div>\n\t\t<\/section>\n\t\t\t\t\t\t\t<\/div>","protected":false},"excerpt":{"rendered":"<p>Fuseau horaire du Cap-Vert Le Cap-Vert est situ\u00e9 dans l'oc\u00e9an Atlantique, \u00e0 environ 570 kilom\u00e8tres des c\u00f4tes de l'Afrique de l'Ouest. Le pays poss\u00e8de son propre fuseau horaire, connu sous le nom de Cape Verde Time (CVT). Le CVT est en avance d'une heure sur le temps universel coordonn\u00e9 (UTC-1), tout au long de l'ann\u00e9e. Contrairement \u00e0 de nombreux pays, [...]<\/p>","protected":false},"author":1,"featured_media":0,"parent":0,"menu_order":0,"comment_status":"closed","ping_status":"closed","template":"","meta":{"footnotes":""},"categories":[],"tags":[],"class_list":["post-1021","page","type-page","status-publish","hentry"],"_links":{"self":[{"href":"https:\/\/feelcaboverde.com\/fr\/wp-json\/wp\/v2\/pages\/1021","targetHints":{"allow":["GET"]}}],"collection":[{"href":"https:\/\/feelcaboverde.com\/fr\/wp-json\/wp\/v2\/pages"}],"about":[{"href":"https:\/\/feelcaboverde.com\/fr\/wp-json\/wp\/v2\/types\/page"}],"author":[{"embeddable":true,"href":"https:\/\/feelcaboverde.com\/fr\/wp-json\/wp\/v2\/users\/1"}],"replies":[{"embeddable":true,"href":"https:\/\/feelcaboverde.com\/fr\/wp-json\/wp\/v2\/comments?post=1021"}],"version-history":[{"count":17,"href":"https:\/\/feelcaboverde.com\/fr\/wp-json\/wp\/v2\/pages\/1021\/revisions"}],"predecessor-version":[{"id":4301,"href":"https:\/\/feelcaboverde.com\/fr\/wp-json\/wp\/v2\/pages\/1021\/revisions\/4301"}],"wp:attachment":[{"href":"https:\/\/feelcaboverde.com\/fr\/wp-json\/wp\/v2\/media?parent=1021"}],"wp:term":[{"taxonomy":"category","embeddable":true,"href":"https:\/\/feelcaboverde.com\/fr\/wp-json\/wp\/v2\/categories?post=1021"},{"taxonomy":"post_tag","embeddable":true,"href":"https:\/\/feelcaboverde.com\/fr\/wp-json\/wp\/v2\/tags?post=1021"}],"curies":[{"name":"wp","href":"https:\/\/api.w.org\/{rel}","templated":true}]}}

<div data-elementor-type="wp-page" data-elementor-id="1021" class="elementor elementor-1021">
									<section data-particle_enable="false" data-particle-mobile-disabled="false" class="elementor-section elementor-top-section elementor-element elementor-element-43b54aea elementor-section-boxed elementor-section-height-default elementor-section-height-default" data-id="43b54aea" data-element_type="section">
						<div class="elementor-container elementor-column-gap-default">
					<div class="elementor-column elementor-col-100 elementor-top-column elementor-element elementor-element-6e42e8a5" data-id="6e42e8a5" data-element_type="column">
			<div class="elementor-widget-wrap elementor-element-populated">
								<div class="elementor-element elementor-element-56626ddb elementor-widget elementor-widget-text-editor" data-id="56626ddb" data-element_type="widget" data-widget_type="text-editor.default">
				<div class="elementor-widget-container">
			<style>/*! elementor - v3.7.1 - 14-08-2022 */
.elementor-widget-text-editor.elementor-drop-cap-view-stacked .elementor-drop-cap{background-color:#818a91;color:#fff}.elementor-widget-text-editor.elementor-drop-cap-view-framed .elementor-drop-cap{color:#818a91;border:3px solid;background-color:transparent}.elementor-widget-text-editor:not(.elementor-drop-cap-view-default) .elementor-drop-cap{margin-top:8px}.elementor-widget-text-editor:not(.elementor-drop-cap-view-default) .elementor-drop-cap-letter{width:1em;height:1em}.elementor-widget-text-editor .elementor-drop-cap{float:left;text-align:center;line-height:1;font-size:50px}.elementor-widget-text-editor .elementor-drop-cap-letter{display:inline-block}</style>				<h3>Fuseau horaire du Cap-Vert</h3>
<p><span style="color: var( --e-global-color-text ); font-family: var( --e-global-typography-text-font-family ), Sans-serif; font-weight: var( --e-global-typography-text-font-weight ); text-align: var(--text-align); font-size: 1rem;">Le Cap-Vert est situé dans l'océan Atlantique, à environ 570 kilomètres des côtes de l'Afrique de l'Ouest. Le pays possède son propre fuseau horaire, connu sous le nom de Cape Verde Time (CVT). </span><b><span style="color: var( --e-global-color-text ); font-family: var( --e-global-typography-text-font-family ), Sans-serif; text-align: var(--text-align); font-size: 1rem;">CVT est 1 heure avant le temps universel coordonné (UTC-1),&nbsp;</span><span style="color: var( --e-global-color-text ); font-family: var( --e-global-typography-text-font-family ), Sans-serif; text-align: var(--text-align); font-size: 1rem;">toute l'année</span></b><span style="color: var( --e-global-color-text ); font-family: var( --e-global-typography-text-font-family ), Sans-serif; font-size: 1rem; font-weight: var( --e-global-typography-text-font-weight ); text-align: var(--text-align);">.</span></p>
<p><span style="text-align: var(--text-align);">Contrairement à de nombreux pays, <b>Le Cap-Vert n'adopte pas l'heure d'été </b>(<em>l'heure d'été</em>). Cela signifie que le pays conserve le même fuseau horaire tout au long de l'année.<br></span></p>
<p><span style="text-align: var(--text-align);">Il est important de se rappeler que la conversion du CVT pour d'autres fuseaux horaires peut être affectée par différents facteurs, tels que l'adoption ou non de l'heure d'été dans d'autres pays. C'est pourquoi il est toujours conseillé de consulter des informations actualisées sur les fuseaux horaires lorsque l'on voyage ou que l'on communique avec des personnes d'autres régions du monde.</span></p>
<p><span style="text-align: var(--text-align);">&nbsp;</span></p>
<h3><span style="text-align: var(--text-align);">Conclusion</span></h3>
<p>En résumé, le Cap-Vert possède son propre fuseau horaire, l'heure du Cap-Vert (CVT), qui est en avance d'une heure sur le temps universel coordonné (UTC-1). Le pays n'adopte pas l'heure d'été et pour convertir l'heure du Cap-Vert dans d'autres fuseaux horaires, il faut ajouter ou retrancher des heures, en fonction de la situation géographique. Il est important de connaître ces informations pour planifier des voyages, des réunions ou d'autres activités qui impliquent de communiquer avec des personnes de l'Union européenne.</p>						</div>
				</div>
					</div>
		</div>
							</div>
		</section>
							</div>

<p>Fuseau horaire du Cap-Vert Le Cap-Vert est situé dans l'océan Atlantique, à environ 570 kilomètres des côtes de l'Afrique de l'Ouest. Le pays possède son propre fuseau horaire, connu sous le nom de Cape Verde Time (CVT). Le CVT est en avance d'une heure sur le temps universel coordonné (UTC-1), tout au long de l'année. Contrairement à de nombreux pays, [...]</p>
