{"id":973,"date":"2022-05-27T13:31:12","date_gmt":"2022-05-27T13:31:12","guid":{"rendered":"https:\/\/feelcaboverde.com\/?page_id=973"},"modified":"2023-04-01T23:46:20","modified_gmt":"2023-04-01T23:46:20","slug":"covid-19-cabo-verde","status":"publish","type":"page","link":"https:\/\/feelcaboverde.com\/es\/covid-19-cabo-verde\/","title":{"rendered":"COVID-19"},"content":{"rendered":"<div data-elementor-type=\"wp-page\" data-elementor-id=\"973\" class=\"elementor elementor-973\">\n\t\t\t\t\t\t\t\t\t<section data-particle_enable=\"false\" data-particle-mobile-disabled=\"false\" class=\"elementor-section elementor-top-section elementor-element elementor-element-43b54aea elementor-section-boxed elementor-section-height-default elementor-section-height-default\" data-id=\"43b54aea\" data-element_type=\"section\">\n\t\t\t\t\t\t<div class=\"elementor-container elementor-column-gap-default\">\n\t\t\t\t\t<div class=\"elementor-column elementor-col-100 elementor-top-column elementor-element elementor-element-6e42e8a5\" data-id=\"6e42e8a5\" data-element_type=\"column\">\n\t\t\t<div class=\"elementor-widget-wrap elementor-element-populated\">\n\t\t\t\t\t\t\t\t<div class=\"elementor-element elementor-element-56626ddb elementor-widget elementor-widget-text-editor\" data-id=\"56626ddb\" data-element_type=\"widget\" data-widget_type=\"text-editor.default\">\n\t\t\t\t<div class=\"elementor-widget-container\">\n\t\t\t<style>\/*! elementor - v3.7.1 - 14-08-2022 *\/\n.elementor-widget-text-editor.elementor-drop-cap-view-stacked .elementor-drop-cap{background-color:#818a91;color:#fff}.elementor-widget-text-editor.elementor-drop-cap-view-framed .elementor-drop-cap{color:#818a91;border:3px solid;background-color:transparent}.elementor-widget-text-editor:not(.elementor-drop-cap-view-default) .elementor-drop-cap{margin-top:8px}.elementor-widget-text-editor:not(.elementor-drop-cap-view-default) .elementor-drop-cap-letter{width:1em;height:1em}.elementor-widget-text-editor .elementor-drop-cap{float:left;text-align:center;line-height:1;font-size:50px}.elementor-widget-text-editor .elementor-drop-cap-letter{display:inline-block}<\/style>\t\t\t\t<h3>Covid-19 en Cabo Verde<\/h3>\n<p>Aunque Cabo Verde se ha visto gravemente afectado por diferentes oleadas de COVID-19, el pa\u00eds ha gestionado bien la pandemia. Cabo Verde ha ampliado significativamente su capacidad de an\u00e1lisis y ha invertido mucho en la vacunaci\u00f3n masiva, habiendo inmunizado a la gran mayor\u00eda de la poblaci\u00f3n elegible. La tasa de letalidad de la enfermedad en el pa\u00eds (aproximadamente 0,9%) es una de las m\u00e1s bajas de la regi\u00f3n africana.<\/p>\n<p>En este <a href=\"https:\/\/www.publichealthinafrica.org\/jphia\/article\/view\/2127\" rel=\"nofollow noopener\" target=\"_blank\">art\u00edculo revisado por expertos<\/a>Hemos resumido las principales medidas aplicadas por Cabo Verde al inicio de la pandemia y que han contribuido a controlarla eficazmente.&nbsp;<\/p>\n<h3>Covid-19 y requisitos de viaje interinsular e internacional para Cabo Verde<\/h3>\n<p>Actualmente (2023), <b>Cabo Verde no exige la prueba Covid-19 ni certificado de vacunaci\u00f3n ni para los viajes entre islas ni para las personas que llegan al pa\u00eds.<\/b> La actualizaci\u00f3n se encuentra en <a href=\"https:\/\/covid19.cv\/wp-content\/uploads\/2022\/09\/bo_14-09-2022_89.pdf\" rel=\"nofollow noopener\" target=\"_blank\">Bolet\u00edn Oficial <\/a>de 14 de septiembre de 2022:<\/p>\n<p>1. A efectos de los viajes interinsulares e internacionales a Cabo Verde, ya no es obligatorio que los pasajeros y la tripulaci\u00f3n que viajen por v\u00eda a\u00e9rea y mar\u00edtima presenten un certificado COVID v\u00e1lido o un resultado negativo en las pruebas de detecci\u00f3n.<\/p>\n<p>2. Para los viajes internacionales con origen en Cabo Verde, la exigencia de certificados o pruebas COVID depende de las directrices de las autoridades sanitarias de los pa\u00edses de destino.<\/p>\n<p>Para obtener informaci\u00f3n m\u00e1s detallada sobre la situaci\u00f3n del COVID-19 en Cabo Verde y los requisitos de viaje actualizados, consulte el documento <a href=\"https:\/\/covid19.cv\/\" rel=\"nofollow noopener\" target=\"_blank\">Sitio web de COVID-19<\/a> en el pa\u00eds, o p\u00f3ngase en contacto con nosotros.<\/p>\n<p><\/p>\t\t\t\t\t\t<\/div>\n\t\t\t\t<\/div>\n\t\t\t\t\t<\/div>\n\t\t<\/div>\n\t\t\t\t\t\t\t<\/div>\n\t\t<\/section>\n\t\t\t\t\t\t\t<\/div>","protected":false},"excerpt":{"rendered":"<p>Apesar de Cabo Verde ter sido severamente afetado por diferentes ondas de COVID-19, o pa\u00eds tem gerido bem a pandemia. Ampliou significativamente a capacidade de testagem e apostou fortemente na vacina\u00e7\u00e3o em massa, tendo imunizado a grande maioria da popula\u00e7\u00e3o eleg\u00edvel. A taxa de letalidade pela doen\u00e7a no pa\u00eds (aproximadamente 0,9%) \u00e9 das menores na [&hellip;]<\/p>","protected":false},"author":1,"featured_media":0,"parent":0,"menu_order":0,"comment_status":"closed","ping_status":"closed","template":"","meta":{"footnotes":""},"categories":[],"tags":[],"class_list":["post-973","page","type-page","status-publish","hentry"],"_links":{"self":[{"href":"https:\/\/feelcaboverde.com\/es\/wp-json\/wp\/v2\/pages\/973","targetHints":{"allow":["GET"]}}],"collection":[{"href":"https:\/\/feelcaboverde.com\/es\/wp-json\/wp\/v2\/pages"}],"about":[{"href":"https:\/\/feelcaboverde.com\/es\/wp-json\/wp\/v2\/types\/page"}],"author":[{"embeddable":true,"href":"https:\/\/feelcaboverde.com\/es\/wp-json\/wp\/v2\/users\/1"}],"replies":[{"embeddable":true,"href":"https:\/\/feelcaboverde.com\/es\/wp-json\/wp\/v2\/comments?post=973"}],"version-history":[{"count":18,"href":"https:\/\/feelcaboverde.com\/es\/wp-json\/wp\/v2\/pages\/973\/revisions"}],"predecessor-version":[{"id":4103,"href":"https:\/\/feelcaboverde.com\/es\/wp-json\/wp\/v2\/pages\/973\/revisions\/4103"}],"wp:attachment":[{"href":"https:\/\/feelcaboverde.com\/es\/wp-json\/wp\/v2\/media?parent=973"}],"wp:term":[{"taxonomy":"category","embeddable":true,"href":"https:\/\/feelcaboverde.com\/es\/wp-json\/wp\/v2\/categories?post=973"},{"taxonomy":"post_tag","embeddable":true,"href":"https:\/\/feelcaboverde.com\/es\/wp-json\/wp\/v2\/tags?post=973"}],"curies":[{"name":"wp","href":"https:\/\/api.w.org\/{rel}","templated":true}]}}

<div data-elementor-type="wp-page" data-elementor-id="973" class="elementor elementor-973">
									<section data-particle_enable="false" data-particle-mobile-disabled="false" class="elementor-section elementor-top-section elementor-element elementor-element-43b54aea elementor-section-boxed elementor-section-height-default elementor-section-height-default" data-id="43b54aea" data-element_type="section">
						<div class="elementor-container elementor-column-gap-default">
					<div class="elementor-column elementor-col-100 elementor-top-column elementor-element elementor-element-6e42e8a5" data-id="6e42e8a5" data-element_type="column">
			<div class="elementor-widget-wrap elementor-element-populated">
								<div class="elementor-element elementor-element-56626ddb elementor-widget elementor-widget-text-editor" data-id="56626ddb" data-element_type="widget" data-widget_type="text-editor.default">
				<div class="elementor-widget-container">
			<style>/*! elementor - v3.7.1 - 14-08-2022 */
.elementor-widget-text-editor.elementor-drop-cap-view-stacked .elementor-drop-cap{background-color:#818a91;color:#fff}.elementor-widget-text-editor.elementor-drop-cap-view-framed .elementor-drop-cap{color:#818a91;border:3px solid;background-color:transparent}.elementor-widget-text-editor:not(.elementor-drop-cap-view-default) .elementor-drop-cap{margin-top:8px}.elementor-widget-text-editor:not(.elementor-drop-cap-view-default) .elementor-drop-cap-letter{width:1em;height:1em}.elementor-widget-text-editor .elementor-drop-cap{float:left;text-align:center;line-height:1;font-size:50px}.elementor-widget-text-editor .elementor-drop-cap-letter{display:inline-block}</style>				<h3>Covid-19 en Cabo Verde</h3>
<p>Aunque Cabo Verde se ha visto gravemente afectado por diferentes oleadas de COVID-19, el país ha gestionado bien la pandemia. Cabo Verde ha ampliado significativamente su capacidad de análisis y ha invertido mucho en la vacunación masiva, habiendo inmunizado a la gran mayoría de la población elegible. La tasa de letalidad de la enfermedad en el país (aproximadamente 0,9%) es una de las más bajas de la región africana.</p>
<p>En este <a href="https://www.publichealthinafrica.org/jphia/article/view/2127" rel="nofollow noopener" target="_blank">artículo revisado por expertos</a>Hemos resumido las principales medidas aplicadas por Cabo Verde al inicio de la pandemia y que han contribuido a controlarla eficazmente.&nbsp;</p>
<h3>Covid-19 y requisitos de viaje interinsular e internacional para Cabo Verde</h3>
<p>Actualmente (2023), <b>Cabo Verde no exige la prueba Covid-19 ni certificado de vacunación ni para los viajes entre islas ni para las personas que llegan al país.</b> La actualización se encuentra en <a href="https://covid19.cv/wp-content/uploads/2022/09/bo_14-09-2022_89.pdf" rel="nofollow noopener" target="_blank">Boletín Oficial </a>de 14 de septiembre de 2022:</p>
<p>1. A efectos de los viajes interinsulares e internacionales a Cabo Verde, ya no es obligatorio que los pasajeros y la tripulación que viajen por vía aérea y marítima presenten un certificado COVID válido o un resultado negativo en las pruebas de detección.</p>
<p>2. Para los viajes internacionales con origen en Cabo Verde, la exigencia de certificados o pruebas COVID depende de las directrices de las autoridades sanitarias de los países de destino.</p>
<p>Para obtener información más detallada sobre la situación del COVID-19 en Cabo Verde y los requisitos de viaje actualizados, consulte el documento <a href="https://covid19.cv/" rel="nofollow noopener" target="_blank">Sitio web de COVID-19</a> en el país, o póngase en contacto con nosotros.</p>
<p></p>						</div>
				</div>
					</div>
		</div>
							</div>
		</section>
							</div>

<p>Apesar de Cabo Verde ter sido severamente afetado por diferentes ondas de COVID-19, o país tem gerido bem a pandemia. Ampliou significativamente a capacidade de testagem e apostou fortemente na vacinação em massa, tendo imunizado a grande maioria da população elegível. A taxa de letalidade pela doença no país (aproximadamente 0,9%) é das menores na [&hellip;]</p>
