{"id":3196,"date":"2022-11-30T11:12:24","date_gmt":"2022-11-30T11:12:24","guid":{"rendered":"https:\/\/feelcaboverde.com\/?page_id=3196"},"modified":"2023-04-04T00:50:14","modified_gmt":"2023-04-04T00:50:14","slug":"vulcao-do-fogo-ilha-do-fogo","status":"publish","type":"page","link":"https:\/\/feelcaboverde.com\/es\/volcan-de-fogo-isla-de-fogo\/","title":{"rendered":"Volc\u00e1n de Fuego - Isla del Fuego"},"content":{"rendered":"<div data-elementor-type=\"wp-page\" data-elementor-id=\"3196\" class=\"elementor elementor-3196\">\n\t\t\t\t\t\t\t\t\t<section data-particle_enable=\"false\" data-particle-mobile-disabled=\"false\" class=\"elementor-section elementor-top-section elementor-element elementor-element-7d82efc1 elementor-section-boxed elementor-section-height-default elementor-section-height-default\" data-id=\"7d82efc1\" data-element_type=\"section\">\n\t\t\t\t\t\t<div class=\"elementor-container elementor-column-gap-default\">\n\t\t\t\t\t<div class=\"elementor-column elementor-col-100 elementor-top-column elementor-element elementor-element-6e6df1f9\" data-id=\"6e6df1f9\" data-element_type=\"column\">\n\t\t\t<div class=\"elementor-widget-wrap elementor-element-populated\">\n\t\t\t\t\t\t\t\t<div class=\"elementor-element elementor-element-7a23810c elementor-widget elementor-widget-text-editor\" data-id=\"7a23810c\" data-element_type=\"widget\" data-widget_type=\"text-editor.default\">\n\t\t\t\t<div class=\"elementor-widget-container\">\n\t\t\t<style>\/*! elementor - v3.7.1 - 14-08-2022 *\/\n.elementor-widget-text-editor.elementor-drop-cap-view-stacked .elementor-drop-cap{background-color:#818a91;color:#fff}.elementor-widget-text-editor.elementor-drop-cap-view-framed .elementor-drop-cap{color:#818a91;border:3px solid;background-color:transparent}.elementor-widget-text-editor:not(.elementor-drop-cap-view-default) .elementor-drop-cap{margin-top:8px}.elementor-widget-text-editor:not(.elementor-drop-cap-view-default) .elementor-drop-cap-letter{width:1em;height:1em}.elementor-widget-text-editor .elementor-drop-cap{float:left;text-align:center;line-height:1;font-size:50px}.elementor-widget-text-editor .elementor-drop-cap-letter{display:inline-block}<\/style>\t\t\t\t<p>A 2.929 metros de altitud, el Pico do Fogo es el punto m\u00e1s alto de Cabo Verde y uno de los monumentos m\u00e1s conocidos del pa\u00eds.<\/p><p>Este emblem\u00e1tico monumento est\u00e1 rodeado por un dram\u00e1tico paisaje de oscuros r\u00edos de lava procedentes de erupciones pasadas.<\/p><p><img decoding=\"async\" class=\"alignnone size-full wp-image-3200\" src=\"http:\/\/feelcaboverde.com\/wp-content\/uploads\/2022\/11\/01-1.jpg\" alt=\"\" width=\"2048\" height=\"1536\" srcset=\"https:\/\/feelcaboverde.com\/wp-content\/uploads\/2022\/11\/01-1.jpg 2048w, https:\/\/feelcaboverde.com\/wp-content\/uploads\/2022\/11\/01-1-300x225.jpg 300w, https:\/\/feelcaboverde.com\/wp-content\/uploads\/2022\/11\/01-1-1024x768.jpg 1024w, https:\/\/feelcaboverde.com\/wp-content\/uploads\/2022\/11\/01-1-768x576.jpg 768w, https:\/\/feelcaboverde.com\/wp-content\/uploads\/2022\/11\/01-1-1536x1152.jpg 1536w\" sizes=\"(max-width: 2048px) 100vw, 2048px\" \/><\/p><p>La \u00faltima erupci\u00f3n del Pico do Fogo tuvo lugar en 2014, y sus huellas siguen muy presentes en Ch\u00e3 das Caldeiras, una pintoresca comunidad que no ha abandonado lo que les da vida, el propio volc\u00e1n.<\/p><p>Desde la cima de este coloso se divisa la ciudad de Ch\u00e3 das Caldeiras, la Serra da Bordeira y, en d\u00edas despejados, las islas vecinas. El aire huele ligeramente a azufre, mezclado con otros gases liberados por el volc\u00e1n.<\/p><p>Para los que no pueden prescindir de una buena aventura, subir a la cumbre del Pico do Fogo es imprescindible.<\/p><p><img decoding=\"async\" class=\"alignnone size-full wp-image-3201\" src=\"http:\/\/feelcaboverde.com\/wp-content\/uploads\/2022\/11\/02-2.jpg\" alt=\"\" width=\"2048\" height=\"1536\" srcset=\"https:\/\/feelcaboverde.com\/wp-content\/uploads\/2022\/11\/02-2.jpg 2048w, https:\/\/feelcaboverde.com\/wp-content\/uploads\/2022\/11\/02-2-300x225.jpg 300w, https:\/\/feelcaboverde.com\/wp-content\/uploads\/2022\/11\/02-2-1024x768.jpg 1024w, https:\/\/feelcaboverde.com\/wp-content\/uploads\/2022\/11\/02-2-768x576.jpg 768w, https:\/\/feelcaboverde.com\/wp-content\/uploads\/2022\/11\/02-2-1536x1152.jpg 1536w\" sizes=\"(max-width: 2048px) 100vw, 2048px\" \/><\/p><p>Lo mejor de todo es que la aventura no termina al llegar a la cima del volc\u00e1n. Al contrario, \u00a1eso es s\u00f3lo el principio! Una de las formas de bajar es dejarse deslizar por la \"jorra\" (coladas de lava seca) en un descenso fren\u00e9tico y emocionante, que no es apto para pusil\u00e1nimes.<\/p><p>El volc\u00e1n de Fogo fue votado una de las 7 Maravillas de Cabo Verde en la categor\u00eda \"Formaciones volc\u00e1nicas naturales, que incluyen formas localizadas como conos volc\u00e1nicos, vetas y pitones, chimeneas, cortes geol\u00f3gicos, t\u00faneles volc\u00e1nicos y otras geoformas de excepcional belleza paisaj\u00edstica\".<\/p>\t\t\t\t\t\t<\/div>\n\t\t\t\t<\/div>\n\t\t\t\t\t<\/div>\n\t\t<\/div>\n\t\t\t\t\t\t\t<\/div>\n\t\t<\/section>\n\t\t\t\t\t\t\t<\/div>","protected":false},"excerpt":{"rendered":"<p>A 2.929 metros de altitud, el Pico do Fogo es el punto m\u00e1s alto de Cabo Verde y una de las im\u00e1genes m\u00e1s conocidas del pa\u00eds. Este emblem\u00e1tico monumento est\u00e1 rodeado por un dram\u00e1tico paisaje de oscuros r\u00edos de lava procedentes de erupciones pasadas. La \u00faltima erupci\u00f3n del Pico do Fogo tuvo lugar en 2014, y [...]<\/p>","protected":false},"author":1,"featured_media":0,"parent":0,"menu_order":0,"comment_status":"closed","ping_status":"closed","template":"","meta":{"footnotes":""},"categories":[21],"tags":[],"class_list":["post-3196","page","type-page","status-publish","hentry","category-7-maravilhas"],"_links":{"self":[{"href":"https:\/\/feelcaboverde.com\/es\/wp-json\/wp\/v2\/pages\/3196","targetHints":{"allow":["GET"]}}],"collection":[{"href":"https:\/\/feelcaboverde.com\/es\/wp-json\/wp\/v2\/pages"}],"about":[{"href":"https:\/\/feelcaboverde.com\/es\/wp-json\/wp\/v2\/types\/page"}],"author":[{"embeddable":true,"href":"https:\/\/feelcaboverde.com\/es\/wp-json\/wp\/v2\/users\/1"}],"replies":[{"embeddable":true,"href":"https:\/\/feelcaboverde.com\/es\/wp-json\/wp\/v2\/comments?post=3196"}],"version-history":[{"count":5,"href":"https:\/\/feelcaboverde.com\/es\/wp-json\/wp\/v2\/pages\/3196\/revisions"}],"predecessor-version":[{"id":4584,"href":"https:\/\/feelcaboverde.com\/es\/wp-json\/wp\/v2\/pages\/3196\/revisions\/4584"}],"wp:attachment":[{"href":"https:\/\/feelcaboverde.com\/es\/wp-json\/wp\/v2\/media?parent=3196"}],"wp:term":[{"taxonomy":"category","embeddable":true,"href":"https:\/\/feelcaboverde.com\/es\/wp-json\/wp\/v2\/categories?post=3196"},{"taxonomy":"post_tag","embeddable":true,"href":"https:\/\/feelcaboverde.com\/es\/wp-json\/wp\/v2\/tags?post=3196"}],"curies":[{"name":"wp","href":"https:\/\/api.w.org\/{rel}","templated":true}]}}

Volcán de Fuego - Isla del Fuego

<div data-elementor-type="wp-page" data-elementor-id="3196" class="elementor elementor-3196">
									<section data-particle_enable="false" data-particle-mobile-disabled="false" class="elementor-section elementor-top-section elementor-element elementor-element-7d82efc1 elementor-section-boxed elementor-section-height-default elementor-section-height-default" data-id="7d82efc1" data-element_type="section">
						<div class="elementor-container elementor-column-gap-default">
					<div class="elementor-column elementor-col-100 elementor-top-column elementor-element elementor-element-6e6df1f9" data-id="6e6df1f9" data-element_type="column">
			<div class="elementor-widget-wrap elementor-element-populated">
								<div class="elementor-element elementor-element-7a23810c elementor-widget elementor-widget-text-editor" data-id="7a23810c" data-element_type="widget" data-widget_type="text-editor.default">
				<div class="elementor-widget-container">
			<style>/*! elementor - v3.7.1 - 14-08-2022 */
.elementor-widget-text-editor.elementor-drop-cap-view-stacked .elementor-drop-cap{background-color:#818a91;color:#fff}.elementor-widget-text-editor.elementor-drop-cap-view-framed .elementor-drop-cap{color:#818a91;border:3px solid;background-color:transparent}.elementor-widget-text-editor:not(.elementor-drop-cap-view-default) .elementor-drop-cap{margin-top:8px}.elementor-widget-text-editor:not(.elementor-drop-cap-view-default) .elementor-drop-cap-letter{width:1em;height:1em}.elementor-widget-text-editor .elementor-drop-cap{float:left;text-align:center;line-height:1;font-size:50px}.elementor-widget-text-editor .elementor-drop-cap-letter{display:inline-block}</style>				<p>A 2.929 metros de altitud, el Pico do Fogo es el punto más alto de Cabo Verde y uno de los monumentos más conocidos del país.</p><p>Este emblemático monumento está rodeado por un dramático paisaje de oscuros ríos de lava procedentes de erupciones pasadas.</p><p><img decoding="async" class="alignnone size-full wp-image-3200" src="http://feelcaboverde.com/wp-content/uploads/2022/11/01-1.jpg" alt="" width="2048" height="1536" srcset="https://feelcaboverde.com/wp-content/uploads/2022/11/01-1.jpg 2048w, https://feelcaboverde.com/wp-content/uploads/2022/11/01-1-300x225.jpg 300w, https://feelcaboverde.com/wp-content/uploads/2022/11/01-1-1024x768.jpg 1024w, https://feelcaboverde.com/wp-content/uploads/2022/11/01-1-768x576.jpg 768w, https://feelcaboverde.com/wp-content/uploads/2022/11/01-1-1536x1152.jpg 1536w" sizes="(max-width: 2048px) 100vw, 2048px" /></p><p>La última erupción del Pico do Fogo tuvo lugar en 2014, y sus huellas siguen muy presentes en Chã das Caldeiras, una pintoresca comunidad que no ha abandonado lo que les da vida, el propio volcán.</p><p>Desde la cima de este coloso se divisa la ciudad de Chã das Caldeiras, la Serra da Bordeira y, en días despejados, las islas vecinas. El aire huele ligeramente a azufre, mezclado con otros gases liberados por el volcán.</p><p>Para los que no pueden prescindir de una buena aventura, subir a la cumbre del Pico do Fogo es imprescindible.</p><p><img decoding="async" class="alignnone size-full wp-image-3201" src="http://feelcaboverde.com/wp-content/uploads/2022/11/02-2.jpg" alt="" width="2048" height="1536" srcset="https://feelcaboverde.com/wp-content/uploads/2022/11/02-2.jpg 2048w, https://feelcaboverde.com/wp-content/uploads/2022/11/02-2-300x225.jpg 300w, https://feelcaboverde.com/wp-content/uploads/2022/11/02-2-1024x768.jpg 1024w, https://feelcaboverde.com/wp-content/uploads/2022/11/02-2-768x576.jpg 768w, https://feelcaboverde.com/wp-content/uploads/2022/11/02-2-1536x1152.jpg 1536w" sizes="(max-width: 2048px) 100vw, 2048px" /></p><p>Lo mejor de todo es que la aventura no termina al llegar a la cima del volcán. Al contrario, ¡eso es sólo el principio! Una de las formas de bajar es dejarse deslizar por la "jorra" (coladas de lava seca) en un descenso frenético y emocionante, que no es apto para pusilánimes.</p><p>El volcán de Fogo fue votado una de las 7 Maravillas de Cabo Verde en la categoría "Formaciones volcánicas naturales, que incluyen formas localizadas como conos volcánicos, vetas y pitones, chimeneas, cortes geológicos, túneles volcánicos y otras geoformas de excepcional belleza paisajística".</p>						</div>
				</div>
					</div>
		</div>
							</div>
		</section>
							</div>

<p>A 2.929 metros de altitud, el Pico do Fogo es el punto más alto de Cabo Verde y una de las imágenes más conocidas del país. Este emblemático monumento está rodeado por un dramático paisaje de oscuros ríos de lava procedentes de erupciones pasadas. La última erupción del Pico do Fogo tuvo lugar en 2014, y [...]</p>
