{"id":3181,"date":"2022-11-30T10:28:56","date_gmt":"2022-11-30T10:28:56","guid":{"rendered":"https:\/\/feelcaboverde.com\/?page_id=3181"},"modified":"2023-04-02T20:36:45","modified_gmt":"2023-04-02T20:36:45","slug":"salinas-de-pedra-de-lume-ilha-do-sal","status":"publish","type":"page","link":"https:\/\/feelcaboverde.com\/es\/salinas-de-pedra-de-lume-isla-de-sal\/","title":{"rendered":"Salinas de Pedra de Lume - Isla de Sal"},"content":{"rendered":"<div data-elementor-type=\"wp-page\" data-elementor-id=\"3181\" class=\"elementor elementor-3181\">\n\t\t\t\t\t\t\t\t\t<section data-particle_enable=\"false\" data-particle-mobile-disabled=\"false\" class=\"elementor-section elementor-top-section elementor-element elementor-element-7d82efc1 elementor-section-boxed elementor-section-height-default elementor-section-height-default\" data-id=\"7d82efc1\" data-element_type=\"section\">\n\t\t\t\t\t\t<div class=\"elementor-container elementor-column-gap-default\">\n\t\t\t\t\t<div class=\"elementor-column elementor-col-100 elementor-top-column elementor-element elementor-element-6e6df1f9\" data-id=\"6e6df1f9\" data-element_type=\"column\">\n\t\t\t<div class=\"elementor-widget-wrap elementor-element-populated\">\n\t\t\t\t\t\t\t\t<div class=\"elementor-element elementor-element-7a23810c elementor-widget elementor-widget-text-editor\" data-id=\"7a23810c\" data-element_type=\"widget\" data-widget_type=\"text-editor.default\">\n\t\t\t\t<div class=\"elementor-widget-container\">\n\t\t\t<style>\/*! elementor - v3.7.1 - 14-08-2022 *\/\n.elementor-widget-text-editor.elementor-drop-cap-view-stacked .elementor-drop-cap{background-color:#818a91;color:#fff}.elementor-widget-text-editor.elementor-drop-cap-view-framed .elementor-drop-cap{color:#818a91;border:3px solid;background-color:transparent}.elementor-widget-text-editor:not(.elementor-drop-cap-view-default) .elementor-drop-cap{margin-top:8px}.elementor-widget-text-editor:not(.elementor-drop-cap-view-default) .elementor-drop-cap-letter{width:1em;height:1em}.elementor-widget-text-editor .elementor-drop-cap{float:left;text-align:center;line-height:1;font-size:50px}.elementor-widget-text-editor .elementor-drop-cap-letter{display:inline-block}<\/style>\t\t\t\t<h3>Salinas de Pedra de Lume - ubicaci\u00f3n<\/h3><p>Las Salinas de Pedra de Lume son un conjunto de salinas de la isla de Sal, situadas en el cr\u00e1ter de un volc\u00e1n extinguido, a 1.100 metros del mar. El punto m\u00e1s alto, el borde, est\u00e1 a 39 metros sobre el nivel del mar, mientras que el m\u00e1s bajo, la base del cr\u00e1ter, est\u00e1 por debajo del nivel del mar. Salinas ocupa una superficie total de unas 40 hect\u00e1reas.<\/p><p>Elevadas a la categor\u00eda de Patrimonio Nacional y una de las 7 Maravillas Naturales de Cabo Verde, las Salinas de Pedra de Lume son una visita obligada para cualquiera que visite la isla de Sal.<\/p><p><img decoding=\"async\" src=\"http:\/\/feelcaboverde.com\/wp-content\/uploads\/2022\/11\/01.jpg\" alt=\"\" width=\"2048\" height=\"1536\" \/><\/p><p>\u00a0<\/p><h3 style=\"font-family: Helvetica, sans-serif; color: #000000;\">Salinas de Pedra de Lume - historia<\/h3><p>En el pasado, la parte norte del cr\u00e1ter estaba en contacto con el mar a trav\u00e9s de canales naturales. El agua del mar se filtraba en el cr\u00e1ter y, tras evaporarse, dejaba un dep\u00f3sito de sal gema estimado en m\u00e1s de cincuenta millones de toneladas (IPC).<\/p><p>La industria de explotaci\u00f3n de la sal, que da nombre a la isla, comenz\u00f3 a finales del siglo XVII y desempe\u00f1\u00f3 un papel crucial en la ocupaci\u00f3n y el desarrollo de la isla. En el apogeo de la industria salinera, la isla exportaba m\u00e1s de 30.000 toneladas al a\u00f1o.<\/p><p>A finales del siglo XIX, la industria salinera sufri\u00f3 un fuerte declive, debido en gran parte a las restrictivas medidas de importaci\u00f3n impuestas por Brasil, principal importador de sal de Cabo Verde.<\/p><p>La d\u00e9cada de 1920 marc\u00f3 el auge de la industria salinera en la isla, con la instalaci\u00f3n de la empresa francesa Salins du Cap Vert. Esto cambiar\u00eda para siempre la historia y el paisaje de Pedra de Lume con la instalaci\u00f3n de un telef\u00e9rico de 1.100 metros desde las salinas hasta las zonas de embarque.<\/p><p><img decoding=\"async\" src=\"http:\/\/feelcaboverde.com\/wp-content\/uploads\/2022\/11\/02-1.jpg\" alt=\"\" width=\"2048\" height=\"1536\" \/><\/p><p>Con capacidad para transportar hasta 25 toneladas de sal por hora, el telef\u00e9rico sustituy\u00f3 al transporte de sal que antes realizaban animales e impuls\u00f3 la explotaci\u00f3n de la sal en la isla. Adem\u00e1s, se abri\u00f3 un t\u00fanel en la pared del volc\u00e1n, lo que facilit\u00f3 el acceso a las salinas. Los principales mercados de importaci\u00f3n de sal de Cabo Verde pasaron a ser las colonias francesas y belgas de \u00c1frica.<\/p><p>En la segunda mitad del siglo XX, un nuevo contexto mundial de (in)disponibilidad del mercado cambiar\u00eda en gran medida la historia de la industria salinera nacional. Cabe destacar los cambios en las pol\u00edticas comerciales de uno de los principales importadores de sal nacional de la \u00e9poca, la Rep\u00fablica Democr\u00e1tica del Congo, tras la independencia de ese pa\u00eds a principios de la d\u00e9cada de 1960.<\/p><p>Con el aumento de la explotaci\u00f3n y la disponibilidad de sal en otros pa\u00edses, la explotaci\u00f3n de este elemento en la isla de Sal ha disminuido dr\u00e1sticamente. Actualmente existe una peque\u00f1a explotaci\u00f3n de sal en la isla, que se utiliza principalmente para fabricar productos cosm\u00e9ticos y terap\u00e9uticos.<\/p><p>A finales del siglo XX, la isla de Sal volvi\u00f3 a emerger en la escena mundial, ahora como destino tur\u00edstico. Pedra de Lume, entonces rehabilitada, se convirti\u00f3 en una de las principales atracciones tur\u00edsticas de la isla.<\/p><h3><strong>\u00a0<\/strong><\/h3><h3><strong>\u00bfQu\u00e9 hacer en Salinas de Pedra de Lume?<\/strong><\/h3><p><strong>1. Senderismo<\/strong><\/p><p>Salinas de Pedra de Lume es una visita obligada para cualquiera que visite la isla de Sal. La belleza del paisaje no tiene parang\u00f3n en el archipi\u00e9lago y merece un poco de atenci\u00f3n.<\/p><p>Antes de entrar en las salinas, puede pasear por el cr\u00e1ter.<\/p><p>A la entrada del cr\u00e1ter, una cueva conduce a una serie de salinas multicolores, por las que se puede pasear y apreciar los mosaicos policromos de las salinas.<\/p><p><img decoding=\"async\" src=\"http:\/\/feelcaboverde.com\/wp-content\/uploads\/2022\/11\/03.jpg\" alt=\"\" width=\"2048\" height=\"1536\" \/><\/p><p>Tambi\u00e9n puede seguir la ruta del telef\u00e9rico hasta el pueblo pesquero de Pedra de Lume, donde a\u00fan quedan ruinas y monumentos de la \u00e9poca industrial.<\/p><p><img decoding=\"async\" src=\"http:\/\/feelcaboverde.com\/wp-content\/uploads\/2022\/11\/04.png\" alt=\"\" width=\"1200\" height=\"900\" \/><\/p><p><strong>2. Ba\u00f1os terap\u00e9uticos<\/strong><\/p><p>A lo largo de las salinas hay lagos poco profundos, de menos de un metro, con una concentraci\u00f3n salina 27 veces superior a la del agua de mar. La alta concentraci\u00f3n salina permite flotar f\u00e1cilmente en el agua.<\/p><p>Adem\u00e1s, los minerales del agua salada tienen un efecto relajante en el cuerpo y exfolian la piel, lo que lleva a muchas personas a buscar el lugar con fines terap\u00e9uticos.<\/p><p>Las Salinas de Pedra de Lume son un aut\u00e9ntico balneario al aire libre. Acu\u00e9rdate de traer el ba\u00f1ador y disfruta al m\u00e1ximo de la experiencia.<\/p><p>\u00a0<\/p><h3><strong>\u00bfC\u00f3mo llegar a las Salinas de Pedra de Lume?<\/strong><\/h3><p>Salinas de Pedra de Lume se encuentra en el noreste de la isla de Sal, a unos 6 kil\u00f3metros del centro de Espargos, la capital de la isla, y a unos 25 kil\u00f3metros de Santa Mar\u00eda.<\/p><p>Desde Espargos, los m\u00e1s aventureros pueden optar por caminar hasta las salinas; el trayecto dura aproximadamente una hora y media. Otra opci\u00f3n es ir en quad, taxi o transporte propio.\u00a0<\/p><p>Las opciones de transporte desde Santa Mar\u00eda son las mismas. Si opta por coger un taxi o un transporte contratado, lo mejor es acordar el precio y el tiempo de espera antes de tomar el transporte de vuelta a la ciudad.<\/p><h3><strong>\u00bfCu\u00e1nto cuesta la entrada a las Salinas de Pedra de Lume?<\/strong><\/h3><p>La entrada a las salinas de Pedra de Lume es gratuita para los ciudadanos portugueses y de unos 5 euros para los extranjeros. El precio incluye el acceso para ba\u00f1arse en las salinas.<\/p><p>\u00a0<\/p><h3><strong>Consejos sobre las salinas de Pedra de Lume<\/strong><\/h3><ul><li>Evite que le entre agua salada en los ojos. La alta concentraci\u00f3n de sales en el agua puede ser abrasiva para la conjuntiva del ojo.<\/li><li>El horario de apertura de las Salinas de Pedra de Lume suele ser de 09:00 a 17:45 todos los d\u00edas.<\/li><li>El mejor momento para visitar las salinas suele ser al principio o al final del d\u00eda, cuando el sol es menos intenso y la afluencia de gente es menor. No obstante, procure ir cuando el tiempo siga siendo soleado, que es cuando m\u00e1s destacan los colores de las salinas.<\/li><li>Si es posible, evite las horas cercanas al mediod\u00eda, cuando el sol es muy intenso y el n\u00famero de visitantes suele ser mayor.<\/li><li>Hay duchas de agua dulce donde podr\u00e1 \"quitarse la sal\" despu\u00e9s de remojarse en las salinas antes de marcharse.<\/li><li>En las salinas hay un peque\u00f1o restaurante donde se pueden comprar aperitivos y bebidas.<\/li><\/ul><p><strong>\u00a0<\/strong><\/p><h3><strong>Curiosidades sobre las Salinas de Pedra de Lume<\/strong><\/h3><ul><li>Con el fin de preservar la naturaleza y el valor cultural hist\u00f3rico del lugar, Salinas de Pedra de Lume se clasific\u00f3 como reserva natural protegida mediante el Decreto-Ley 3\/2003 de 24 de febrero.<\/li><li>Las Salinas de Pedra de Lume tambi\u00e9n fueron clasificadas como Patrimonio Natural, Hist\u00f3rico y Cultural de la Naci\u00f3n por Resoluci\u00f3n 21\/2012, de 24 de abril.<\/li><li>En diciembre de 2013, Salinas de Pedra de Lume fue elegida una de las 7 Maravillas de Cabo Verde en la categor\u00eda \"Bah\u00edas, ensenadas, calas y humedales de cualquier tama\u00f1o\".<\/li><li>Salinas de Pedra de Lume forma parte del <a href=\"https:\/\/whc.unesco.org\/en\/tentativelists\/?action=listtentative&amp;state=cv&amp;order=states\" rel=\"nofollow noopener\" target=\"_blank\">Lista indicativa de Cabo Verde para la UNESCO<\/a>por lo que aspira a ser reconocido como Patrimonio de la Humanidad.<\/li><\/ul><p><strong>\u00a0<\/strong><\/p><p><strong>Fuentes:<\/strong><\/p><p>Salinas de Pedra Lume: Patrimonio Nacional y una de las 7 Maravillas Naturales de Cabo Verde. Disponible en <a href=\"https:\/\/www.agendacultural.cv\/index.php?paginas=54&amp;id_cod=16\" rel=\"nofollow noopener\" target=\"_blank\">Agenda cultural de Cabo Verde<\/a><\/p><p>Monumentos y Sitios: Salinas de Pedra de Lume, Patrimonio Nacional. Disponible en <a href=\"https:\/\/ipc.cv\/monumento-e-sitio\/salinas-de-pedra-de-lume-patrimonio-nacional\/\" rel=\"nofollow noopener\" target=\"_blank\">Instituto del Patrimonio Cultural<\/a><\/p>\t\t\t\t\t\t<\/div>\n\t\t\t\t<\/div>\n\t\t\t\t\t<\/div>\n\t\t<\/div>\n\t\t\t\t\t\t\t<\/div>\n\t\t<\/section>\n\t\t\t\t\t\t\t<\/div>","protected":false},"excerpt":{"rendered":"<p>Salinas de Pedra de Lume - localizaci\u00f3n Las Salinas de Pedra de Lume son un conjunto de salinas de la isla de Sal, situadas en el cr\u00e1ter de un volc\u00e1n extinguido, a 1100 metros del mar. El punto m\u00e1s alto, el borde, est\u00e1 a 39 metros sobre el nivel del mar, mientras que el m\u00e1s bajo, [...]<\/p>","protected":false},"author":1,"featured_media":0,"parent":0,"menu_order":0,"comment_status":"closed","ping_status":"closed","template":"","meta":{"footnotes":""},"categories":[21],"tags":[],"class_list":["post-3181","page","type-page","status-publish","hentry","category-7-maravilhas"],"_links":{"self":[{"href":"https:\/\/feelcaboverde.com\/es\/wp-json\/wp\/v2\/pages\/3181","targetHints":{"allow":["GET"]}}],"collection":[{"href":"https:\/\/feelcaboverde.com\/es\/wp-json\/wp\/v2\/pages"}],"about":[{"href":"https:\/\/feelcaboverde.com\/es\/wp-json\/wp\/v2\/types\/page"}],"author":[{"embeddable":true,"href":"https:\/\/feelcaboverde.com\/es\/wp-json\/wp\/v2\/users\/1"}],"replies":[{"embeddable":true,"href":"https:\/\/feelcaboverde.com\/es\/wp-json\/wp\/v2\/comments?post=3181"}],"version-history":[{"count":18,"href":"https:\/\/feelcaboverde.com\/es\/wp-json\/wp\/v2\/pages\/3181\/revisions"}],"predecessor-version":[{"id":4494,"href":"https:\/\/feelcaboverde.com\/es\/wp-json\/wp\/v2\/pages\/3181\/revisions\/4494"}],"wp:attachment":[{"href":"https:\/\/feelcaboverde.com\/es\/wp-json\/wp\/v2\/media?parent=3181"}],"wp:term":[{"taxonomy":"category","embeddable":true,"href":"https:\/\/feelcaboverde.com\/es\/wp-json\/wp\/v2\/categories?post=3181"},{"taxonomy":"post_tag","embeddable":true,"href":"https:\/\/feelcaboverde.com\/es\/wp-json\/wp\/v2\/tags?post=3181"}],"curies":[{"name":"wp","href":"https:\/\/api.w.org\/{rel}","templated":true}]}}

<div data-elementor-type="wp-page" data-elementor-id="3181" class="elementor elementor-3181">
									<section data-particle_enable="false" data-particle-mobile-disabled="false" class="elementor-section elementor-top-section elementor-element elementor-element-7d82efc1 elementor-section-boxed elementor-section-height-default elementor-section-height-default" data-id="7d82efc1" data-element_type="section">
						<div class="elementor-container elementor-column-gap-default">
					<div class="elementor-column elementor-col-100 elementor-top-column elementor-element elementor-element-6e6df1f9" data-id="6e6df1f9" data-element_type="column">
			<div class="elementor-widget-wrap elementor-element-populated">
								<div class="elementor-element elementor-element-7a23810c elementor-widget elementor-widget-text-editor" data-id="7a23810c" data-element_type="widget" data-widget_type="text-editor.default">
				<div class="elementor-widget-container">
			<style>/*! elementor - v3.7.1 - 14-08-2022 */
.elementor-widget-text-editor.elementor-drop-cap-view-stacked .elementor-drop-cap{background-color:#818a91;color:#fff}.elementor-widget-text-editor.elementor-drop-cap-view-framed .elementor-drop-cap{color:#818a91;border:3px solid;background-color:transparent}.elementor-widget-text-editor:not(.elementor-drop-cap-view-default) .elementor-drop-cap{margin-top:8px}.elementor-widget-text-editor:not(.elementor-drop-cap-view-default) .elementor-drop-cap-letter{width:1em;height:1em}.elementor-widget-text-editor .elementor-drop-cap{float:left;text-align:center;line-height:1;font-size:50px}.elementor-widget-text-editor .elementor-drop-cap-letter{display:inline-block}</style>				<h3>Salinas de Pedra de Lume - ubicación</h3><p>Las Salinas de Pedra de Lume son un conjunto de salinas de la isla de Sal, situadas en el cráter de un volcán extinguido, a 1.100 metros del mar. El punto más alto, el borde, está a 39 metros sobre el nivel del mar, mientras que el más bajo, la base del cráter, está por debajo del nivel del mar. Salinas ocupa una superficie total de unas 40 hectáreas.</p><p>Elevadas a la categoría de Patrimonio Nacional y una de las 7 Maravillas Naturales de Cabo Verde, las Salinas de Pedra de Lume son una visita obligada para cualquiera que visite la isla de Sal.</p><p><img decoding="async" src="http://feelcaboverde.com/wp-content/uploads/2022/11/01.jpg" alt="" width="2048" height="1536" /></p><p> </p><h3 style="font-family: Helvetica, sans-serif; color: #000000;">Salinas de Pedra de Lume - historia</h3><p>En el pasado, la parte norte del cráter estaba en contacto con el mar a través de canales naturales. El agua del mar se filtraba en el cráter y, tras evaporarse, dejaba un depósito de sal gema estimado en más de cincuenta millones de toneladas (IPC).</p><p>La industria de explotación de la sal, que da nombre a la isla, comenzó a finales del siglo XVII y desempeñó un papel crucial en la ocupación y el desarrollo de la isla. En el apogeo de la industria salinera, la isla exportaba más de 30.000 toneladas al año.</p><p>A finales del siglo XIX, la industria salinera sufrió un fuerte declive, debido en gran parte a las restrictivas medidas de importación impuestas por Brasil, principal importador de sal de Cabo Verde.</p><p>La década de 1920 marcó el auge de la industria salinera en la isla, con la instalación de la empresa francesa Salins du Cap Vert. Esto cambiaría para siempre la historia y el paisaje de Pedra de Lume con la instalación de un teleférico de 1.100 metros desde las salinas hasta las zonas de embarque.</p><p><img decoding="async" src="http://feelcaboverde.com/wp-content/uploads/2022/11/02-1.jpg" alt="" width="2048" height="1536" /></p><p>Con capacidad para transportar hasta 25 toneladas de sal por hora, el teleférico sustituyó al transporte de sal que antes realizaban animales e impulsó la explotación de la sal en la isla. Además, se abrió un túnel en la pared del volcán, lo que facilitó el acceso a las salinas. Los principales mercados de importación de sal de Cabo Verde pasaron a ser las colonias francesas y belgas de África.</p><p>En la segunda mitad del siglo XX, un nuevo contexto mundial de (in)disponibilidad del mercado cambiaría en gran medida la historia de la industria salinera nacional. Cabe destacar los cambios en las políticas comerciales de uno de los principales importadores de sal nacional de la época, la República Democrática del Congo, tras la independencia de ese país a principios de la década de 1960.</p><p>Con el aumento de la explotación y la disponibilidad de sal en otros países, la explotación de este elemento en la isla de Sal ha disminuido drásticamente. Actualmente existe una pequeña explotación de sal en la isla, que se utiliza principalmente para fabricar productos cosméticos y terapéuticos.</p><p>A finales del siglo XX, la isla de Sal volvió a emerger en la escena mundial, ahora como destino turístico. Pedra de Lume, entonces rehabilitada, se convirtió en una de las principales atracciones turísticas de la isla.</p><h3><strong> </strong></h3><h3><strong>¿Qué hacer en Salinas de Pedra de Lume?</strong></h3><p><strong>1. Senderismo</strong></p><p>Salinas de Pedra de Lume es una visita obligada para cualquiera que visite la isla de Sal. La belleza del paisaje no tiene parangón en el archipiélago y merece un poco de atención.</p><p>Antes de entrar en las salinas, puede pasear por el cráter.</p><p>A la entrada del cráter, una cueva conduce a una serie de salinas multicolores, por las que se puede pasear y apreciar los mosaicos policromos de las salinas.</p><p><img decoding="async" src="http://feelcaboverde.com/wp-content/uploads/2022/11/03.jpg" alt="" width="2048" height="1536" /></p><p>También puede seguir la ruta del teleférico hasta el pueblo pesquero de Pedra de Lume, donde aún quedan ruinas y monumentos de la época industrial.</p><p><img decoding="async" src="http://feelcaboverde.com/wp-content/uploads/2022/11/04.png" alt="" width="1200" height="900" /></p><p><strong>2. Baños terapéuticos</strong></p><p>A lo largo de las salinas hay lagos poco profundos, de menos de un metro, con una concentración salina 27 veces superior a la del agua de mar. La alta concentración salina permite flotar fácilmente en el agua.</p><p>Además, los minerales del agua salada tienen un efecto relajante en el cuerpo y exfolian la piel, lo que lleva a muchas personas a buscar el lugar con fines terapéuticos.</p><p>Las Salinas de Pedra de Lume son un auténtico balneario al aire libre. Acuérdate de traer el bañador y disfruta al máximo de la experiencia.</p><p> </p><h3><strong>¿Cómo llegar a las Salinas de Pedra de Lume?</strong></h3><p>Salinas de Pedra de Lume se encuentra en el noreste de la isla de Sal, a unos 6 kilómetros del centro de Espargos, la capital de la isla, y a unos 25 kilómetros de Santa María.</p><p>Desde Espargos, los más aventureros pueden optar por caminar hasta las salinas; el trayecto dura aproximadamente una hora y media. Otra opción es ir en quad, taxi o transporte propio. </p><p>Las opciones de transporte desde Santa María son las mismas. Si opta por coger un taxi o un transporte contratado, lo mejor es acordar el precio y el tiempo de espera antes de tomar el transporte de vuelta a la ciudad.</p><h3><strong>¿Cuánto cuesta la entrada a las Salinas de Pedra de Lume?</strong></h3><p>La entrada a las salinas de Pedra de Lume es gratuita para los ciudadanos portugueses y de unos 5 euros para los extranjeros. El precio incluye el acceso para bañarse en las salinas.</p><p> </p><h3><strong>Consejos sobre las salinas de Pedra de Lume</strong></h3><ul><li>Evite que le entre agua salada en los ojos. La alta concentración de sales en el agua puede ser abrasiva para la conjuntiva del ojo.</li><li>El horario de apertura de las Salinas de Pedra de Lume suele ser de 09:00 a 17:45 todos los días.</li><li>El mejor momento para visitar las salinas suele ser al principio o al final del día, cuando el sol es menos intenso y la afluencia de gente es menor. No obstante, procure ir cuando el tiempo siga siendo soleado, que es cuando más destacan los colores de las salinas.</li><li>Si es posible, evite las horas cercanas al mediodía, cuando el sol es muy intenso y el número de visitantes suele ser mayor.</li><li>Hay duchas de agua dulce donde podrá "quitarse la sal" después de remojarse en las salinas antes de marcharse.</li><li>En las salinas hay un pequeño restaurante donde se pueden comprar aperitivos y bebidas.</li></ul><p><strong> </strong></p><h3><strong>Curiosidades sobre las Salinas de Pedra de Lume</strong></h3><ul><li>Con el fin de preservar la naturaleza y el valor cultural histórico del lugar, Salinas de Pedra de Lume se clasificó como reserva natural protegida mediante el Decreto-Ley 3/2003 de 24 de febrero.</li><li>Las Salinas de Pedra de Lume también fueron clasificadas como Patrimonio Natural, Histórico y Cultural de la Nación por Resolución 21/2012, de 24 de abril.</li><li>En diciembre de 2013, Salinas de Pedra de Lume fue elegida una de las 7 Maravillas de Cabo Verde en la categoría "Bahías, ensenadas, calas y humedales de cualquier tamaño".</li><li>Salinas de Pedra de Lume forma parte del <a href="https://whc.unesco.org/en/tentativelists/?action=listtentative&amp;state=cv&amp;order=states" rel="nofollow noopener" target="_blank">Lista indicativa de Cabo Verde para la UNESCO</a>por lo que aspira a ser reconocido como Patrimonio de la Humanidad.</li></ul><p><strong> </strong></p><p><strong>Fuentes:</strong></p><p>Salinas de Pedra Lume: Patrimonio Nacional y una de las 7 Maravillas Naturales de Cabo Verde. Disponible en <a href="https://www.agendacultural.cv/index.php?paginas=54&amp;id_cod=16" rel="nofollow noopener" target="_blank">Agenda cultural de Cabo Verde</a></p><p>Monumentos y Sitios: Salinas de Pedra de Lume, Patrimonio Nacional. Disponible en <a href="https://ipc.cv/monumento-e-sitio/salinas-de-pedra-de-lume-patrimonio-nacional/" rel="nofollow noopener" target="_blank">Instituto del Patrimonio Cultural</a></p>						</div>
				</div>
					</div>
		</div>
							</div>
		</section>
							</div>

<p>Salinas de Pedra de Lume - localización Las Salinas de Pedra de Lume son un conjunto de salinas de la isla de Sal, situadas en el cráter de un volcán extinguido, a 1100 metros del mar. El punto más alto, el borde, está a 39 metros sobre el nivel del mar, mientras que el más bajo, [...]</p>
