{"id":3171,"date":"2022-11-30T10:25:05","date_gmt":"2022-11-30T10:25:05","guid":{"rendered":"https:\/\/feelcaboverde.com\/?page_id=3171"},"modified":"2022-11-30T10:27:03","modified_gmt":"2022-11-30T10:27:03","slug":"parque-natural-de-monte-gordo-ilha-de-sao-nicolau","status":"publish","type":"page","link":"https:\/\/feelcaboverde.com\/es\/parque-natural-de-monte-gordo-isla-de-sao-nicolau\/","title":{"rendered":"Parque Natural de Monte Gordo - Isla de S\u00e3o Nicolau"},"content":{"rendered":"<div data-elementor-type=\"wp-page\" data-elementor-id=\"3171\" class=\"elementor elementor-3171\">\n\t\t\t\t\t\t\t\t\t<section data-particle_enable=\"false\" data-particle-mobile-disabled=\"false\" class=\"elementor-section elementor-top-section elementor-element elementor-element-7d82efc1 elementor-section-boxed elementor-section-height-default elementor-section-height-default\" data-id=\"7d82efc1\" data-element_type=\"section\">\n\t\t\t\t\t\t<div class=\"elementor-container elementor-column-gap-default\">\n\t\t\t\t\t<div class=\"elementor-column elementor-col-100 elementor-top-column elementor-element elementor-element-6e6df1f9\" data-id=\"6e6df1f9\" data-element_type=\"column\">\n\t\t\t<div class=\"elementor-widget-wrap elementor-element-populated\">\n\t\t\t\t\t\t\t\t<div class=\"elementor-element elementor-element-7a23810c elementor-widget elementor-widget-text-editor\" data-id=\"7a23810c\" data-element_type=\"widget\" data-widget_type=\"text-editor.default\">\n\t\t\t\t<div class=\"elementor-widget-container\">\n\t\t\t<style>\/*! elementor - v3.7.1 - 14-08-2022 *\/\n.elementor-widget-text-editor.elementor-drop-cap-view-stacked .elementor-drop-cap{background-color:#818a91;color:#fff}.elementor-widget-text-editor.elementor-drop-cap-view-framed .elementor-drop-cap{color:#818a91;border:3px solid;background-color:transparent}.elementor-widget-text-editor:not(.elementor-drop-cap-view-default) .elementor-drop-cap{margin-top:8px}.elementor-widget-text-editor:not(.elementor-drop-cap-view-default) .elementor-drop-cap-letter{width:1em;height:1em}.elementor-widget-text-editor .elementor-drop-cap{float:left;text-align:center;line-height:1;font-size:50px}.elementor-widget-text-editor .elementor-drop-cap-letter{display:inline-block}<\/style>\t\t\t\t<p>El Parque Natural de Monte Gordo est\u00e1 situado en la parte occidental de la isla de S\u00e3o Nicolau, con una superficie de 952 hect\u00e1reas entre los municipios de Ribeira Brava y Tarrafal.<\/p><p><img decoding=\"async\" class=\"alignnone size-full wp-image-1810\" src=\"http:\/\/feelcaboverde.com\/wp-content\/uploads\/2022\/09\/1.-Monte-Gordo-Sao-Nicolau-scaled.jpg\" alt=\"\" width=\"2560\" height=\"1438\" srcset=\"https:\/\/feelcaboverde.com\/wp-content\/uploads\/2022\/09\/1.-Monte-Gordo-Sao-Nicolau-scaled.jpg 2560w, https:\/\/feelcaboverde.com\/wp-content\/uploads\/2022\/09\/1.-Monte-Gordo-Sao-Nicolau-300x168.jpg 300w, https:\/\/feelcaboverde.com\/wp-content\/uploads\/2022\/09\/1.-Monte-Gordo-Sao-Nicolau-1024x575.jpg 1024w, https:\/\/feelcaboverde.com\/wp-content\/uploads\/2022\/09\/1.-Monte-Gordo-Sao-Nicolau-768x431.jpg 768w, https:\/\/feelcaboverde.com\/wp-content\/uploads\/2022\/09\/1.-Monte-Gordo-Sao-Nicolau-1536x863.jpg 1536w, https:\/\/feelcaboverde.com\/wp-content\/uploads\/2022\/09\/1.-Monte-Gordo-Sao-Nicolau-2048x1150.jpg 2048w\" sizes=\"(max-width: 2560px) 100vw, 2560px\" \/><\/p><p>\u00a0<\/p>\t\t\t\t\t\t<\/div>\n\t\t\t\t<\/div>\n\t\t\t\t\t<\/div>\n\t\t<\/div>\n\t\t\t\t\t\t\t<\/div>\n\t\t<\/section>\n\t\t\t\t\t\t\t<\/div>","protected":false},"excerpt":{"rendered":"<p>El Parque Natural de Monte Gordo est\u00e1 situado en la parte occidental de la isla de S\u00e3o Nicolau, con una superficie de 952 hect\u00e1reas entre los municipios de Ribeira Brava y Tarrafal. \u00a0<\/p>","protected":false},"author":1,"featured_media":0,"parent":0,"menu_order":0,"comment_status":"closed","ping_status":"closed","template":"","meta":{"footnotes":""},"categories":[21],"tags":[],"class_list":["post-3171","page","type-page","status-publish","hentry","category-7-maravilhas"],"_links":{"self":[{"href":"https:\/\/feelcaboverde.com\/es\/wp-json\/wp\/v2\/pages\/3171","targetHints":{"allow":["GET"]}}],"collection":[{"href":"https:\/\/feelcaboverde.com\/es\/wp-json\/wp\/v2\/pages"}],"about":[{"href":"https:\/\/feelcaboverde.com\/es\/wp-json\/wp\/v2\/types\/page"}],"author":[{"embeddable":true,"href":"https:\/\/feelcaboverde.com\/es\/wp-json\/wp\/v2\/users\/1"}],"replies":[{"embeddable":true,"href":"https:\/\/feelcaboverde.com\/es\/wp-json\/wp\/v2\/comments?post=3171"}],"version-history":[{"count":7,"href":"https:\/\/feelcaboverde.com\/es\/wp-json\/wp\/v2\/pages\/3171\/revisions"}],"predecessor-version":[{"id":4463,"href":"https:\/\/feelcaboverde.com\/es\/wp-json\/wp\/v2\/pages\/3171\/revisions\/4463"}],"wp:attachment":[{"href":"https:\/\/feelcaboverde.com\/es\/wp-json\/wp\/v2\/media?parent=3171"}],"wp:term":[{"taxonomy":"category","embeddable":true,"href":"https:\/\/feelcaboverde.com\/es\/wp-json\/wp\/v2\/categories?post=3171"},{"taxonomy":"post_tag","embeddable":true,"href":"https:\/\/feelcaboverde.com\/es\/wp-json\/wp\/v2\/tags?post=3171"}],"curies":[{"name":"wp","href":"https:\/\/api.w.org\/{rel}","templated":true}]}}

Parque Natural de Monte Gordo - Isla de São Nicolau

<div data-elementor-type="wp-page" data-elementor-id="3171" class="elementor elementor-3171">
									<section data-particle_enable="false" data-particle-mobile-disabled="false" class="elementor-section elementor-top-section elementor-element elementor-element-7d82efc1 elementor-section-boxed elementor-section-height-default elementor-section-height-default" data-id="7d82efc1" data-element_type="section">
						<div class="elementor-container elementor-column-gap-default">
					<div class="elementor-column elementor-col-100 elementor-top-column elementor-element elementor-element-6e6df1f9" data-id="6e6df1f9" data-element_type="column">
			<div class="elementor-widget-wrap elementor-element-populated">
								<div class="elementor-element elementor-element-7a23810c elementor-widget elementor-widget-text-editor" data-id="7a23810c" data-element_type="widget" data-widget_type="text-editor.default">
				<div class="elementor-widget-container">
			<style>/*! elementor - v3.7.1 - 14-08-2022 */
.elementor-widget-text-editor.elementor-drop-cap-view-stacked .elementor-drop-cap{background-color:#818a91;color:#fff}.elementor-widget-text-editor.elementor-drop-cap-view-framed .elementor-drop-cap{color:#818a91;border:3px solid;background-color:transparent}.elementor-widget-text-editor:not(.elementor-drop-cap-view-default) .elementor-drop-cap{margin-top:8px}.elementor-widget-text-editor:not(.elementor-drop-cap-view-default) .elementor-drop-cap-letter{width:1em;height:1em}.elementor-widget-text-editor .elementor-drop-cap{float:left;text-align:center;line-height:1;font-size:50px}.elementor-widget-text-editor .elementor-drop-cap-letter{display:inline-block}</style>				<p>El Parque Natural de Monte Gordo está situado en la parte occidental de la isla de São Nicolau, con una superficie de 952 hectáreas entre los municipios de Ribeira Brava y Tarrafal.</p><p><img decoding="async" class="alignnone size-full wp-image-1810" src="http://feelcaboverde.com/wp-content/uploads/2022/09/1.-Monte-Gordo-Sao-Nicolau-scaled.jpg" alt="" width="2560" height="1438" srcset="https://feelcaboverde.com/wp-content/uploads/2022/09/1.-Monte-Gordo-Sao-Nicolau-scaled.jpg 2560w, https://feelcaboverde.com/wp-content/uploads/2022/09/1.-Monte-Gordo-Sao-Nicolau-300x168.jpg 300w, https://feelcaboverde.com/wp-content/uploads/2022/09/1.-Monte-Gordo-Sao-Nicolau-1024x575.jpg 1024w, https://feelcaboverde.com/wp-content/uploads/2022/09/1.-Monte-Gordo-Sao-Nicolau-768x431.jpg 768w, https://feelcaboverde.com/wp-content/uploads/2022/09/1.-Monte-Gordo-Sao-Nicolau-1536x863.jpg 1536w, https://feelcaboverde.com/wp-content/uploads/2022/09/1.-Monte-Gordo-Sao-Nicolau-2048x1150.jpg 2048w" sizes="(max-width: 2560px) 100vw, 2560px" /></p><p> </p>						</div>
				</div>
					</div>
		</div>
							</div>
		</section>
							</div>

<p>El Parque Natural de Monte Gordo está situado en la parte occidental de la isla de São Nicolau, con una superficie de 952 hectáreas entre los municipios de Ribeira Brava y Tarrafal.  </p>
