{"id":1131,"date":"2022-05-27T14:16:15","date_gmt":"2022-05-27T14:16:15","guid":{"rendered":"https:\/\/feelcaboverde.com\/?page_id=1131"},"modified":"2023-04-04T00:41:19","modified_gmt":"2023-04-04T00:41:19","slug":"vestuario-o-que-usar-em-cabo-verde","status":"publish","type":"page","link":"https:\/\/feelcaboverde.com\/es\/ropa-que-usar-en-cabo-verde\/","title":{"rendered":"Ropa - Qu\u00e9 llevar en Cabo Verde"},"content":{"rendered":"<div data-elementor-type=\"wp-page\" data-elementor-id=\"1131\" class=\"elementor elementor-1131\">\n\t\t\t\t\t\t\t\t\t<section data-particle_enable=\"false\" data-particle-mobile-disabled=\"false\" class=\"elementor-section elementor-top-section elementor-element elementor-element-43b54aea elementor-section-boxed elementor-section-height-default elementor-section-height-default\" data-id=\"43b54aea\" data-element_type=\"section\">\n\t\t\t\t\t\t<div class=\"elementor-container elementor-column-gap-default\">\n\t\t\t\t\t<div class=\"elementor-column elementor-col-100 elementor-top-column elementor-element elementor-element-6e42e8a5\" data-id=\"6e42e8a5\" data-element_type=\"column\">\n\t\t\t<div class=\"elementor-widget-wrap elementor-element-populated\">\n\t\t\t\t\t\t\t\t<div class=\"elementor-element elementor-element-56626ddb elementor-widget elementor-widget-text-editor\" data-id=\"56626ddb\" data-element_type=\"widget\" data-widget_type=\"text-editor.default\">\n\t\t\t\t<div class=\"elementor-widget-container\">\n\t\t\t<style>\/*! elementor - v3.7.1 - 14-08-2022 *\/\n.elementor-widget-text-editor.elementor-drop-cap-view-stacked .elementor-drop-cap{background-color:#818a91;color:#fff}.elementor-widget-text-editor.elementor-drop-cap-view-framed .elementor-drop-cap{color:#818a91;border:3px solid;background-color:transparent}.elementor-widget-text-editor:not(.elementor-drop-cap-view-default) .elementor-drop-cap{margin-top:8px}.elementor-widget-text-editor:not(.elementor-drop-cap-view-default) .elementor-drop-cap-letter{width:1em;height:1em}.elementor-widget-text-editor .elementor-drop-cap{float:left;text-align:center;line-height:1;font-size:50px}.elementor-widget-text-editor .elementor-drop-cap-letter{display:inline-block}<\/style>\t\t\t\t<p>En Cabo Verde no existe un c\u00f3digo de vestimenta estricto, por lo que la gente viste libremente. El estilo de vestir de Cabo Verde es muy informal, influenciado principalmente por las tendencias occidentales.<\/p><p>En la vida cotidiana, las mujeres suelen llevar blusas ligeras y vaqueros. Las faldas y los vestidos tambi\u00e9n son habituales, sobre todo entre las mujeres adultas. Los hombres suelen llevar vaqueros y camisetas para situaciones informales, y pantalones y camisas de cuello para situaciones formales o menos informales.\u00a0<\/p><p>Para ir a la playa, los hombres caboverdianos suelen llevar ba\u00f1ador, pero algunos optan por el traje de ba\u00f1o. Las mujeres caboverdianas suelen llevar bikini, aunque algunas tambi\u00e9n optan por el ba\u00f1ador.<\/p><p><span style=\"font-weight: 400;\">Para m\u00e1s detalles, consulte la secci\u00f3n de ropa de nuestro art\u00edculo sobre qu\u00e9 llevar a Cabo Verde.<\/span><\/p>\t\t\t\t\t\t<\/div>\n\t\t\t\t<\/div>\n\t\t\t\t\t<\/div>\n\t\t<\/div>\n\t\t\t\t\t\t\t<\/div>\n\t\t<\/section>\n\t\t\t\t\t\t\t<\/div>","protected":false},"excerpt":{"rendered":"<p>En Cabo Verde no existe un c\u00f3digo de vestimenta estricto, por lo que la gente viste libremente. El estilo de vestir de Cabo Verde es muy informal, influenciado principalmente por las tendencias occidentales. En la vida cotidiana, las mujeres suelen llevar blusas ligeras y vaqueros. Tambi\u00e9n son comunes las faldas y los vestidos, sobre todo entre las mujeres adultas. La [...]<\/p>","protected":false},"author":1,"featured_media":0,"parent":0,"menu_order":0,"comment_status":"closed","ping_status":"closed","template":"","meta":{"footnotes":""},"categories":[],"tags":[],"class_list":["post-1131","page","type-page","status-publish","hentry"],"_links":{"self":[{"href":"https:\/\/feelcaboverde.com\/es\/wp-json\/wp\/v2\/pages\/1131","targetHints":{"allow":["GET"]}}],"collection":[{"href":"https:\/\/feelcaboverde.com\/es\/wp-json\/wp\/v2\/pages"}],"about":[{"href":"https:\/\/feelcaboverde.com\/es\/wp-json\/wp\/v2\/types\/page"}],"author":[{"embeddable":true,"href":"https:\/\/feelcaboverde.com\/es\/wp-json\/wp\/v2\/users\/1"}],"replies":[{"embeddable":true,"href":"https:\/\/feelcaboverde.com\/es\/wp-json\/wp\/v2\/comments?post=1131"}],"version-history":[{"count":11,"href":"https:\/\/feelcaboverde.com\/es\/wp-json\/wp\/v2\/pages\/1131\/revisions"}],"predecessor-version":[{"id":3874,"href":"https:\/\/feelcaboverde.com\/es\/wp-json\/wp\/v2\/pages\/1131\/revisions\/3874"}],"wp:attachment":[{"href":"https:\/\/feelcaboverde.com\/es\/wp-json\/wp\/v2\/media?parent=1131"}],"wp:term":[{"taxonomy":"category","embeddable":true,"href":"https:\/\/feelcaboverde.com\/es\/wp-json\/wp\/v2\/categories?post=1131"},{"taxonomy":"post_tag","embeddable":true,"href":"https:\/\/feelcaboverde.com\/es\/wp-json\/wp\/v2\/tags?post=1131"}],"curies":[{"name":"wp","href":"https:\/\/api.w.org\/{rel}","templated":true}]}}

Ropa - Qué llevar en Cabo Verde

<div data-elementor-type="wp-page" data-elementor-id="1131" class="elementor elementor-1131">
									<section data-particle_enable="false" data-particle-mobile-disabled="false" class="elementor-section elementor-top-section elementor-element elementor-element-43b54aea elementor-section-boxed elementor-section-height-default elementor-section-height-default" data-id="43b54aea" data-element_type="section">
						<div class="elementor-container elementor-column-gap-default">
					<div class="elementor-column elementor-col-100 elementor-top-column elementor-element elementor-element-6e42e8a5" data-id="6e42e8a5" data-element_type="column">
			<div class="elementor-widget-wrap elementor-element-populated">
								<div class="elementor-element elementor-element-56626ddb elementor-widget elementor-widget-text-editor" data-id="56626ddb" data-element_type="widget" data-widget_type="text-editor.default">
				<div class="elementor-widget-container">
			<style>/*! elementor - v3.7.1 - 14-08-2022 */
.elementor-widget-text-editor.elementor-drop-cap-view-stacked .elementor-drop-cap{background-color:#818a91;color:#fff}.elementor-widget-text-editor.elementor-drop-cap-view-framed .elementor-drop-cap{color:#818a91;border:3px solid;background-color:transparent}.elementor-widget-text-editor:not(.elementor-drop-cap-view-default) .elementor-drop-cap{margin-top:8px}.elementor-widget-text-editor:not(.elementor-drop-cap-view-default) .elementor-drop-cap-letter{width:1em;height:1em}.elementor-widget-text-editor .elementor-drop-cap{float:left;text-align:center;line-height:1;font-size:50px}.elementor-widget-text-editor .elementor-drop-cap-letter{display:inline-block}</style>				<p>En Cabo Verde no existe un código de vestimenta estricto, por lo que la gente viste libremente. El estilo de vestir de Cabo Verde es muy informal, influenciado principalmente por las tendencias occidentales.</p><p>En la vida cotidiana, las mujeres suelen llevar blusas ligeras y vaqueros. Las faldas y los vestidos también son habituales, sobre todo entre las mujeres adultas. Los hombres suelen llevar vaqueros y camisetas para situaciones informales, y pantalones y camisas de cuello para situaciones formales o menos informales. </p><p>Para ir a la playa, los hombres caboverdianos suelen llevar bañador, pero algunos optan por el traje de baño. Las mujeres caboverdianas suelen llevar bikini, aunque algunas también optan por el bañador.</p><p><span style="font-weight: 400;">Para más detalles, consulte la sección de ropa de nuestro artículo sobre qué llevar a Cabo Verde.</span></p>						</div>
				</div>
					</div>
		</div>
							</div>
		</section>
							</div>

<p>En Cabo Verde no existe un código de vestimenta estricto, por lo que la gente viste libremente. El estilo de vestir de Cabo Verde es muy informal, influenciado principalmente por las tendencias occidentales. En la vida cotidiana, las mujeres suelen llevar blusas ligeras y vaqueros. También son comunes las faldas y los vestidos, sobre todo entre las mujeres adultas. La [...]</p>
