{"id":1120,"date":"2022-05-27T14:10:38","date_gmt":"2022-05-27T14:10:38","guid":{"rendered":"https:\/\/feelcaboverde.com\/?page_id=1120"},"modified":"2023-04-03T22:19:30","modified_gmt":"2023-04-03T22:19:30","slug":"servicos-de-saude-em-cabo-verde","status":"publish","type":"page","link":"https:\/\/feelcaboverde.com\/es\/servicios-de-salud-en-cabo-verde\/","title":{"rendered":"Servicios sanitarios y normativa"},"content":{"rendered":"<div data-elementor-type=\"wp-page\" data-elementor-id=\"1120\" class=\"elementor elementor-1120\">\n\t\t\t\t\t\t\t\t\t<section data-particle_enable=\"false\" data-particle-mobile-disabled=\"false\" class=\"elementor-section elementor-top-section elementor-element elementor-element-43b54aea elementor-section-boxed elementor-section-height-default elementor-section-height-default\" data-id=\"43b54aea\" data-element_type=\"section\">\n\t\t\t\t\t\t<div class=\"elementor-container elementor-column-gap-default\">\n\t\t\t\t\t<div class=\"elementor-column elementor-col-100 elementor-top-column elementor-element elementor-element-6e42e8a5\" data-id=\"6e42e8a5\" data-element_type=\"column\">\n\t\t\t<div class=\"elementor-widget-wrap elementor-element-populated\">\n\t\t\t\t\t\t\t\t<div class=\"elementor-element elementor-element-56626ddb elementor-widget elementor-widget-text-editor\" data-id=\"56626ddb\" data-element_type=\"widget\" data-widget_type=\"text-editor.default\">\n\t\t\t\t<div class=\"elementor-widget-container\">\n\t\t\t<style>\/*! elementor - v3.7.1 - 14-08-2022 *\/\n.elementor-widget-text-editor.elementor-drop-cap-view-stacked .elementor-drop-cap{background-color:#818a91;color:#fff}.elementor-widget-text-editor.elementor-drop-cap-view-framed .elementor-drop-cap{color:#818a91;border:3px solid;background-color:transparent}.elementor-widget-text-editor:not(.elementor-drop-cap-view-default) .elementor-drop-cap{margin-top:8px}.elementor-widget-text-editor:not(.elementor-drop-cap-view-default) .elementor-drop-cap-letter{width:1em;height:1em}.elementor-widget-text-editor .elementor-drop-cap{float:left;text-align:center;line-height:1;font-size:50px}.elementor-widget-text-editor .elementor-drop-cap-letter{display:inline-block}<\/style>\t\t\t\t<p>Cabo Verde ha progresado considerablemente en materia de sanidad en los \u00faltimos a\u00f1os. El paludismo est\u00e1 en v\u00edas de eliminaci\u00f3n, y otras enfermedades como la difteria, la poliomielitis, el t\u00e9tanos y el sarampi\u00f3n se han combatido con \u00e9xito.<\/p>\n<p>A pesar de las mejoras sanitarias del sistema de salud caboverdiano, el nivel de los servicios sanitarios nacionales puede diferir mucho de su pa\u00eds de origen. El sistema sanitario caboverdiano es mayoritariamente p\u00fablico, con tarifas de servicio. El importe que pagan los no nacionales, como en otros pa\u00edses, es diferente (m\u00e1s caro).<\/p>\n<h3>&nbsp;<\/h3>\n<h3><strong>Servicios sanitarios en Cabo Verde <\/strong><\/h3>\n<p>Cabo Verde cuenta actualmente con seis hospitales p\u00fablicos. Todas las islas cuentan con m\u00e9dicos y enfermeros.<\/p>\n<p>Dos hospitales centrales prestan los servicios m\u00e1s especializados:<\/p>\n<ul>\n<li>Hospital Agostinho Neto, Praia, Isla de Santiago<\/li>\n<li>Hospital Dr. Baptista de Sousa, Mindelo, isla de S\u00e3o Vicente<\/li>\n<\/ul>\n<p>Los cuatro hospitales regionales, m\u00e1s peque\u00f1os que los centrales, responden a la demanda local y a servicios menos especializados:<\/p>\n<ul>\n<li>Hospital Dr. Jo\u00e3o Morais, Ribeira Grande, isla de Santo Ant\u00e3o<\/li>\n<li>Hospital Ramiro Alves Figueira, Espargos, Isla de Sal<\/li>\n<li>Hospital Regional Santa Rita Vieira, Assomada, Santiago Norte<\/li>\n<li>Hospital San Francisco de As\u00eds, S\u00e3o Filipe, Fogo<\/li>\n<\/ul>\n<p>Tambi\u00e9n hay centros de salud en todas las islas para atenci\u00f3n primaria y urgencias menores. No obstante, hay que tener en cuenta que las infraestructuras de las islas menores son limitadas y puede ser necesario evacuar al paciente a otras islas en funci\u00f3n de la gravedad de la enfermedad.<\/p>\n<p>Adem\u00e1s de los hospitales p\u00fablicos, hay cl\u00ednicas privadas en la mayor\u00eda de las islas.<\/p>\n<p>&nbsp;Algunos complejos cuentan con un centro m\u00e9dico b\u00e1sico o m\u00e9dicos de guardia a disposici\u00f3n de los hu\u00e9spedes.<\/p>\n<p><strong>En caso de emergencia, llame al 112. <\/strong><\/p>\n<p><strong>&nbsp;<\/strong><\/p>\n<h3><strong>Farmacias y medicamentos<\/strong><\/h3>\n<p>Hay farmacias en todas las islas, pero funcionan con horario limitado los fines de semana y festivos.<\/p>\n<p>Algunos medicamentos pueden estar limitados o no estar disponibles en las farmacias locales, as\u00ed que traiga siempre cualquier medicamento de uso continuado en cantidad suficiente para su estancia.<\/p>\n<p>Es aconsejable llevar algunos medicamentos b\u00e1sicos, como antidiarreicos, antial\u00e9rgicos y analg\u00e9sicos, y art\u00edculos \u00fatiles, como repelente de insectos y crema solar.<\/p>\n<p>Consulte nuestra gu\u00eda sobre qu\u00e9 llevar a Cabo Verde como ayuda adicional a la hora de hacer la maleta.<\/p>\n<p><strong>&nbsp;<\/strong><\/p>\n<h3><strong>Vacunas y medicaci\u00f3n profil\u00e1ctica<\/strong><\/h3>\n<p><strong>Cabo Verde no exige ning\u00fan medicamento profil\u00e1ctico para entrar en el pa\u00eds. <\/strong>No obstante, se recomienda la vacunaci\u00f3n contra la fiebre amarilla; puede exigirse un certificado de vacunaci\u00f3n contra la fiebre amarilla a los visitantes de pa\u00edses end\u00e9micos de la enfermedad.<\/p>\n<p>Tambi\u00e9n debes asegurarte de que la vacuna DTP (difteria, t\u00e9tanos, poliomielitis) est\u00e1 al d\u00eda.<\/p>\n<p>Para m\u00e1s informaci\u00f3n, consulte a su m\u00e9dico de cabecera o a las autoridades sanitarias locales.<\/p>\n<p><strong>Nota<\/strong>En caso de problemas de salud m\u00e1s graves (como casos complejos, o debido a las necesidades del paciente), puede ser necesario evacuar m\u00e9dicamente al viajero a un pa\u00eds vecino o al pa\u00eds de origen. Este procedimiento excepcional es considerablemente caro, por lo que es aconsejable contratar un seguro m\u00e9dico de viaje por precauci\u00f3n, o asegurarse de tener fondos suficientes para una posible emergencia.<\/p>\t\t\t\t\t\t<\/div>\n\t\t\t\t<\/div>\n\t\t\t\t\t<\/div>\n\t\t<\/div>\n\t\t\t\t\t\t\t<\/div>\n\t\t<\/section>\n\t\t\t\t\t\t\t<\/div>","protected":false},"excerpt":{"rendered":"<p>Cabo Verde ha progresado mucho en materia de sanidad en los \u00faltimos a\u00f1os. La malaria est\u00e1 en v\u00edas de eliminaci\u00f3n, y otras enfermedades como la difteria, la poliomielitis, el t\u00e9tanos y el sarampi\u00f3n se han combatido con \u00e9xito. A pesar de las mejoras sanitarias del sistema de salud caboverdiano, el nivel de los servicios sanitarios nacionales puede diferir mucho de [...]<\/p>","protected":false},"author":1,"featured_media":0,"parent":0,"menu_order":0,"comment_status":"closed","ping_status":"closed","template":"","meta":{"footnotes":""},"categories":[],"tags":[],"class_list":["post-1120","page","type-page","status-publish","hentry"],"_links":{"self":[{"href":"https:\/\/feelcaboverde.com\/es\/wp-json\/wp\/v2\/pages\/1120","targetHints":{"allow":["GET"]}}],"collection":[{"href":"https:\/\/feelcaboverde.com\/es\/wp-json\/wp\/v2\/pages"}],"about":[{"href":"https:\/\/feelcaboverde.com\/es\/wp-json\/wp\/v2\/types\/page"}],"author":[{"embeddable":true,"href":"https:\/\/feelcaboverde.com\/es\/wp-json\/wp\/v2\/users\/1"}],"replies":[{"embeddable":true,"href":"https:\/\/feelcaboverde.com\/es\/wp-json\/wp\/v2\/comments?post=1120"}],"version-history":[{"count":11,"href":"https:\/\/feelcaboverde.com\/es\/wp-json\/wp\/v2\/pages\/1120\/revisions"}],"predecessor-version":[{"id":4528,"href":"https:\/\/feelcaboverde.com\/es\/wp-json\/wp\/v2\/pages\/1120\/revisions\/4528"}],"wp:attachment":[{"href":"https:\/\/feelcaboverde.com\/es\/wp-json\/wp\/v2\/media?parent=1120"}],"wp:term":[{"taxonomy":"category","embeddable":true,"href":"https:\/\/feelcaboverde.com\/es\/wp-json\/wp\/v2\/categories?post=1120"},{"taxonomy":"post_tag","embeddable":true,"href":"https:\/\/feelcaboverde.com\/es\/wp-json\/wp\/v2\/tags?post=1120"}],"curies":[{"name":"wp","href":"https:\/\/api.w.org\/{rel}","templated":true}]}}

<div data-elementor-type="wp-page" data-elementor-id="1120" class="elementor elementor-1120">
									<section data-particle_enable="false" data-particle-mobile-disabled="false" class="elementor-section elementor-top-section elementor-element elementor-element-43b54aea elementor-section-boxed elementor-section-height-default elementor-section-height-default" data-id="43b54aea" data-element_type="section">
						<div class="elementor-container elementor-column-gap-default">
					<div class="elementor-column elementor-col-100 elementor-top-column elementor-element elementor-element-6e42e8a5" data-id="6e42e8a5" data-element_type="column">
			<div class="elementor-widget-wrap elementor-element-populated">
								<div class="elementor-element elementor-element-56626ddb elementor-widget elementor-widget-text-editor" data-id="56626ddb" data-element_type="widget" data-widget_type="text-editor.default">
				<div class="elementor-widget-container">
			<style>/*! elementor - v3.7.1 - 14-08-2022 */
.elementor-widget-text-editor.elementor-drop-cap-view-stacked .elementor-drop-cap{background-color:#818a91;color:#fff}.elementor-widget-text-editor.elementor-drop-cap-view-framed .elementor-drop-cap{color:#818a91;border:3px solid;background-color:transparent}.elementor-widget-text-editor:not(.elementor-drop-cap-view-default) .elementor-drop-cap{margin-top:8px}.elementor-widget-text-editor:not(.elementor-drop-cap-view-default) .elementor-drop-cap-letter{width:1em;height:1em}.elementor-widget-text-editor .elementor-drop-cap{float:left;text-align:center;line-height:1;font-size:50px}.elementor-widget-text-editor .elementor-drop-cap-letter{display:inline-block}</style>				<p>Cabo Verde ha progresado considerablemente en materia de sanidad en los últimos años. El paludismo está en vías de eliminación, y otras enfermedades como la difteria, la poliomielitis, el tétanos y el sarampión se han combatido con éxito.</p>
<p>A pesar de las mejoras sanitarias del sistema de salud caboverdiano, el nivel de los servicios sanitarios nacionales puede diferir mucho de su país de origen. El sistema sanitario caboverdiano es mayoritariamente público, con tarifas de servicio. El importe que pagan los no nacionales, como en otros países, es diferente (más caro).</p>
<h3>&nbsp;</h3>
<h3><strong>Servicios sanitarios en Cabo Verde </strong></h3>
<p>Cabo Verde cuenta actualmente con seis hospitales públicos. Todas las islas cuentan con médicos y enfermeros.</p>
<p>Dos hospitales centrales prestan los servicios más especializados:</p>
<ul>
<li>Hospital Agostinho Neto, Praia, Isla de Santiago</li>
<li>Hospital Dr. Baptista de Sousa, Mindelo, isla de São Vicente</li>
</ul>
<p>Los cuatro hospitales regionales, más pequeños que los centrales, responden a la demanda local y a servicios menos especializados:</p>
<ul>
<li>Hospital Dr. João Morais, Ribeira Grande, isla de Santo Antão</li>
<li>Hospital Ramiro Alves Figueira, Espargos, Isla de Sal</li>
<li>Hospital Regional Santa Rita Vieira, Assomada, Santiago Norte</li>
<li>Hospital San Francisco de Asís, São Filipe, Fogo</li>
</ul>
<p>También hay centros de salud en todas las islas para atención primaria y urgencias menores. No obstante, hay que tener en cuenta que las infraestructuras de las islas menores son limitadas y puede ser necesario evacuar al paciente a otras islas en función de la gravedad de la enfermedad.</p>
<p>Además de los hospitales públicos, hay clínicas privadas en la mayoría de las islas.</p>
<p>&nbsp;Algunos complejos cuentan con un centro médico básico o médicos de guardia a disposición de los huéspedes.</p>
<p><strong>En caso de emergencia, llame al 112. </strong></p>
<p><strong>&nbsp;</strong></p>
<h3><strong>Farmacias y medicamentos</strong></h3>
<p>Hay farmacias en todas las islas, pero funcionan con horario limitado los fines de semana y festivos.</p>
<p>Algunos medicamentos pueden estar limitados o no estar disponibles en las farmacias locales, así que traiga siempre cualquier medicamento de uso continuado en cantidad suficiente para su estancia.</p>
<p>Es aconsejable llevar algunos medicamentos básicos, como antidiarreicos, antialérgicos y analgésicos, y artículos útiles, como repelente de insectos y crema solar.</p>
<p>Consulte nuestra guía sobre qué llevar a Cabo Verde como ayuda adicional a la hora de hacer la maleta.</p>
<p><strong>&nbsp;</strong></p>
<h3><strong>Vacunas y medicación profiláctica</strong></h3>
<p><strong>Cabo Verde no exige ningún medicamento profiláctico para entrar en el país. </strong>No obstante, se recomienda la vacunación contra la fiebre amarilla; puede exigirse un certificado de vacunación contra la fiebre amarilla a los visitantes de países endémicos de la enfermedad.</p>
<p>También debes asegurarte de que la vacuna DTP (difteria, tétanos, poliomielitis) está al día.</p>
<p>Para más información, consulte a su médico de cabecera o a las autoridades sanitarias locales.</p>
<p><strong>Nota</strong>En caso de problemas de salud más graves (como casos complejos, o debido a las necesidades del paciente), puede ser necesario evacuar médicamente al viajero a un país vecino o al país de origen. Este procedimiento excepcional es considerablemente caro, por lo que es aconsejable contratar un seguro médico de viaje por precaución, o asegurarse de tener fondos suficientes para una posible emergencia.</p>						</div>
				</div>
					</div>
		</div>
							</div>
		</section>
							</div>

<p>Cabo Verde ha progresado mucho en materia de sanidad en los últimos años. La malaria está en vías de eliminación, y otras enfermedades como la difteria, la poliomielitis, el tétanos y el sarampión se han combatido con éxito. A pesar de las mejoras sanitarias del sistema de salud caboverdiano, el nivel de los servicios sanitarios nacionales puede diferir mucho de [...]</p>
