{"id":1021,"date":"2022-05-27T13:41:16","date_gmt":"2022-05-27T13:41:16","guid":{"rendered":"https:\/\/feelcaboverde.com\/?page_id=1021"},"modified":"2023-04-02T14:05:34","modified_gmt":"2023-04-02T14:05:34","slug":"fuso-horario","status":"publish","type":"page","link":"https:\/\/feelcaboverde.com\/es\/zona-horaria-de-cabo-verde\/","title":{"rendered":"Huso horario"},"content":{"rendered":"<div data-elementor-type=\"wp-page\" data-elementor-id=\"1021\" class=\"elementor elementor-1021\">\n\t\t\t\t\t\t\t\t\t<section data-particle_enable=\"false\" data-particle-mobile-disabled=\"false\" class=\"elementor-section elementor-top-section elementor-element elementor-element-43b54aea elementor-section-boxed elementor-section-height-default elementor-section-height-default\" data-id=\"43b54aea\" data-element_type=\"section\">\n\t\t\t\t\t\t<div class=\"elementor-container elementor-column-gap-default\">\n\t\t\t\t\t<div class=\"elementor-column elementor-col-100 elementor-top-column elementor-element elementor-element-6e42e8a5\" data-id=\"6e42e8a5\" data-element_type=\"column\">\n\t\t\t<div class=\"elementor-widget-wrap elementor-element-populated\">\n\t\t\t\t\t\t\t\t<div class=\"elementor-element elementor-element-56626ddb elementor-widget elementor-widget-text-editor\" data-id=\"56626ddb\" data-element_type=\"widget\" data-widget_type=\"text-editor.default\">\n\t\t\t\t<div class=\"elementor-widget-container\">\n\t\t\t<style>\/*! elementor - v3.7.1 - 14-08-2022 *\/\n.elementor-widget-text-editor.elementor-drop-cap-view-stacked .elementor-drop-cap{background-color:#818a91;color:#fff}.elementor-widget-text-editor.elementor-drop-cap-view-framed .elementor-drop-cap{color:#818a91;border:3px solid;background-color:transparent}.elementor-widget-text-editor:not(.elementor-drop-cap-view-default) .elementor-drop-cap{margin-top:8px}.elementor-widget-text-editor:not(.elementor-drop-cap-view-default) .elementor-drop-cap-letter{width:1em;height:1em}.elementor-widget-text-editor .elementor-drop-cap{float:left;text-align:center;line-height:1;font-size:50px}.elementor-widget-text-editor .elementor-drop-cap-letter{display:inline-block}<\/style>\t\t\t\t<h3>Zona horaria de Cabo Verde<\/h3>\n<p><span style=\"color: var( --e-global-color-text ); font-family: var( --e-global-typography-text-font-family ), Sans-serif; font-weight: var( --e-global-typography-text-font-weight ); text-align: var(--text-align); font-size: 1rem;\">Cabo Verde est\u00e1 situado en el oc\u00e9ano Atl\u00e1ntico, a unos 570 kil\u00f3metros de la costa de \u00c1frica Occidental. El pa\u00eds tiene su propio huso horario, conocido como Hora de Cabo Verde (CVT). <\/span><b><span style=\"color: var( --e-global-color-text ); font-family: var( --e-global-typography-text-font-family ), Sans-serif; text-align: var(--text-align); font-size: 1rem;\">El CVT es 1 hora anterior al Tiempo Universal Coordinado (UTC-1),&nbsp;<\/span><span style=\"color: var( --e-global-color-text ); font-family: var( --e-global-typography-text-font-family ), Sans-serif; text-align: var(--text-align); font-size: 1rem;\">todo el a\u00f1o<\/span><\/b><span style=\"color: var( --e-global-color-text ); font-family: var( --e-global-typography-text-font-family ), Sans-serif; font-size: 1rem; font-weight: var( --e-global-typography-text-font-weight ); text-align: var(--text-align);\">.<\/span><\/p>\n<p><span style=\"text-align: var(--text-align);\">A diferencia de muchos pa\u00edses, <b>Cabo Verde no adopta el horario de verano <\/b>(<em>horario de verano<\/em>). Esto significa que el pa\u00eds mantiene el mismo huso horario todo el a\u00f1o.<br><\/span><\/p>\n<p><span style=\"text-align: var(--text-align);\">Es importante recordar que la conversi\u00f3n de CVT para otras zonas horarias puede verse afectada por diferentes factores, como la adopci\u00f3n o no del horario de verano en otros pa\u00edses. Por este motivo, siempre es aconsejable consultar informaci\u00f3n actualizada sobre husos horarios cuando se viaja o se comunica con personas de otras regiones del mundo.<\/span><\/p>\n<p><span style=\"text-align: var(--text-align);\">&nbsp;<\/span><\/p>\n<h3><span style=\"text-align: var(--text-align);\">Conclusi\u00f3n<\/span><\/h3>\n<p>En resumen, Cabo Verde tiene su propio huso horario, la Hora de Cabo Verde (CVT), que va 1 hora por delante del Tiempo Universal Coordinado (UTC-1). El pa\u00eds no adopta el horario de verano y para convertir la hora CVT a otras zonas horarias hay que sumar o restar horas, seg\u00fan la ubicaci\u00f3n geogr\u00e1fica. Conocer esta informaci\u00f3n es importante a la hora de planificar viajes, reuniones u otras actividades que impliquen comunicarse con<\/p>\t\t\t\t\t\t<\/div>\n\t\t\t\t<\/div>\n\t\t\t\t\t<\/div>\n\t\t<\/div>\n\t\t\t\t\t\t\t<\/div>\n\t\t<\/section>\n\t\t\t\t\t\t\t<\/div>","protected":false},"excerpt":{"rendered":"<p>Huso horario de Cabo Verde Cabo Verde est\u00e1 situado en el oc\u00e9ano Atl\u00e1ntico, a unos 570 kil\u00f3metros de la costa de \u00c1frica Occidental. El pa\u00eds tiene su propio huso horario, conocido como Hora de Cabo Verde (CVT). La hora universal coordinada (UTC-1) est\u00e1 adelantada en una hora durante todo el a\u00f1o. A diferencia de muchos pa\u00edses, [...]<\/p>","protected":false},"author":1,"featured_media":0,"parent":0,"menu_order":0,"comment_status":"closed","ping_status":"closed","template":"","meta":{"footnotes":""},"categories":[],"tags":[],"class_list":["post-1021","page","type-page","status-publish","hentry"],"_links":{"self":[{"href":"https:\/\/feelcaboverde.com\/es\/wp-json\/wp\/v2\/pages\/1021","targetHints":{"allow":["GET"]}}],"collection":[{"href":"https:\/\/feelcaboverde.com\/es\/wp-json\/wp\/v2\/pages"}],"about":[{"href":"https:\/\/feelcaboverde.com\/es\/wp-json\/wp\/v2\/types\/page"}],"author":[{"embeddable":true,"href":"https:\/\/feelcaboverde.com\/es\/wp-json\/wp\/v2\/users\/1"}],"replies":[{"embeddable":true,"href":"https:\/\/feelcaboverde.com\/es\/wp-json\/wp\/v2\/comments?post=1021"}],"version-history":[{"count":17,"href":"https:\/\/feelcaboverde.com\/es\/wp-json\/wp\/v2\/pages\/1021\/revisions"}],"predecessor-version":[{"id":4301,"href":"https:\/\/feelcaboverde.com\/es\/wp-json\/wp\/v2\/pages\/1021\/revisions\/4301"}],"wp:attachment":[{"href":"https:\/\/feelcaboverde.com\/es\/wp-json\/wp\/v2\/media?parent=1021"}],"wp:term":[{"taxonomy":"category","embeddable":true,"href":"https:\/\/feelcaboverde.com\/es\/wp-json\/wp\/v2\/categories?post=1021"},{"taxonomy":"post_tag","embeddable":true,"href":"https:\/\/feelcaboverde.com\/es\/wp-json\/wp\/v2\/tags?post=1021"}],"curies":[{"name":"wp","href":"https:\/\/api.w.org\/{rel}","templated":true}]}}

<div data-elementor-type="wp-page" data-elementor-id="1021" class="elementor elementor-1021">
									<section data-particle_enable="false" data-particle-mobile-disabled="false" class="elementor-section elementor-top-section elementor-element elementor-element-43b54aea elementor-section-boxed elementor-section-height-default elementor-section-height-default" data-id="43b54aea" data-element_type="section">
						<div class="elementor-container elementor-column-gap-default">
					<div class="elementor-column elementor-col-100 elementor-top-column elementor-element elementor-element-6e42e8a5" data-id="6e42e8a5" data-element_type="column">
			<div class="elementor-widget-wrap elementor-element-populated">
								<div class="elementor-element elementor-element-56626ddb elementor-widget elementor-widget-text-editor" data-id="56626ddb" data-element_type="widget" data-widget_type="text-editor.default">
				<div class="elementor-widget-container">
			<style>/*! elementor - v3.7.1 - 14-08-2022 */
.elementor-widget-text-editor.elementor-drop-cap-view-stacked .elementor-drop-cap{background-color:#818a91;color:#fff}.elementor-widget-text-editor.elementor-drop-cap-view-framed .elementor-drop-cap{color:#818a91;border:3px solid;background-color:transparent}.elementor-widget-text-editor:not(.elementor-drop-cap-view-default) .elementor-drop-cap{margin-top:8px}.elementor-widget-text-editor:not(.elementor-drop-cap-view-default) .elementor-drop-cap-letter{width:1em;height:1em}.elementor-widget-text-editor .elementor-drop-cap{float:left;text-align:center;line-height:1;font-size:50px}.elementor-widget-text-editor .elementor-drop-cap-letter{display:inline-block}</style>				<h3>Zona horaria de Cabo Verde</h3>
<p><span style="color: var( --e-global-color-text ); font-family: var( --e-global-typography-text-font-family ), Sans-serif; font-weight: var( --e-global-typography-text-font-weight ); text-align: var(--text-align); font-size: 1rem;">Cabo Verde está situado en el océano Atlántico, a unos 570 kilómetros de la costa de África Occidental. El país tiene su propio huso horario, conocido como Hora de Cabo Verde (CVT). </span><b><span style="color: var( --e-global-color-text ); font-family: var( --e-global-typography-text-font-family ), Sans-serif; text-align: var(--text-align); font-size: 1rem;">El CVT es 1 hora anterior al Tiempo Universal Coordinado (UTC-1),&nbsp;</span><span style="color: var( --e-global-color-text ); font-family: var( --e-global-typography-text-font-family ), Sans-serif; text-align: var(--text-align); font-size: 1rem;">todo el año</span></b><span style="color: var( --e-global-color-text ); font-family: var( --e-global-typography-text-font-family ), Sans-serif; font-size: 1rem; font-weight: var( --e-global-typography-text-font-weight ); text-align: var(--text-align);">.</span></p>
<p><span style="text-align: var(--text-align);">A diferencia de muchos países, <b>Cabo Verde no adopta el horario de verano </b>(<em>horario de verano</em>). Esto significa que el país mantiene el mismo huso horario todo el año.<br></span></p>
<p><span style="text-align: var(--text-align);">Es importante recordar que la conversión de CVT para otras zonas horarias puede verse afectada por diferentes factores, como la adopción o no del horario de verano en otros países. Por este motivo, siempre es aconsejable consultar información actualizada sobre husos horarios cuando se viaja o se comunica con personas de otras regiones del mundo.</span></p>
<p><span style="text-align: var(--text-align);">&nbsp;</span></p>
<h3><span style="text-align: var(--text-align);">Conclusión</span></h3>
<p>En resumen, Cabo Verde tiene su propio huso horario, la Hora de Cabo Verde (CVT), que va 1 hora por delante del Tiempo Universal Coordinado (UTC-1). El país no adopta el horario de verano y para convertir la hora CVT a otras zonas horarias hay que sumar o restar horas, según la ubicación geográfica. Conocer esta información es importante a la hora de planificar viajes, reuniones u otras actividades que impliquen comunicarse con</p>						</div>
				</div>
					</div>
		</div>
							</div>
		</section>
							</div>

<p>Huso horario de Cabo Verde Cabo Verde está situado en el océano Atlántico, a unos 570 kilómetros de la costa de África Occidental. El país tiene su propio huso horario, conocido como Hora de Cabo Verde (CVT). La hora universal coordinada (UTC-1) está adelantada en una hora durante todo el año. A diferencia de muchos países, [...]</p>
