{"id":973,"date":"2022-05-27T13:31:12","date_gmt":"2022-05-27T13:31:12","guid":{"rendered":"https:\/\/feelcaboverde.com\/?page_id=973"},"modified":"2023-04-01T23:46:20","modified_gmt":"2023-04-01T23:46:20","slug":"covid-19-cabo-verde","status":"publish","type":"page","link":"https:\/\/feelcaboverde.com\/en\/covid-19-cape-verde\/","title":{"rendered":"COVID-19"},"content":{"rendered":"<div data-elementor-type=\"wp-page\" data-elementor-id=\"973\" class=\"elementor elementor-973\">\n\t\t\t\t\t\t\t\t\t<section data-particle_enable=\"false\" data-particle-mobile-disabled=\"false\" class=\"elementor-section elementor-top-section elementor-element elementor-element-43b54aea elementor-section-boxed elementor-section-height-default elementor-section-height-default\" data-id=\"43b54aea\" data-element_type=\"section\">\n\t\t\t\t\t\t<div class=\"elementor-container elementor-column-gap-default\">\n\t\t\t\t\t<div class=\"elementor-column elementor-col-100 elementor-top-column elementor-element elementor-element-6e42e8a5\" data-id=\"6e42e8a5\" data-element_type=\"column\">\n\t\t\t<div class=\"elementor-widget-wrap elementor-element-populated\">\n\t\t\t\t\t\t\t\t<div class=\"elementor-element elementor-element-56626ddb elementor-widget elementor-widget-text-editor\" data-id=\"56626ddb\" data-element_type=\"widget\" data-widget_type=\"text-editor.default\">\n\t\t\t\t<div class=\"elementor-widget-container\">\n\t\t\t<style>\/*! elementor - v3.7.1 - 14-08-2022 *\/\n.elementor-widget-text-editor.elementor-drop-cap-view-stacked .elementor-drop-cap{background-color:#818a91;color:#fff}.elementor-widget-text-editor.elementor-drop-cap-view-framed .elementor-drop-cap{color:#818a91;border:3px solid;background-color:transparent}.elementor-widget-text-editor:not(.elementor-drop-cap-view-default) .elementor-drop-cap{margin-top:8px}.elementor-widget-text-editor:not(.elementor-drop-cap-view-default) .elementor-drop-cap-letter{width:1em;height:1em}.elementor-widget-text-editor .elementor-drop-cap{float:left;text-align:center;line-height:1;font-size:50px}.elementor-widget-text-editor .elementor-drop-cap-letter{display:inline-block}<\/style>\t\t\t\t<h3>Covid-19 in Cape Verde<\/h3>\n<p>Although Cape Verde has been severely affected by different waves of COVID-19, the country has managed the pandemic well. Cape Verde has significantly expanded its testing capacity and invested heavily in mass vaccination, having immunized the vast majority of the eligible population. The fatality rate for the disease in the country (approximately 0.9%) is one of the lowest in the African region.<\/p>\n<p>In this <a href=\"https:\/\/www.publichealthinafrica.org\/jphia\/article\/view\/2127\" rel=\"nofollow noopener\" target=\"_blank\">peer-reviewed article<\/a>We have summarized the main measures implemented by Cape Verde at the beginning of the pandemic and which helped to control it effectively.&nbsp;<\/p>\n<h3>Covid-19 and inter-island and international travel requirements for Cape Verde<\/h3>\n<p>Currently (2023), <b>Cape Verde does not require a Covid-19 test or vaccination certificate either for inter-island travel or for people arriving in the country.<\/b> The update is in the <a href=\"https:\/\/covid19.cv\/wp-content\/uploads\/2022\/09\/bo_14-09-2022_89.pdf\" rel=\"nofollow noopener\" target=\"_blank\">Official Bulletin <\/a>of September 14, 2022, which reads:<\/p>\n<p>1. For the purposes of inter-island and international travel to Cape Verde, passengers and crew traveling by air and sea are no longer required to present a valid COVID Certificate or a negative screening test result.<\/p>\n<p>2. For international trips originating in Cape Verde, the requirement for COVID Certificates or testing depends on the guidelines of the health authorities of the destination countries.<\/p>\n<p>For more detailed information on the state of COVID-19 in Cape Verde and the updated travel requirements, please consult the <a href=\"https:\/\/covid19.cv\/\" rel=\"nofollow noopener\" target=\"_blank\">COVID-19 website<\/a> in the country, or contact us.<\/p>\n<p><\/p>\t\t\t\t\t\t<\/div>\n\t\t\t\t<\/div>\n\t\t\t\t\t<\/div>\n\t\t<\/div>\n\t\t\t\t\t\t\t<\/div>\n\t\t<\/section>\n\t\t\t\t\t\t\t<\/div>","protected":false},"excerpt":{"rendered":"<p>Apesar de Cabo Verde ter sido severamente afetado por diferentes ondas de COVID-19, o pa\u00eds tem gerido bem a pandemia. Ampliou significativamente a capacidade de testagem e apostou fortemente na vacina\u00e7\u00e3o em massa, tendo imunizado a grande maioria da popula\u00e7\u00e3o eleg\u00edvel. A taxa de letalidade pela doen\u00e7a no pa\u00eds (aproximadamente 0,9%) \u00e9 das menores na [&hellip;]<\/p>","protected":false},"author":1,"featured_media":0,"parent":0,"menu_order":0,"comment_status":"closed","ping_status":"closed","template":"","meta":{"footnotes":""},"categories":[],"tags":[],"class_list":["post-973","page","type-page","status-publish","hentry"],"_links":{"self":[{"href":"https:\/\/feelcaboverde.com\/en\/wp-json\/wp\/v2\/pages\/973","targetHints":{"allow":["GET"]}}],"collection":[{"href":"https:\/\/feelcaboverde.com\/en\/wp-json\/wp\/v2\/pages"}],"about":[{"href":"https:\/\/feelcaboverde.com\/en\/wp-json\/wp\/v2\/types\/page"}],"author":[{"embeddable":true,"href":"https:\/\/feelcaboverde.com\/en\/wp-json\/wp\/v2\/users\/1"}],"replies":[{"embeddable":true,"href":"https:\/\/feelcaboverde.com\/en\/wp-json\/wp\/v2\/comments?post=973"}],"version-history":[{"count":18,"href":"https:\/\/feelcaboverde.com\/en\/wp-json\/wp\/v2\/pages\/973\/revisions"}],"predecessor-version":[{"id":4103,"href":"https:\/\/feelcaboverde.com\/en\/wp-json\/wp\/v2\/pages\/973\/revisions\/4103"}],"wp:attachment":[{"href":"https:\/\/feelcaboverde.com\/en\/wp-json\/wp\/v2\/media?parent=973"}],"wp:term":[{"taxonomy":"category","embeddable":true,"href":"https:\/\/feelcaboverde.com\/en\/wp-json\/wp\/v2\/categories?post=973"},{"taxonomy":"post_tag","embeddable":true,"href":"https:\/\/feelcaboverde.com\/en\/wp-json\/wp\/v2\/tags?post=973"}],"curies":[{"name":"wp","href":"https:\/\/api.w.org\/{rel}","templated":true}]}}

<p>Apesar de Cabo Verde ter sido severamente afetado por diferentes ondas de COVID-19, o país tem gerido bem a pandemia. Ampliou significativamente a capacidade de testagem e apostou fortemente na vacinação em massa, tendo imunizado a grande maioria da população elegível. A taxa de letalidade pela doença no país (aproximadamente 0,9%) é das menores na [&hellip;]</p>
