{"id":3196,"date":"2022-11-30T11:12:24","date_gmt":"2022-11-30T11:12:24","guid":{"rendered":"https:\/\/feelcaboverde.com\/?page_id=3196"},"modified":"2023-04-04T00:50:14","modified_gmt":"2023-04-04T00:50:14","slug":"vulcao-do-fogo-ilha-do-fogo","status":"publish","type":"page","link":"https:\/\/feelcaboverde.com\/de\/fogo-vulkan-fogo-insel\/","title":{"rendered":"Vulkan des Feuers - Isla del Fuego"},"content":{"rendered":"<div data-elementor-type=\"wp-page\" data-elementor-id=\"3196\" class=\"elementor elementor-3196\">\n\t\t\t\t\t\t\t\t\t<section data-particle_enable=\"false\" data-particle-mobile-disabled=\"false\" class=\"elementor-section elementor-top-section elementor-element elementor-element-7d82efc1 elementor-section-boxed elementor-section-height-default elementor-section-height-default\" data-id=\"7d82efc1\" data-element_type=\"section\">\n\t\t\t\t\t\t<div class=\"elementor-container elementor-column-gap-default\">\n\t\t\t\t\t<div class=\"elementor-column elementor-col-100 elementor-top-column elementor-element elementor-element-6e6df1f9\" data-id=\"6e6df1f9\" data-element_type=\"column\">\n\t\t\t<div class=\"elementor-widget-wrap elementor-element-populated\">\n\t\t\t\t\t\t\t\t<div class=\"elementor-element elementor-element-7a23810c elementor-widget elementor-widget-text-editor\" data-id=\"7a23810c\" data-element_type=\"widget\" data-widget_type=\"text-editor.default\">\n\t\t\t\t<div class=\"elementor-widget-container\">\n\t\t\t<style>\/*! elementor - v3.7.1 - 14-08-2022 *\/\n.elementor-widget-text-editor.elementor-drop-cap-view-stacked .elementor-drop-cap{background-color:#818a91;color:#fff}.elementor-widget-text-editor.elementor-drop-cap-view-framed .elementor-drop-cap{color:#818a91;border:3px solid;background-color:transparent}.elementor-widget-text-editor:not(.elementor-drop-cap-view-default) .elementor-drop-cap{margin-top:8px}.elementor-widget-text-editor:not(.elementor-drop-cap-view-default) .elementor-drop-cap-letter{width:1em;height:1em}.elementor-widget-text-editor .elementor-drop-cap{float:left;text-align:center;line-height:1;font-size:50px}.elementor-widget-text-editor .elementor-drop-cap-letter{display:inline-block}<\/style>\t\t\t\t<p>Mit einer H\u00f6he von 2929 Metern ist der Pico do Fogo der h\u00f6chste Punkt der Kapverden und eine der bekanntesten Sehensw\u00fcrdigkeiten des Landes.<\/p><p>Dieses emblematische Monument ist von einer dramatischen Landschaft mit dunklen Lavastr\u00f6men aus vergangenen Eruptionen umgeben.<\/p><p><img decoding=\"async\" class=\"alignnone size-full wp-image-3200\" src=\"http:\/\/feelcaboverde.com\/wp-content\/uploads\/2022\/11\/01-1.jpg\" alt=\"\" width=\"2048\" height=\"1536\" srcset=\"https:\/\/feelcaboverde.com\/wp-content\/uploads\/2022\/11\/01-1.jpg 2048w, https:\/\/feelcaboverde.com\/wp-content\/uploads\/2022\/11\/01-1-300x225.jpg 300w, https:\/\/feelcaboverde.com\/wp-content\/uploads\/2022\/11\/01-1-1024x768.jpg 1024w, https:\/\/feelcaboverde.com\/wp-content\/uploads\/2022\/11\/01-1-768x576.jpg 768w, https:\/\/feelcaboverde.com\/wp-content\/uploads\/2022\/11\/01-1-1536x1152.jpg 1536w\" sizes=\"(max-width: 2048px) 100vw, 2048px\" \/><\/p><p>Der letzte Ausbruch des Pico do Fogo fand 2014 statt, und seine Spuren sind in Ch\u00e3 das Caldeiras noch sehr pr\u00e4sent, einer malerischen Gemeinde, die das, was ihr Leben ausmacht, n\u00e4mlich den Vulkan selbst, nicht aufgegeben hat.<\/p><p>Vom Gipfel dieses Kolosses aus kann man die Stadt Ch\u00e3 das Caldeiras, die Serra da Bordeira und an klaren Tagen auch die Nachbarinseln sehen. Die Luft riecht leicht nach Schwefel, der sich mit anderen vom Vulkan freigesetzten Gasen vermischt.<\/p><p>F\u00fcr diejenigen, die auf ein gutes Abenteuer nicht verzichten k\u00f6nnen, ist die Besteigung des Gipfels des Pico do Fogo ein Muss.<\/p><p><img decoding=\"async\" class=\"alignnone size-full wp-image-3201\" src=\"http:\/\/feelcaboverde.com\/wp-content\/uploads\/2022\/11\/02-2.jpg\" alt=\"\" width=\"2048\" height=\"1536\" srcset=\"https:\/\/feelcaboverde.com\/wp-content\/uploads\/2022\/11\/02-2.jpg 2048w, https:\/\/feelcaboverde.com\/wp-content\/uploads\/2022\/11\/02-2-300x225.jpg 300w, https:\/\/feelcaboverde.com\/wp-content\/uploads\/2022\/11\/02-2-1024x768.jpg 1024w, https:\/\/feelcaboverde.com\/wp-content\/uploads\/2022\/11\/02-2-768x576.jpg 768w, https:\/\/feelcaboverde.com\/wp-content\/uploads\/2022\/11\/02-2-1536x1152.jpg 1536w\" sizes=\"(max-width: 2048px) 100vw, 2048px\" \/><\/p><p>Und das Beste ist, dass das Abenteuer nicht endet, wenn Sie den Gipfel des Vulkans erreichen. Im Gegenteil, das ist erst der Anfang! Einer der Wege nach unten besteht darin, sich in einer rasanten und aufregenden Abfahrt die \"Jorra\" (trockene Lavastr\u00f6me) hinuntergleiten zu lassen, was definitiv nichts f\u00fcr schwache Nerven ist.<\/p><p>Der Vulkan Fogo wurde zu einem der 7 Weltwunder der Kapverden in der Kategorie \"Nat\u00fcrliche vulkanische Landformen, zu denen lokalisierte Landformen wie Vulkankegel, Adern und Pythons, Schlote, geologische Einschnitte, vulkanische Tunnel und andere Geoformen von au\u00dfergew\u00f6hnlicher landschaftlicher Sch\u00f6nheit geh\u00f6ren\" gew\u00e4hlt.<\/p>\t\t\t\t\t\t<\/div>\n\t\t\t\t<\/div>\n\t\t\t\t\t<\/div>\n\t\t<\/div>\n\t\t\t\t\t\t\t<\/div>\n\t\t<\/section>\n\t\t\t\t\t\t\t<\/div>","protected":false},"excerpt":{"rendered":"<p>Mit einer H\u00f6he von 2929 Metern ist der Pico do Fogo der h\u00f6chste Punkt der Kapverden und eines der bekanntesten Bilder des Landes. Dieses emblematische Monument ist von einer dramatischen Landschaft mit dunklen Lavastr\u00f6men aus vergangenen Eruptionen umgeben. Der letzte Ausbruch des Pico do Fogo fand im Jahr 2014 statt, und [...]<\/p>","protected":false},"author":1,"featured_media":0,"parent":0,"menu_order":0,"comment_status":"closed","ping_status":"closed","template":"","meta":{"footnotes":""},"categories":[21],"tags":[],"class_list":["post-3196","page","type-page","status-publish","hentry","category-7-maravilhas"],"_links":{"self":[{"href":"https:\/\/feelcaboverde.com\/de\/wp-json\/wp\/v2\/pages\/3196","targetHints":{"allow":["GET"]}}],"collection":[{"href":"https:\/\/feelcaboverde.com\/de\/wp-json\/wp\/v2\/pages"}],"about":[{"href":"https:\/\/feelcaboverde.com\/de\/wp-json\/wp\/v2\/types\/page"}],"author":[{"embeddable":true,"href":"https:\/\/feelcaboverde.com\/de\/wp-json\/wp\/v2\/users\/1"}],"replies":[{"embeddable":true,"href":"https:\/\/feelcaboverde.com\/de\/wp-json\/wp\/v2\/comments?post=3196"}],"version-history":[{"count":5,"href":"https:\/\/feelcaboverde.com\/de\/wp-json\/wp\/v2\/pages\/3196\/revisions"}],"predecessor-version":[{"id":4584,"href":"https:\/\/feelcaboverde.com\/de\/wp-json\/wp\/v2\/pages\/3196\/revisions\/4584"}],"wp:attachment":[{"href":"https:\/\/feelcaboverde.com\/de\/wp-json\/wp\/v2\/media?parent=3196"}],"wp:term":[{"taxonomy":"category","embeddable":true,"href":"https:\/\/feelcaboverde.com\/de\/wp-json\/wp\/v2\/categories?post=3196"},{"taxonomy":"post_tag","embeddable":true,"href":"https:\/\/feelcaboverde.com\/de\/wp-json\/wp\/v2\/tags?post=3196"}],"curies":[{"name":"wp","href":"https:\/\/api.w.org\/{rel}","templated":true}]}}

<div data-elementor-type="wp-page" data-elementor-id="3196" class="elementor elementor-3196">
									<section data-particle_enable="false" data-particle-mobile-disabled="false" class="elementor-section elementor-top-section elementor-element elementor-element-7d82efc1 elementor-section-boxed elementor-section-height-default elementor-section-height-default" data-id="7d82efc1" data-element_type="section">
						<div class="elementor-container elementor-column-gap-default">
					<div class="elementor-column elementor-col-100 elementor-top-column elementor-element elementor-element-6e6df1f9" data-id="6e6df1f9" data-element_type="column">
			<div class="elementor-widget-wrap elementor-element-populated">
								<div class="elementor-element elementor-element-7a23810c elementor-widget elementor-widget-text-editor" data-id="7a23810c" data-element_type="widget" data-widget_type="text-editor.default">
				<div class="elementor-widget-container">
			<style>/*! elementor - v3.7.1 - 14-08-2022 */
.elementor-widget-text-editor.elementor-drop-cap-view-stacked .elementor-drop-cap{background-color:#818a91;color:#fff}.elementor-widget-text-editor.elementor-drop-cap-view-framed .elementor-drop-cap{color:#818a91;border:3px solid;background-color:transparent}.elementor-widget-text-editor:not(.elementor-drop-cap-view-default) .elementor-drop-cap{margin-top:8px}.elementor-widget-text-editor:not(.elementor-drop-cap-view-default) .elementor-drop-cap-letter{width:1em;height:1em}.elementor-widget-text-editor .elementor-drop-cap{float:left;text-align:center;line-height:1;font-size:50px}.elementor-widget-text-editor .elementor-drop-cap-letter{display:inline-block}</style>				<p>Mit einer Höhe von 2929 Metern ist der Pico do Fogo der höchste Punkt der Kapverden und eine der bekanntesten Sehenswürdigkeiten des Landes.</p><p>Dieses emblematische Monument ist von einer dramatischen Landschaft mit dunklen Lavaströmen aus vergangenen Eruptionen umgeben.</p><p><img decoding="async" class="alignnone size-full wp-image-3200" src="http://feelcaboverde.com/wp-content/uploads/2022/11/01-1.jpg" alt="" width="2048" height="1536" srcset="https://feelcaboverde.com/wp-content/uploads/2022/11/01-1.jpg 2048w, https://feelcaboverde.com/wp-content/uploads/2022/11/01-1-300x225.jpg 300w, https://feelcaboverde.com/wp-content/uploads/2022/11/01-1-1024x768.jpg 1024w, https://feelcaboverde.com/wp-content/uploads/2022/11/01-1-768x576.jpg 768w, https://feelcaboverde.com/wp-content/uploads/2022/11/01-1-1536x1152.jpg 1536w" sizes="(max-width: 2048px) 100vw, 2048px" /></p><p>Der letzte Ausbruch des Pico do Fogo fand 2014 statt, und seine Spuren sind in Chã das Caldeiras noch sehr präsent, einer malerischen Gemeinde, die das, was ihr Leben ausmacht, nämlich den Vulkan selbst, nicht aufgegeben hat.</p><p>Vom Gipfel dieses Kolosses aus kann man die Stadt Chã das Caldeiras, die Serra da Bordeira und an klaren Tagen auch die Nachbarinseln sehen. Die Luft riecht leicht nach Schwefel, der sich mit anderen vom Vulkan freigesetzten Gasen vermischt.</p><p>Für diejenigen, die auf ein gutes Abenteuer nicht verzichten können, ist die Besteigung des Gipfels des Pico do Fogo ein Muss.</p><p><img decoding="async" class="alignnone size-full wp-image-3201" src="http://feelcaboverde.com/wp-content/uploads/2022/11/02-2.jpg" alt="" width="2048" height="1536" srcset="https://feelcaboverde.com/wp-content/uploads/2022/11/02-2.jpg 2048w, https://feelcaboverde.com/wp-content/uploads/2022/11/02-2-300x225.jpg 300w, https://feelcaboverde.com/wp-content/uploads/2022/11/02-2-1024x768.jpg 1024w, https://feelcaboverde.com/wp-content/uploads/2022/11/02-2-768x576.jpg 768w, https://feelcaboverde.com/wp-content/uploads/2022/11/02-2-1536x1152.jpg 1536w" sizes="(max-width: 2048px) 100vw, 2048px" /></p><p>Und das Beste ist, dass das Abenteuer nicht endet, wenn Sie den Gipfel des Vulkans erreichen. Im Gegenteil, das ist erst der Anfang! Einer der Wege nach unten besteht darin, sich in einer rasanten und aufregenden Abfahrt die "Jorra" (trockene Lavaströme) hinuntergleiten zu lassen, was definitiv nichts für schwache Nerven ist.</p><p>Der Vulkan Fogo wurde zu einem der 7 Weltwunder der Kapverden in der Kategorie "Natürliche vulkanische Landformen, zu denen lokalisierte Landformen wie Vulkankegel, Adern und Pythons, Schlote, geologische Einschnitte, vulkanische Tunnel und andere Geoformen von außergewöhnlicher landschaftlicher Schönheit gehören" gewählt.</p>						</div>
				</div>
					</div>
		</div>
							</div>
		</section>
							</div>

<p>Mit einer Höhe von 2929 Metern ist der Pico do Fogo der höchste Punkt der Kapverden und eines der bekanntesten Bilder des Landes. Dieses emblematische Monument ist von einer dramatischen Landschaft mit dunklen Lavaströmen aus vergangenen Eruptionen umgeben. Der letzte Ausbruch des Pico do Fogo fand im Jahr 2014 statt, und [...]</p>
