{"id":3181,"date":"2022-11-30T10:28:56","date_gmt":"2022-11-30T10:28:56","guid":{"rendered":"https:\/\/feelcaboverde.com\/?page_id=3181"},"modified":"2023-04-02T20:36:45","modified_gmt":"2023-04-02T20:36:45","slug":"salinas-de-pedra-de-lume-ilha-do-sal","status":"publish","type":"page","link":"https:\/\/feelcaboverde.com\/de\/pedra-de-lume-salinen-sal-insel\/","title":{"rendered":"Salinas de Pedra de Lume - Insel Sal"},"content":{"rendered":"<div data-elementor-type=\"wp-page\" data-elementor-id=\"3181\" class=\"elementor elementor-3181\">\n\t\t\t\t\t\t\t\t\t<section data-particle_enable=\"false\" data-particle-mobile-disabled=\"false\" class=\"elementor-section elementor-top-section elementor-element elementor-element-7d82efc1 elementor-section-boxed elementor-section-height-default elementor-section-height-default\" data-id=\"7d82efc1\" data-element_type=\"section\">\n\t\t\t\t\t\t<div class=\"elementor-container elementor-column-gap-default\">\n\t\t\t\t\t<div class=\"elementor-column elementor-col-100 elementor-top-column elementor-element elementor-element-6e6df1f9\" data-id=\"6e6df1f9\" data-element_type=\"column\">\n\t\t\t<div class=\"elementor-widget-wrap elementor-element-populated\">\n\t\t\t\t\t\t\t\t<div class=\"elementor-element elementor-element-7a23810c elementor-widget elementor-widget-text-editor\" data-id=\"7a23810c\" data-element_type=\"widget\" data-widget_type=\"text-editor.default\">\n\t\t\t\t<div class=\"elementor-widget-container\">\n\t\t\t<style>\/*! elementor - v3.7.1 - 14-08-2022 *\/\n.elementor-widget-text-editor.elementor-drop-cap-view-stacked .elementor-drop-cap{background-color:#818a91;color:#fff}.elementor-widget-text-editor.elementor-drop-cap-view-framed .elementor-drop-cap{color:#818a91;border:3px solid;background-color:transparent}.elementor-widget-text-editor:not(.elementor-drop-cap-view-default) .elementor-drop-cap{margin-top:8px}.elementor-widget-text-editor:not(.elementor-drop-cap-view-default) .elementor-drop-cap-letter{width:1em;height:1em}.elementor-widget-text-editor .elementor-drop-cap{float:left;text-align:center;line-height:1;font-size:50px}.elementor-widget-text-editor .elementor-drop-cap-letter{display:inline-block}<\/style>\t\t\t\t<h3>Salinas de Pedra de Lume - Standort<\/h3><p>Die Salinas de Pedra de Lume sind eine Gruppe von Salinen auf der Insel Sal, die im Krater eines erloschenen Vulkans 1100 Meter \u00fcber dem Meeresspiegel liegen. Der h\u00f6chste Punkt, der Kraterrand, liegt 39 Meter \u00fcber dem Meeresspiegel, w\u00e4hrend der niedrigste Punkt, der Kraterboden, unter dem Meeresspiegel liegt. Salinas nimmt eine Gesamtfl\u00e4che von etwa 40 Hektar ein.<\/p><p>Die Salinas de Pedra de Lume, die zum nationalen Kulturerbe und zu den 7 Naturwundern der Kapverden geh\u00f6ren, sind ein Muss f\u00fcr jeden Besucher der Insel Sal.<\/p><p><img decoding=\"async\" src=\"http:\/\/feelcaboverde.com\/wp-content\/uploads\/2022\/11\/01.jpg\" alt=\"\" width=\"2048\" height=\"1536\" \/><\/p><p>\u00a0<\/p><h3 style=\"font-family: Helvetica, sans-serif; color: #000000;\">Salinas de Pedra de Lume - Geschichte<\/h3><p>In der Vergangenheit stand die Nordseite des Kraters durch nat\u00fcrliche Kan\u00e4le mit dem Meer in Kontakt. Meerwasser sickerte in den Krater und hinterlie\u00df nach seiner Verdunstung eine Steinsalzablagerung von sch\u00e4tzungsweise mehr als f\u00fcnfzig Millionen Tonnen (IPC).<\/p><p>Der Salzabbau, nach dem die Insel benannt ist, begann Ende des 17. Jahrhunderts und spielte eine entscheidende Rolle f\u00fcr die Besiedlung und Entwicklung der Insel. Auf dem H\u00f6hepunkt der Salzindustrie exportierte die Insel mehr als 30.000 Tonnen pro Jahr.<\/p><p>Ende des 19. Jahrhunderts erlebte die Salzindustrie einen starken R\u00fcckgang, der vor allem auf die restriktiven Einfuhrma\u00dfnahmen Brasiliens, des wichtigsten Salzimporteurs der Kapverden, zur\u00fcckzuf\u00fchren war.<\/p><p>In den 1920er Jahren begann mit der Ansiedlung des franz\u00f6sischen Unternehmens Salins du Cap Vert der Aufstieg der Salzindustrie auf der Insel. Dies sollte die Geschichte und die Landschaft von Pedra de Lume f\u00fcr immer ver\u00e4ndern, denn es wurde eine 1100 Meter lange Seilbahn von den Salinen zu den Schifffahrtsgebieten errichtet.<\/p><p><img decoding=\"async\" src=\"http:\/\/feelcaboverde.com\/wp-content\/uploads\/2022\/11\/02-1.jpg\" alt=\"\" width=\"2048\" height=\"1536\" \/><\/p><p>Die Seilbahn, die bis zu 25 Tonnen Salz pro Stunde transportieren kann, ersetzte den zuvor von Tieren durchgef\u00fchrten Salztransport und f\u00f6rderte den Salzabbau auf der Insel. Au\u00dferdem wurde ein Tunnel in die Vulkanwand gebohrt, der einen besseren Zugang zu den Salzpfannen erm\u00f6glichte. Die wichtigsten Salzimportm\u00e4rkte der Kapverden wurden die franz\u00f6sischen und belgischen Kolonien in Afrika.<\/p><p>In der zweiten H\u00e4lfte des 20. Jahrhunderts sollte ein neuer globaler Kontext der Markt(un)verf\u00fcgbarkeit die Geschichte der nationalen Salzindustrie stark ver\u00e4ndern. Besonders bemerkenswert waren die Ver\u00e4nderungen in der Handelspolitik eines der wichtigsten Importeure von nationalem Salz, der Demokratischen Republik Kongo, nach der Unabh\u00e4ngigkeit dieses Landes Anfang der 1960er Jahre.<\/p><p>Mit der zunehmenden Ausbeutung und Verf\u00fcgbarkeit von Salz in anderen L\u00e4ndern ist die Ausbeutung dieses Elements auf der Insel Sal stark zur\u00fcckgegangen. Derzeit gibt es auf der Insel eine kleine Salzfarm, die haupts\u00e4chlich f\u00fcr die Herstellung von kosmetischen und therapeutischen Produkten genutzt wird.<\/p><p>Ende des 20. Jahrhunderts trat die Insel Sal erneut auf die Weltb\u00fchne, nun als touristisches Ziel. Die Pedra de Lume, die damals saniert wurde, wurde zu einer der wichtigsten Touristenattraktionen der Insel.<\/p><h3><strong>\u00a0<\/strong><\/h3><h3><strong>Was kann man in Salinas de Pedra de Lume unternehmen?<\/strong><\/h3><p><strong>1. Wandern<\/strong><\/p><p>Die Salinas de Pedra de Lume sind ein Muss f\u00fcr jeden, der die Insel Sal besucht. Die Sch\u00f6nheit der Landschaft ist unvergleichlich im Archipel und verdient ein wenig Aufmerksamkeit.<\/p><p>Bevor Sie die Salinen betreten, k\u00f6nnen Sie einen Spaziergang um den Krater machen.<\/p><p>Am Eingang des Kraters f\u00fchrt eine H\u00f6hle zu einer Reihe von vielfarbigen Salzbetten, durch die man spazieren und die vielfarbigen Mosaike der Salzpfannen bewundern kann.<\/p><p><img decoding=\"async\" src=\"http:\/\/feelcaboverde.com\/wp-content\/uploads\/2022\/11\/03.jpg\" alt=\"\" width=\"2048\" height=\"1536\" \/><\/p><p>Sie k\u00f6nnen auch mit der Seilbahn hinunter zum Fischerdorf Pedra de Lume fahren, wo noch Ruinen und Denkm\u00e4ler aus der Industriezeit zu sehen sind.<\/p><p><img decoding=\"async\" src=\"http:\/\/feelcaboverde.com\/wp-content\/uploads\/2022\/11\/04.png\" alt=\"\" width=\"1200\" height=\"900\" \/><\/p><p><strong>2. Therapeutische B\u00e4der<\/strong><\/p><p>Entlang der Salinen befinden sich flache Seen, die weniger als einen Meter tief sind und eine 27-mal h\u00f6here Salzkonzentration als das Meerwasser aufweisen. Die hohe Salzkonzentration macht es m\u00f6glich, leicht im Wasser zu schwimmen.<\/p><p>Au\u00dferdem haben die Mineralien im Salzwasser eine entspannende Wirkung auf den K\u00f6rper und einen Peelingeffekt auf die Haut, was viele Menschen dazu veranlasst, den Ort zu therapeutischen Zwecken aufzusuchen.<\/p><p>Die Salinas de Pedra de Lume sind ein echtes Freiluftbad. Vergessen Sie nicht, Ihre Badesachen mitzubringen und das Beste aus dem Erlebnis zu machen.<\/p><p>\u00a0<\/p><h3><strong>Wie kommt man zu den Salinas de Pedra de Lume?<\/strong><\/h3><p>Salinas de Pedra de Lume liegt im Nordosten der Insel Sal, etwa 6 Kilometer vom Zentrum der Inselhauptstadt Espargos und etwa 25 Kilometer von Santa Maria entfernt.<\/p><p>Von Espargos aus k\u00f6nnen Abenteuerlustige zu Fu\u00df zu den Salzpfannen wandern; der Weg dauert etwa eineinhalb Stunden. Alternativ k\u00f6nnen Sie auch mit dem Quad, einem Taxi oder Ihrem eigenen Fahrzeug fahren.\u00a0<\/p><p>Die Transportm\u00f6glichkeiten von Santa Maria sind die gleichen. Wenn Sie sich f\u00fcr ein Taxi oder einen Mietwagen entscheiden, vereinbaren Sie am besten den Preis und die Wartezeit, bevor Sie den Transport zur\u00fcck in die Stadt nehmen.<\/p><h3><strong>Wie viel kostet der Eintritt zu den Salinas de Pedra de Lume?<\/strong><\/h3><p>Der Eintritt zu den Salinen von Pedra de Lume ist f\u00fcr portugiesische Staatsb\u00fcrger kostenlos, f\u00fcr Ausl\u00e4nder kostet er etwa 5 Euro. Im Preis inbegriffen ist der Zugang zum Schwimmen in den Salzbecken.<\/p><p>\u00a0<\/p><h3><strong>Tipps f\u00fcr die Salinen von Pedra de Lume<\/strong><\/h3><ul><li>Vermeiden Sie es, Salzwasser in Ihre Augen zu bekommen. Die hohe Konzentration von Salzen im Wasser kann die Bindehaut des Auges abreiben.<\/li><li>Die \u00d6ffnungszeiten der Salinas de Pedra de Lume sind in der Regel t\u00e4glich von 09:00 bis 17:45 Uhr.<\/li><li>Die beste Zeit f\u00fcr einen Besuch der Salinen ist in der Regel der Anfang oder das Ende des Tages, wenn die Sonne weniger intensiv scheint und der Zustrom von Menschen geringer ist. Versuchen Sie jedoch, die Salinen zu besuchen, wenn das Wetter noch sonnig ist, denn dann kommen die Farben der Salinen am besten zur Geltung.<\/li><li>Vermeiden Sie nach M\u00f6glichkeit die Mittagszeit, wenn die Sonne sehr intensiv scheint und die Zahl der Besucher tendenziell h\u00f6her ist.<\/li><li>Vor Ort gibt es S\u00fc\u00dfwasserduschen, in denen man sich nach dem Bad in den Salinen vor der Abreise das Salz \"abwaschen\" kann.<\/li><li>In den Salzpfannen gibt es ein kleines Restaurant, in dem Sie Snacks und Getr\u00e4nke kaufen k\u00f6nnen.<\/li><\/ul><p><strong>\u00a0<\/strong><\/p><h3><strong>Kuriosit\u00e4ten \u00fcber die Salzpfannen von Pedra de Lume<\/strong><\/h3><ul><li>Um die Natur und den kulturhistorischen Wert der St\u00e4tte zu erhalten, wurde Salinas de Pedra de Lume durch das Gesetzesdekret 3\/2003 vom 24. Februar zum Naturschutzgebiet erkl\u00e4rt.<\/li><li>Salinas de Pedra de Lume wurde au\u00dferdem durch den Beschluss 21\/2012 vom 24. April als nationales Natur-, Geschichts- und Kulturerbe eingestuft.<\/li><li>Im Dezember 2013 wurde Salinas de Pedra de Lume zu einem der 7 Weltwunder der Kapverden in der Kategorie \"Buchten, Meeresarme und Feuchtgebiete jeder Gr\u00f6\u00dfe\" gew\u00e4hlt.<\/li><li>Salinas de Pedra de Lume ist Teil der <a href=\"https:\/\/whc.unesco.org\/en\/tentativelists\/?action=listtentative&amp;state=cv&amp;order=states\" rel=\"nofollow noopener\" target=\"_blank\">Kap Verde's indikative Liste f\u00fcr die UNESCO<\/a>und strebt daher die Anerkennung als Weltkulturerbe an.<\/li><\/ul><p><strong>\u00a0<\/strong><\/p><p><strong>Quellen:<\/strong><\/p><p>Salinas de Pedra Lume: Nationales Kulturerbe und eines der 7 Naturwunder der Kapverden. Verf\u00fcgbar unter <a href=\"https:\/\/www.agendacultural.cv\/index.php?paginas=54&amp;id_cod=16\" rel=\"nofollow noopener\" target=\"_blank\">Die kulturelle Agenda von Kap Verde<\/a><\/p><p>Denkm\u00e4ler und St\u00e4tten: Salzpfannen von Pedra de Lume, Nationales Kulturerbe. Verf\u00fcgbar unter <a href=\"https:\/\/ipc.cv\/monumento-e-sitio\/salinas-de-pedra-de-lume-patrimonio-nacional\/\" rel=\"nofollow noopener\" target=\"_blank\">Institut f\u00fcr Kulturerbe<\/a><\/p>\t\t\t\t\t\t<\/div>\n\t\t\t\t<\/div>\n\t\t\t\t\t<\/div>\n\t\t<\/div>\n\t\t\t\t\t\t\t<\/div>\n\t\t<\/section>\n\t\t\t\t\t\t\t<\/div>","protected":false},"excerpt":{"rendered":"<p>Salinas de Pedra de Lume - Lage Die Salinas de Pedra de Lume sind eine Gruppe von Salinen auf der Insel Sal, die im Krater eines erloschenen Vulkans 1100 Meter \u00fcber dem Meeresspiegel liegen. Der h\u00f6chste Punkt, der Rand, liegt 39 m \u00fcber dem Meeresspiegel, w\u00e4hrend der niedrigste, [...]<\/p>","protected":false},"author":1,"featured_media":0,"parent":0,"menu_order":0,"comment_status":"closed","ping_status":"closed","template":"","meta":{"footnotes":""},"categories":[21],"tags":[],"class_list":["post-3181","page","type-page","status-publish","hentry","category-7-maravilhas"],"_links":{"self":[{"href":"https:\/\/feelcaboverde.com\/de\/wp-json\/wp\/v2\/pages\/3181","targetHints":{"allow":["GET"]}}],"collection":[{"href":"https:\/\/feelcaboverde.com\/de\/wp-json\/wp\/v2\/pages"}],"about":[{"href":"https:\/\/feelcaboverde.com\/de\/wp-json\/wp\/v2\/types\/page"}],"author":[{"embeddable":true,"href":"https:\/\/feelcaboverde.com\/de\/wp-json\/wp\/v2\/users\/1"}],"replies":[{"embeddable":true,"href":"https:\/\/feelcaboverde.com\/de\/wp-json\/wp\/v2\/comments?post=3181"}],"version-history":[{"count":18,"href":"https:\/\/feelcaboverde.com\/de\/wp-json\/wp\/v2\/pages\/3181\/revisions"}],"predecessor-version":[{"id":4494,"href":"https:\/\/feelcaboverde.com\/de\/wp-json\/wp\/v2\/pages\/3181\/revisions\/4494"}],"wp:attachment":[{"href":"https:\/\/feelcaboverde.com\/de\/wp-json\/wp\/v2\/media?parent=3181"}],"wp:term":[{"taxonomy":"category","embeddable":true,"href":"https:\/\/feelcaboverde.com\/de\/wp-json\/wp\/v2\/categories?post=3181"},{"taxonomy":"post_tag","embeddable":true,"href":"https:\/\/feelcaboverde.com\/de\/wp-json\/wp\/v2\/tags?post=3181"}],"curies":[{"name":"wp","href":"https:\/\/api.w.org\/{rel}","templated":true}]}}

<div data-elementor-type="wp-page" data-elementor-id="3181" class="elementor elementor-3181">
									<section data-particle_enable="false" data-particle-mobile-disabled="false" class="elementor-section elementor-top-section elementor-element elementor-element-7d82efc1 elementor-section-boxed elementor-section-height-default elementor-section-height-default" data-id="7d82efc1" data-element_type="section">
						<div class="elementor-container elementor-column-gap-default">
					<div class="elementor-column elementor-col-100 elementor-top-column elementor-element elementor-element-6e6df1f9" data-id="6e6df1f9" data-element_type="column">
			<div class="elementor-widget-wrap elementor-element-populated">
								<div class="elementor-element elementor-element-7a23810c elementor-widget elementor-widget-text-editor" data-id="7a23810c" data-element_type="widget" data-widget_type="text-editor.default">
				<div class="elementor-widget-container">
			<style>/*! elementor - v3.7.1 - 14-08-2022 */
.elementor-widget-text-editor.elementor-drop-cap-view-stacked .elementor-drop-cap{background-color:#818a91;color:#fff}.elementor-widget-text-editor.elementor-drop-cap-view-framed .elementor-drop-cap{color:#818a91;border:3px solid;background-color:transparent}.elementor-widget-text-editor:not(.elementor-drop-cap-view-default) .elementor-drop-cap{margin-top:8px}.elementor-widget-text-editor:not(.elementor-drop-cap-view-default) .elementor-drop-cap-letter{width:1em;height:1em}.elementor-widget-text-editor .elementor-drop-cap{float:left;text-align:center;line-height:1;font-size:50px}.elementor-widget-text-editor .elementor-drop-cap-letter{display:inline-block}</style>				<h3>Salinas de Pedra de Lume - Standort</h3><p>Die Salinas de Pedra de Lume sind eine Gruppe von Salinen auf der Insel Sal, die im Krater eines erloschenen Vulkans 1100 Meter über dem Meeresspiegel liegen. Der höchste Punkt, der Kraterrand, liegt 39 Meter über dem Meeresspiegel, während der niedrigste Punkt, der Kraterboden, unter dem Meeresspiegel liegt. Salinas nimmt eine Gesamtfläche von etwa 40 Hektar ein.</p><p>Die Salinas de Pedra de Lume, die zum nationalen Kulturerbe und zu den 7 Naturwundern der Kapverden gehören, sind ein Muss für jeden Besucher der Insel Sal.</p><p><img decoding="async" src="http://feelcaboverde.com/wp-content/uploads/2022/11/01.jpg" alt="" width="2048" height="1536" /></p><p> </p><h3 style="font-family: Helvetica, sans-serif; color: #000000;">Salinas de Pedra de Lume - Geschichte</h3><p>In der Vergangenheit stand die Nordseite des Kraters durch natürliche Kanäle mit dem Meer in Kontakt. Meerwasser sickerte in den Krater und hinterließ nach seiner Verdunstung eine Steinsalzablagerung von schätzungsweise mehr als fünfzig Millionen Tonnen (IPC).</p><p>Der Salzabbau, nach dem die Insel benannt ist, begann Ende des 17. Jahrhunderts und spielte eine entscheidende Rolle für die Besiedlung und Entwicklung der Insel. Auf dem Höhepunkt der Salzindustrie exportierte die Insel mehr als 30.000 Tonnen pro Jahr.</p><p>Ende des 19. Jahrhunderts erlebte die Salzindustrie einen starken Rückgang, der vor allem auf die restriktiven Einfuhrmaßnahmen Brasiliens, des wichtigsten Salzimporteurs der Kapverden, zurückzuführen war.</p><p>In den 1920er Jahren begann mit der Ansiedlung des französischen Unternehmens Salins du Cap Vert der Aufstieg der Salzindustrie auf der Insel. Dies sollte die Geschichte und die Landschaft von Pedra de Lume für immer verändern, denn es wurde eine 1100 Meter lange Seilbahn von den Salinen zu den Schifffahrtsgebieten errichtet.</p><p><img decoding="async" src="http://feelcaboverde.com/wp-content/uploads/2022/11/02-1.jpg" alt="" width="2048" height="1536" /></p><p>Die Seilbahn, die bis zu 25 Tonnen Salz pro Stunde transportieren kann, ersetzte den zuvor von Tieren durchgeführten Salztransport und förderte den Salzabbau auf der Insel. Außerdem wurde ein Tunnel in die Vulkanwand gebohrt, der einen besseren Zugang zu den Salzpfannen ermöglichte. Die wichtigsten Salzimportmärkte der Kapverden wurden die französischen und belgischen Kolonien in Afrika.</p><p>In der zweiten Hälfte des 20. Jahrhunderts sollte ein neuer globaler Kontext der Markt(un)verfügbarkeit die Geschichte der nationalen Salzindustrie stark verändern. Besonders bemerkenswert waren die Veränderungen in der Handelspolitik eines der wichtigsten Importeure von nationalem Salz, der Demokratischen Republik Kongo, nach der Unabhängigkeit dieses Landes Anfang der 1960er Jahre.</p><p>Mit der zunehmenden Ausbeutung und Verfügbarkeit von Salz in anderen Ländern ist die Ausbeutung dieses Elements auf der Insel Sal stark zurückgegangen. Derzeit gibt es auf der Insel eine kleine Salzfarm, die hauptsächlich für die Herstellung von kosmetischen und therapeutischen Produkten genutzt wird.</p><p>Ende des 20. Jahrhunderts trat die Insel Sal erneut auf die Weltbühne, nun als touristisches Ziel. Die Pedra de Lume, die damals saniert wurde, wurde zu einer der wichtigsten Touristenattraktionen der Insel.</p><h3><strong> </strong></h3><h3><strong>Was kann man in Salinas de Pedra de Lume unternehmen?</strong></h3><p><strong>1. Wandern</strong></p><p>Die Salinas de Pedra de Lume sind ein Muss für jeden, der die Insel Sal besucht. Die Schönheit der Landschaft ist unvergleichlich im Archipel und verdient ein wenig Aufmerksamkeit.</p><p>Bevor Sie die Salinen betreten, können Sie einen Spaziergang um den Krater machen.</p><p>Am Eingang des Kraters führt eine Höhle zu einer Reihe von vielfarbigen Salzbetten, durch die man spazieren und die vielfarbigen Mosaike der Salzpfannen bewundern kann.</p><p><img decoding="async" src="http://feelcaboverde.com/wp-content/uploads/2022/11/03.jpg" alt="" width="2048" height="1536" /></p><p>Sie können auch mit der Seilbahn hinunter zum Fischerdorf Pedra de Lume fahren, wo noch Ruinen und Denkmäler aus der Industriezeit zu sehen sind.</p><p><img decoding="async" src="http://feelcaboverde.com/wp-content/uploads/2022/11/04.png" alt="" width="1200" height="900" /></p><p><strong>2. Therapeutische Bäder</strong></p><p>Entlang der Salinen befinden sich flache Seen, die weniger als einen Meter tief sind und eine 27-mal höhere Salzkonzentration als das Meerwasser aufweisen. Die hohe Salzkonzentration macht es möglich, leicht im Wasser zu schwimmen.</p><p>Außerdem haben die Mineralien im Salzwasser eine entspannende Wirkung auf den Körper und einen Peelingeffekt auf die Haut, was viele Menschen dazu veranlasst, den Ort zu therapeutischen Zwecken aufzusuchen.</p><p>Die Salinas de Pedra de Lume sind ein echtes Freiluftbad. Vergessen Sie nicht, Ihre Badesachen mitzubringen und das Beste aus dem Erlebnis zu machen.</p><p> </p><h3><strong>Wie kommt man zu den Salinas de Pedra de Lume?</strong></h3><p>Salinas de Pedra de Lume liegt im Nordosten der Insel Sal, etwa 6 Kilometer vom Zentrum der Inselhauptstadt Espargos und etwa 25 Kilometer von Santa Maria entfernt.</p><p>Von Espargos aus können Abenteuerlustige zu Fuß zu den Salzpfannen wandern; der Weg dauert etwa eineinhalb Stunden. Alternativ können Sie auch mit dem Quad, einem Taxi oder Ihrem eigenen Fahrzeug fahren. </p><p>Die Transportmöglichkeiten von Santa Maria sind die gleichen. Wenn Sie sich für ein Taxi oder einen Mietwagen entscheiden, vereinbaren Sie am besten den Preis und die Wartezeit, bevor Sie den Transport zurück in die Stadt nehmen.</p><h3><strong>Wie viel kostet der Eintritt zu den Salinas de Pedra de Lume?</strong></h3><p>Der Eintritt zu den Salinen von Pedra de Lume ist für portugiesische Staatsbürger kostenlos, für Ausländer kostet er etwa 5 Euro. Im Preis inbegriffen ist der Zugang zum Schwimmen in den Salzbecken.</p><p> </p><h3><strong>Tipps für die Salinen von Pedra de Lume</strong></h3><ul><li>Vermeiden Sie es, Salzwasser in Ihre Augen zu bekommen. Die hohe Konzentration von Salzen im Wasser kann die Bindehaut des Auges abreiben.</li><li>Die Öffnungszeiten der Salinas de Pedra de Lume sind in der Regel täglich von 09:00 bis 17:45 Uhr.</li><li>Die beste Zeit für einen Besuch der Salinen ist in der Regel der Anfang oder das Ende des Tages, wenn die Sonne weniger intensiv scheint und der Zustrom von Menschen geringer ist. Versuchen Sie jedoch, die Salinen zu besuchen, wenn das Wetter noch sonnig ist, denn dann kommen die Farben der Salinen am besten zur Geltung.</li><li>Vermeiden Sie nach Möglichkeit die Mittagszeit, wenn die Sonne sehr intensiv scheint und die Zahl der Besucher tendenziell höher ist.</li><li>Vor Ort gibt es Süßwasserduschen, in denen man sich nach dem Bad in den Salinen vor der Abreise das Salz "abwaschen" kann.</li><li>In den Salzpfannen gibt es ein kleines Restaurant, in dem Sie Snacks und Getränke kaufen können.</li></ul><p><strong> </strong></p><h3><strong>Kuriositäten über die Salzpfannen von Pedra de Lume</strong></h3><ul><li>Um die Natur und den kulturhistorischen Wert der Stätte zu erhalten, wurde Salinas de Pedra de Lume durch das Gesetzesdekret 3/2003 vom 24. Februar zum Naturschutzgebiet erklärt.</li><li>Salinas de Pedra de Lume wurde außerdem durch den Beschluss 21/2012 vom 24. April als nationales Natur-, Geschichts- und Kulturerbe eingestuft.</li><li>Im Dezember 2013 wurde Salinas de Pedra de Lume zu einem der 7 Weltwunder der Kapverden in der Kategorie "Buchten, Meeresarme und Feuchtgebiete jeder Größe" gewählt.</li><li>Salinas de Pedra de Lume ist Teil der <a href="https://whc.unesco.org/en/tentativelists/?action=listtentative&amp;state=cv&amp;order=states" rel="nofollow noopener" target="_blank">Kap Verde's indikative Liste für die UNESCO</a>und strebt daher die Anerkennung als Weltkulturerbe an.</li></ul><p><strong> </strong></p><p><strong>Quellen:</strong></p><p>Salinas de Pedra Lume: Nationales Kulturerbe und eines der 7 Naturwunder der Kapverden. Verfügbar unter <a href="https://www.agendacultural.cv/index.php?paginas=54&amp;id_cod=16" rel="nofollow noopener" target="_blank">Die kulturelle Agenda von Kap Verde</a></p><p>Denkmäler und Stätten: Salzpfannen von Pedra de Lume, Nationales Kulturerbe. Verfügbar unter <a href="https://ipc.cv/monumento-e-sitio/salinas-de-pedra-de-lume-patrimonio-nacional/" rel="nofollow noopener" target="_blank">Institut für Kulturerbe</a></p>						</div>
				</div>
					</div>
		</div>
							</div>
		</section>
							</div>

<p>Salinas de Pedra de Lume - Lage Die Salinas de Pedra de Lume sind eine Gruppe von Salinen auf der Insel Sal, die im Krater eines erloschenen Vulkans 1100 Meter über dem Meeresspiegel liegen. Der höchste Punkt, der Rand, liegt 39 m über dem Meeresspiegel, während der niedrigste, [...]</p>
