{"id":3163,"date":"2022-11-30T10:18:34","date_gmt":"2022-11-30T10:18:34","guid":{"rendered":"https:\/\/feelcaboverde.com\/?page_id=3163"},"modified":"2023-04-02T19:54:59","modified_gmt":"2023-04-02T19:54:59","slug":"monte-cara-ilha-de-sao-vicente","status":"publish","type":"page","link":"https:\/\/feelcaboverde.com\/de\/monte-cara-sao-vicente-insel\/","title":{"rendered":"Monte Cara - Insel S\u00e3o Vicente"},"content":{"rendered":"<div data-elementor-type=\"wp-page\" data-elementor-id=\"3163\" class=\"elementor elementor-3163\">\n\t\t\t\t\t\t\t\t\t<section data-particle_enable=\"false\" data-particle-mobile-disabled=\"false\" class=\"elementor-section elementor-top-section elementor-element elementor-element-7d82efc1 elementor-section-boxed elementor-section-height-default elementor-section-height-default\" data-id=\"7d82efc1\" data-element_type=\"section\">\n\t\t\t\t\t\t<div class=\"elementor-container elementor-column-gap-default\">\n\t\t\t\t\t<div class=\"elementor-column elementor-col-100 elementor-top-column elementor-element elementor-element-6e6df1f9\" data-id=\"6e6df1f9\" data-element_type=\"column\">\n\t\t\t<div class=\"elementor-widget-wrap elementor-element-populated\">\n\t\t\t\t\t\t\t\t<div class=\"elementor-element elementor-element-7a23810c elementor-widget elementor-widget-text-editor\" data-id=\"7a23810c\" data-element_type=\"widget\" data-widget_type=\"text-editor.default\">\n\t\t\t\t<div class=\"elementor-widget-container\">\n\t\t\t<style>\/*! elementor - v3.7.1 - 14-08-2022 *\/\n.elementor-widget-text-editor.elementor-drop-cap-view-stacked .elementor-drop-cap{background-color:#818a91;color:#fff}.elementor-widget-text-editor.elementor-drop-cap-view-framed .elementor-drop-cap{color:#818a91;border:3px solid;background-color:transparent}.elementor-widget-text-editor:not(.elementor-drop-cap-view-default) .elementor-drop-cap{margin-top:8px}.elementor-widget-text-editor:not(.elementor-drop-cap-view-default) .elementor-drop-cap-letter{width:1em;height:1em}.elementor-widget-text-editor .elementor-drop-cap{float:left;text-align:center;line-height:1;font-size:50px}.elementor-widget-text-editor .elementor-drop-cap-letter{display:inline-block}<\/style>\t\t\t\t<p>Der Monte Cara ist eine 490 Meter hohe Felsformation westlich der historischen Bucht von Porto Grande, gegen\u00fcber der Hauptstadt Mindelo.<\/p><p>Der Monte Cara, eine Postkarte von der Insel S\u00e3o Vicente, verdankt seinen Namen der Form eines menschlichen Gesichts, das in den Himmel blickt. Dieses Naturwunder ist der W\u00e4chter der Stadt Mindelo und bietet einen der sch\u00f6nsten Sonnenunterg\u00e4nge des Landes.<\/p><p><img decoding=\"async\" class=\"alignnone size-full wp-image-3164\" src=\"http:\/\/feelcaboverde.com\/wp-content\/uploads\/2022\/11\/01-1.png\" alt=\"\" width=\"1374\" height=\"559\" srcset=\"https:\/\/feelcaboverde.com\/wp-content\/uploads\/2022\/11\/01-1.png 1374w, https:\/\/feelcaboverde.com\/wp-content\/uploads\/2022\/11\/01-1-300x122.png 300w, https:\/\/feelcaboverde.com\/wp-content\/uploads\/2022\/11\/01-1-1024x417.png 1024w, https:\/\/feelcaboverde.com\/wp-content\/uploads\/2022\/11\/01-1-768x312.png 768w\" sizes=\"(max-width: 1374px) 100vw, 1374px\" \/><\/p><p>Der Monte Cara hat einen festen Platz in den Herzen der Einwohner von Mindelo und inspiriert Dichter und K\u00fcnstler gleicherma\u00dfen. Die ewige Ces\u00e1ria \u00c9vora sang bereits ein Loblied auf ihn:<\/p><p style=\"text-align: center;\"><strong>\"Herr Vincent<\/strong><\/p><p style=\"text-align: center;\"><strong>Se b\u00f4 tem um pilom pa cutchi midje<\/strong><\/p><p style=\"text-align: center;\"><strong>B\u00f4 has Monte Cara para namor\u00e1<\/strong><\/p><p style=\"text-align: center;\"><strong>Porto Grande ist ein wundervoller Ort\" *<\/strong><\/p><p>*Estrofe aus dem Lied Monte Cara; komponiert von Toy Vieira, gesungen von Ces\u00e1ria \u00c9vora<\/p><p>Der Monte Cara wurde zu einem der 7 Weltwunder der Kapverden in der Kategorie \"Berge, Gebirgsz\u00fcge und Klippen, die Berge, Gebirgsz\u00fcge und Bergmassive im Landesinneren oder an der K\u00fcste umfassen\" gew\u00e4hlt.<\/p>\t\t\t\t\t\t<\/div>\n\t\t\t\t<\/div>\n\t\t\t\t\t<\/div>\n\t\t<\/div>\n\t\t\t\t\t\t\t<\/div>\n\t\t<\/section>\n\t\t\t\t\t\t\t<\/div>","protected":false},"excerpt":{"rendered":"<p>Der Monte Cara ist eine 490 Meter hohe Felsformation westlich der historischen Bucht von Porto Grande, gegen\u00fcber der Hauptstadt Mindelo. Der Monte Cara, eine Postkarte der Insel S\u00e3o Vicente, verdankt seinen Namen der Form eines menschlichen Gesichts, das in den Himmel schaut. Dieses Wunderwerk ist der W\u00e4chter der Stadt Mindelo und [...]<\/p>","protected":false},"author":1,"featured_media":0,"parent":0,"menu_order":0,"comment_status":"closed","ping_status":"closed","template":"","meta":{"footnotes":""},"categories":[21],"tags":[],"class_list":["post-3163","page","type-page","status-publish","hentry","category-7-maravilhas"],"_links":{"self":[{"href":"https:\/\/feelcaboverde.com\/de\/wp-json\/wp\/v2\/pages\/3163","targetHints":{"allow":["GET"]}}],"collection":[{"href":"https:\/\/feelcaboverde.com\/de\/wp-json\/wp\/v2\/pages"}],"about":[{"href":"https:\/\/feelcaboverde.com\/de\/wp-json\/wp\/v2\/types\/page"}],"author":[{"embeddable":true,"href":"https:\/\/feelcaboverde.com\/de\/wp-json\/wp\/v2\/users\/1"}],"replies":[{"embeddable":true,"href":"https:\/\/feelcaboverde.com\/de\/wp-json\/wp\/v2\/comments?post=3163"}],"version-history":[{"count":7,"href":"https:\/\/feelcaboverde.com\/de\/wp-json\/wp\/v2\/pages\/3163\/revisions"}],"predecessor-version":[{"id":4448,"href":"https:\/\/feelcaboverde.com\/de\/wp-json\/wp\/v2\/pages\/3163\/revisions\/4448"}],"wp:attachment":[{"href":"https:\/\/feelcaboverde.com\/de\/wp-json\/wp\/v2\/media?parent=3163"}],"wp:term":[{"taxonomy":"category","embeddable":true,"href":"https:\/\/feelcaboverde.com\/de\/wp-json\/wp\/v2\/categories?post=3163"},{"taxonomy":"post_tag","embeddable":true,"href":"https:\/\/feelcaboverde.com\/de\/wp-json\/wp\/v2\/tags?post=3163"}],"curies":[{"name":"wp","href":"https:\/\/api.w.org\/{rel}","templated":true}]}}

Monte Cara - Insel São Vicente

<div data-elementor-type="wp-page" data-elementor-id="3163" class="elementor elementor-3163">
									<section data-particle_enable="false" data-particle-mobile-disabled="false" class="elementor-section elementor-top-section elementor-element elementor-element-7d82efc1 elementor-section-boxed elementor-section-height-default elementor-section-height-default" data-id="7d82efc1" data-element_type="section">
						<div class="elementor-container elementor-column-gap-default">
					<div class="elementor-column elementor-col-100 elementor-top-column elementor-element elementor-element-6e6df1f9" data-id="6e6df1f9" data-element_type="column">
			<div class="elementor-widget-wrap elementor-element-populated">
								<div class="elementor-element elementor-element-7a23810c elementor-widget elementor-widget-text-editor" data-id="7a23810c" data-element_type="widget" data-widget_type="text-editor.default">
				<div class="elementor-widget-container">
			<style>/*! elementor - v3.7.1 - 14-08-2022 */
.elementor-widget-text-editor.elementor-drop-cap-view-stacked .elementor-drop-cap{background-color:#818a91;color:#fff}.elementor-widget-text-editor.elementor-drop-cap-view-framed .elementor-drop-cap{color:#818a91;border:3px solid;background-color:transparent}.elementor-widget-text-editor:not(.elementor-drop-cap-view-default) .elementor-drop-cap{margin-top:8px}.elementor-widget-text-editor:not(.elementor-drop-cap-view-default) .elementor-drop-cap-letter{width:1em;height:1em}.elementor-widget-text-editor .elementor-drop-cap{float:left;text-align:center;line-height:1;font-size:50px}.elementor-widget-text-editor .elementor-drop-cap-letter{display:inline-block}</style>				<p>Der Monte Cara ist eine 490 Meter hohe Felsformation westlich der historischen Bucht von Porto Grande, gegenüber der Hauptstadt Mindelo.</p><p>Der Monte Cara, eine Postkarte von der Insel São Vicente, verdankt seinen Namen der Form eines menschlichen Gesichts, das in den Himmel blickt. Dieses Naturwunder ist der Wächter der Stadt Mindelo und bietet einen der schönsten Sonnenuntergänge des Landes.</p><p><img decoding="async" class="alignnone size-full wp-image-3164" src="http://feelcaboverde.com/wp-content/uploads/2022/11/01-1.png" alt="" width="1374" height="559" srcset="https://feelcaboverde.com/wp-content/uploads/2022/11/01-1.png 1374w, https://feelcaboverde.com/wp-content/uploads/2022/11/01-1-300x122.png 300w, https://feelcaboverde.com/wp-content/uploads/2022/11/01-1-1024x417.png 1024w, https://feelcaboverde.com/wp-content/uploads/2022/11/01-1-768x312.png 768w" sizes="(max-width: 1374px) 100vw, 1374px" /></p><p>Der Monte Cara hat einen festen Platz in den Herzen der Einwohner von Mindelo und inspiriert Dichter und Künstler gleichermaßen. Die ewige Cesária Évora sang bereits ein Loblied auf ihn:</p><p style="text-align: center;"><strong>"Herr Vincent</strong></p><p style="text-align: center;"><strong>Se bô tem um pilom pa cutchi midje</strong></p><p style="text-align: center;"><strong>Bô has Monte Cara para namorá</strong></p><p style="text-align: center;"><strong>Porto Grande ist ein wundervoller Ort" *</strong></p><p>*Estrofe aus dem Lied Monte Cara; komponiert von Toy Vieira, gesungen von Cesária Évora</p><p>Der Monte Cara wurde zu einem der 7 Weltwunder der Kapverden in der Kategorie "Berge, Gebirgszüge und Klippen, die Berge, Gebirgszüge und Bergmassive im Landesinneren oder an der Küste umfassen" gewählt.</p>						</div>
				</div>
					</div>
		</div>
							</div>
		</section>
							</div>

<p>Der Monte Cara ist eine 490 Meter hohe Felsformation westlich der historischen Bucht von Porto Grande, gegenüber der Hauptstadt Mindelo. Der Monte Cara, eine Postkarte der Insel São Vicente, verdankt seinen Namen der Form eines menschlichen Gesichts, das in den Himmel schaut. Dieses Wunderwerk ist der Wächter der Stadt Mindelo und [...]</p>
