{"id":3149,"date":"2022-11-30T09:45:51","date_gmt":"2022-11-30T09:45:51","guid":{"rendered":"https:\/\/feelcaboverde.com\/?page_id=3149"},"modified":"2023-03-16T23:53:59","modified_gmt":"2023-03-16T23:53:59","slug":"deserto-de-viana-ilha-da-boavista","status":"publish","type":"page","link":"https:\/\/feelcaboverde.com\/de\/viana-wuste-boavista-insel\/","title":{"rendered":"W\u00fcste von Viana - Insel Boavista"},"content":{"rendered":"<div data-elementor-type=\"wp-page\" data-elementor-id=\"3149\" class=\"elementor elementor-3149\">\n\t\t\t\t\t\t\t\t\t<section data-particle_enable=\"false\" data-particle-mobile-disabled=\"false\" class=\"elementor-section elementor-top-section elementor-element elementor-element-7d82efc1 elementor-section-boxed elementor-section-height-default elementor-section-height-default\" data-id=\"7d82efc1\" data-element_type=\"section\">\n\t\t\t\t\t\t<div class=\"elementor-container elementor-column-gap-default\">\n\t\t\t\t\t<div class=\"elementor-column elementor-col-100 elementor-top-column elementor-element elementor-element-6e6df1f9\" data-id=\"6e6df1f9\" data-element_type=\"column\">\n\t\t\t<div class=\"elementor-widget-wrap elementor-element-populated\">\n\t\t\t\t\t\t\t\t<div class=\"elementor-element elementor-element-7a23810c elementor-widget elementor-widget-text-editor\" data-id=\"7a23810c\" data-element_type=\"widget\" data-widget_type=\"text-editor.default\">\n\t\t\t\t<div class=\"elementor-widget-container\">\n\t\t\t<style>\/*! elementor - v3.7.1 - 14-08-2022 *\/\n.elementor-widget-text-editor.elementor-drop-cap-view-stacked .elementor-drop-cap{background-color:#818a91;color:#fff}.elementor-widget-text-editor.elementor-drop-cap-view-framed .elementor-drop-cap{color:#818a91;border:3px solid;background-color:transparent}.elementor-widget-text-editor:not(.elementor-drop-cap-view-default) .elementor-drop-cap{margin-top:8px}.elementor-widget-text-editor:not(.elementor-drop-cap-view-default) .elementor-drop-cap-letter{width:1em;height:1em}.elementor-widget-text-editor .elementor-drop-cap{float:left;text-align:center;line-height:1;font-size:50px}.elementor-widget-text-editor .elementor-drop-cap-letter{display:inline-block}<\/style>\t\t\t\t<p>Die Viana-W\u00fcste ist eine Sandw\u00fcste im Nordosten der Insel Boa Vista. Aufgrund ihrer einzigartigen Eigenschaften ist diese W\u00fcste eines der Schutzgebiete der Kapverden.<\/p><p><img decoding=\"async\" class=\"alignnone size-full wp-image-3151\" src=\"http:\/\/feelcaboverde.com\/wp-content\/uploads\/2022\/11\/01.png\" alt=\"\" width=\"800\" height=\"267\" srcset=\"https:\/\/feelcaboverde.com\/wp-content\/uploads\/2022\/11\/01.png 800w, https:\/\/feelcaboverde.com\/wp-content\/uploads\/2022\/11\/01-300x100.png 300w, https:\/\/feelcaboverde.com\/wp-content\/uploads\/2022\/11\/01-768x256.png 768w\" sizes=\"(max-width: 800px) 100vw, 800px\" \/><\/p><p>Die Viana-W\u00fcste erstreckt sich \u00fcber eine L\u00e4nge von etwa 5 Kilometern, wobei der \u00fcberwiegend wei\u00dfe Sand von schwarzen Vulkansandk\u00f6rnern unterbrochen wird, die subtile Kontraste schaffen. Sp\u00e4rliche Palmen, Akazienstr\u00e4ucher und andere endemische Arten tauchen die W\u00fcstenlandschaft in verschiedene Gr\u00fcnt\u00f6ne. Die Stille, die sanfte Brise und der sandige Horizont bieten eine wahre Begegnung der Sinne mit der Natur in ihrem reinsten Zustand.<\/p><p><strong>Wie ist die W\u00fcste Viana entstanden?<\/strong><\/p><p>Die Passatwinde tragen eine gro\u00dfe Menge Sand vom afrikanischen Kontinent zu den Inseln. Aufgrund der geografischen Lage und der Geomorphologie von Boa Vista lagert sich ein gro\u00dfer Teil dieses Sandes auf der Insel ab und bildet gro\u00dfe D\u00fcnenfl\u00e4chen.<\/p><p><img decoding=\"async\" class=\"alignnone size-full wp-image-3152\" src=\"http:\/\/feelcaboverde.com\/wp-content\/uploads\/2022\/11\/02.jpg\" alt=\"\" width=\"2048\" height=\"1536\" srcset=\"https:\/\/feelcaboverde.com\/wp-content\/uploads\/2022\/11\/02.jpg 2048w, https:\/\/feelcaboverde.com\/wp-content\/uploads\/2022\/11\/02-300x225.jpg 300w, https:\/\/feelcaboverde.com\/wp-content\/uploads\/2022\/11\/02-1024x768.jpg 1024w, https:\/\/feelcaboverde.com\/wp-content\/uploads\/2022\/11\/02-768x576.jpg 768w, https:\/\/feelcaboverde.com\/wp-content\/uploads\/2022\/11\/02-1536x1152.jpg 1536w\" sizes=\"(max-width: 2048px) 100vw, 2048px\" \/><\/p><p>Aufgrund ihres Ursprungs und ihrer Form wird die W\u00fcste von Viana von vielen als eine Verl\u00e4ngerung der Sahara auf den Kapverden angesehen.<\/p><p><strong>Wie erreicht man die W\u00fcste von Viana?<\/strong><\/p><p>Die W\u00fcste von Viana befindet sich im Nordwesten der Insel, zwischen den Orten Sal Rei und Rabil und westlich des Gebiets von Bofareira. Sie ist von jedem dieser Orte aus leicht mit einem Pick-up, einem Quad, einem Pferd oder f\u00fcr die Furchtlosen sogar zu Fu\u00df zu erreichen.<\/p><p><strong>Was kann man in der W\u00fcste von Viana unternehmen?<\/strong><\/p><p><strong>1. Wandern<\/strong><\/p><p>Aufgrund seiner m\u00e4\u00dfigen L\u00e4nge und der N\u00e4he zu bewohnten Gebieten k\u00f6nnen Sie je nach Ausgangspunkt Wanderungen von geringem bis mittlerem Schwierigkeitsgrad unternehmen. Es ist immer ratsam, mit einem erfahrenen \u00f6rtlichen F\u00fchrer zu gehen, wenn Sie die Gegend nicht gut kennen.<\/p><p><strong>2. Ausfl\u00fcge mit dem Quad<\/strong><\/p><p>Mit Quad-Ausfl\u00fcgen, die von Sal-Rei aus starten und durch verschiedene Teile der Insel f\u00fchren, k\u00f6nnen Sie ein echtes Abenteuer durch die D\u00fcnen und D\u00f6rfer von Boa Vista erleben.<\/p><p><img decoding=\"async\" class=\"alignnone size-full wp-image-3153\" src=\"http:\/\/feelcaboverde.com\/wp-content\/uploads\/2022\/11\/03.png\" alt=\"\" width=\"1200\" height=\"790\" srcset=\"https:\/\/feelcaboverde.com\/wp-content\/uploads\/2022\/11\/03.png 1200w, https:\/\/feelcaboverde.com\/wp-content\/uploads\/2022\/11\/03-300x198.png 300w, https:\/\/feelcaboverde.com\/wp-content\/uploads\/2022\/11\/03-1024x674.png 1024w, https:\/\/feelcaboverde.com\/wp-content\/uploads\/2022\/11\/03-768x506.png 768w\" sizes=\"(max-width: 1200px) 100vw, 1200px\" \/><\/p><p><strong>3. Pick-up-Ausfl\u00fcge durch die W\u00fcste und D\u00f6rfer<\/strong><\/p><p>Auf den Routen, die von verschiedenen Hotels und strategischen Punkten in Sal Rei ausgehen, k\u00f6nnen Sie nicht nur die W\u00fcste besichtigen, sondern auch Boa Vista kennen lernen. Zu den Ausfl\u00fcgen mit dem Auto geh\u00f6ren u. a. die W\u00fcste von Viana, die traditionelle T\u00f6pferei von Rabil, die idyllischen D\u00f6rfer im Norden von Boavista und der Leuchtturm von Morro Negro.<\/p><p><img decoding=\"async\" class=\"alignnone size-full wp-image-3155\" src=\"http:\/\/feelcaboverde.com\/wp-content\/uploads\/2022\/11\/04.jpg\" alt=\"\" width=\"2048\" height=\"1536\" srcset=\"https:\/\/feelcaboverde.com\/wp-content\/uploads\/2022\/11\/04.jpg 2048w, https:\/\/feelcaboverde.com\/wp-content\/uploads\/2022\/11\/04-300x225.jpg 300w, https:\/\/feelcaboverde.com\/wp-content\/uploads\/2022\/11\/04-1024x768.jpg 1024w, https:\/\/feelcaboverde.com\/wp-content\/uploads\/2022\/11\/04-768x576.jpg 768w, https:\/\/feelcaboverde.com\/wp-content\/uploads\/2022\/11\/04-1536x1152.jpg 1536w\" sizes=\"(max-width: 2048px) 100vw, 2048px\" \/>Bild: Jo\u00e3o Galego, n\u00f6rdlich von Boa Vista<\/p><p><strong>Tipps f\u00fcr Besucher der W\u00fcste von Viana<\/strong><\/p><p>Auch wenn dies inzwischen zum gesunden Menschenverstand geh\u00f6rt, ist es immer gut, darauf hinzuweisen, dass Sie gen\u00fcgend Wasser mitnehmen sollten, um ausreichend zu trinken, da die Sonne sehr intensiv sein kann. Au\u00dferdem sind Sonnencreme, Sonnenbrille, ein Hut und geeignete Kleidung unerl\u00e4sslich.<\/p><p>Obwohl die W\u00fcste von Viana nicht sehr gro\u00df ist, ist es ratsam, sich von einem erfahrenen \u00f6rtlichen F\u00fchrer begleiten zu lassen, wenn man die Gegend nicht gut kennt.<\/p><p>Beschr\u00e4nken Sie sich nicht auf die W\u00fcste. Sie k\u00f6nnen die Tour auf verschiedene andere Orte ausdehnen, die einen Besuch wert sind, wie die farbenfrohen D\u00f6rfer Jo\u00e3o Galego, Fundo das Figueiras und Cabe\u00e7a dos Tarafes, der Leuchtturm Morro Negro und Rabil.<\/p><p>Wer die Sonne meiden m\u00f6chte oder einfach nur etwas Abwechslung sucht, kann an einem Morgen- oder Abendausflug in die W\u00fcste von Viana teilnehmen. In sternenklaren N\u00e4chten und\/oder bei Vollmond wird der Himmel zu einem Spektakel f\u00fcr sich.<\/p><p>Die W\u00fcste von Viana wurde in der Kategorie \"D\u00fcnen und D\u00fcnenkorridore, die fossile oder lebende D\u00fcnenansammlungen umfassen, lokal oder in Korridoren\" zu einem der Wunder von Kap Verde gew\u00e4hlt.<\/p>\t\t\t\t\t\t<\/div>\n\t\t\t\t<\/div>\n\t\t\t\t\t<\/div>\n\t\t<\/div>\n\t\t\t\t\t\t\t<\/div>\n\t\t<\/section>\n\t\t\t\t\t\t\t<\/div>","protected":false},"excerpt":{"rendered":"<p>Die Viana-W\u00fcste ist eine Sandw\u00fcste im Nordosten der Insel Boa Vista. Aufgrund ihrer einzigartigen Eigenschaften ist diese W\u00fcste eines der Schutzgebiete der Kapverden. Die Viana-W\u00fcste erstreckt sich \u00fcber eine L\u00e4nge von etwa 5 Kilometern, wobei der \u00fcberwiegend wei\u00dfe Sand von Sandk\u00f6rnern unterbrochen wird, die [...]<\/p>","protected":false},"author":1,"featured_media":0,"parent":0,"menu_order":0,"comment_status":"closed","ping_status":"closed","template":"","meta":{"footnotes":""},"categories":[21],"tags":[],"class_list":["post-3149","page","type-page","status-publish","hentry","category-7-maravilhas"],"_links":{"self":[{"href":"https:\/\/feelcaboverde.com\/de\/wp-json\/wp\/v2\/pages\/3149","targetHints":{"allow":["GET"]}}],"collection":[{"href":"https:\/\/feelcaboverde.com\/de\/wp-json\/wp\/v2\/pages"}],"about":[{"href":"https:\/\/feelcaboverde.com\/de\/wp-json\/wp\/v2\/types\/page"}],"author":[{"embeddable":true,"href":"https:\/\/feelcaboverde.com\/de\/wp-json\/wp\/v2\/users\/1"}],"replies":[{"embeddable":true,"href":"https:\/\/feelcaboverde.com\/de\/wp-json\/wp\/v2\/comments?post=3149"}],"version-history":[{"count":7,"href":"https:\/\/feelcaboverde.com\/de\/wp-json\/wp\/v2\/pages\/3149\/revisions"}],"predecessor-version":[{"id":4670,"href":"https:\/\/feelcaboverde.com\/de\/wp-json\/wp\/v2\/pages\/3149\/revisions\/4670"}],"wp:attachment":[{"href":"https:\/\/feelcaboverde.com\/de\/wp-json\/wp\/v2\/media?parent=3149"}],"wp:term":[{"taxonomy":"category","embeddable":true,"href":"https:\/\/feelcaboverde.com\/de\/wp-json\/wp\/v2\/categories?post=3149"},{"taxonomy":"post_tag","embeddable":true,"href":"https:\/\/feelcaboverde.com\/de\/wp-json\/wp\/v2\/tags?post=3149"}],"curies":[{"name":"wp","href":"https:\/\/api.w.org\/{rel}","templated":true}]}}

Wüste von Viana - Insel Boavista

<div data-elementor-type="wp-page" data-elementor-id="3149" class="elementor elementor-3149">
									<section data-particle_enable="false" data-particle-mobile-disabled="false" class="elementor-section elementor-top-section elementor-element elementor-element-7d82efc1 elementor-section-boxed elementor-section-height-default elementor-section-height-default" data-id="7d82efc1" data-element_type="section">
						<div class="elementor-container elementor-column-gap-default">
					<div class="elementor-column elementor-col-100 elementor-top-column elementor-element elementor-element-6e6df1f9" data-id="6e6df1f9" data-element_type="column">
			<div class="elementor-widget-wrap elementor-element-populated">
								<div class="elementor-element elementor-element-7a23810c elementor-widget elementor-widget-text-editor" data-id="7a23810c" data-element_type="widget" data-widget_type="text-editor.default">
				<div class="elementor-widget-container">
			<style>/*! elementor - v3.7.1 - 14-08-2022 */
.elementor-widget-text-editor.elementor-drop-cap-view-stacked .elementor-drop-cap{background-color:#818a91;color:#fff}.elementor-widget-text-editor.elementor-drop-cap-view-framed .elementor-drop-cap{color:#818a91;border:3px solid;background-color:transparent}.elementor-widget-text-editor:not(.elementor-drop-cap-view-default) .elementor-drop-cap{margin-top:8px}.elementor-widget-text-editor:not(.elementor-drop-cap-view-default) .elementor-drop-cap-letter{width:1em;height:1em}.elementor-widget-text-editor .elementor-drop-cap{float:left;text-align:center;line-height:1;font-size:50px}.elementor-widget-text-editor .elementor-drop-cap-letter{display:inline-block}</style>				<p>Die Viana-Wüste ist eine Sandwüste im Nordosten der Insel Boa Vista. Aufgrund ihrer einzigartigen Eigenschaften ist diese Wüste eines der Schutzgebiete der Kapverden.</p><p><img decoding="async" class="alignnone size-full wp-image-3151" src="http://feelcaboverde.com/wp-content/uploads/2022/11/01.png" alt="" width="800" height="267" srcset="https://feelcaboverde.com/wp-content/uploads/2022/11/01.png 800w, https://feelcaboverde.com/wp-content/uploads/2022/11/01-300x100.png 300w, https://feelcaboverde.com/wp-content/uploads/2022/11/01-768x256.png 768w" sizes="(max-width: 800px) 100vw, 800px" /></p><p>Die Viana-Wüste erstreckt sich über eine Länge von etwa 5 Kilometern, wobei der überwiegend weiße Sand von schwarzen Vulkansandkörnern unterbrochen wird, die subtile Kontraste schaffen. Spärliche Palmen, Akaziensträucher und andere endemische Arten tauchen die Wüstenlandschaft in verschiedene Grüntöne. Die Stille, die sanfte Brise und der sandige Horizont bieten eine wahre Begegnung der Sinne mit der Natur in ihrem reinsten Zustand.</p><p><strong>Wie ist die Wüste Viana entstanden?</strong></p><p>Die Passatwinde tragen eine große Menge Sand vom afrikanischen Kontinent zu den Inseln. Aufgrund der geografischen Lage und der Geomorphologie von Boa Vista lagert sich ein großer Teil dieses Sandes auf der Insel ab und bildet große Dünenflächen.</p><p><img decoding="async" class="alignnone size-full wp-image-3152" src="http://feelcaboverde.com/wp-content/uploads/2022/11/02.jpg" alt="" width="2048" height="1536" srcset="https://feelcaboverde.com/wp-content/uploads/2022/11/02.jpg 2048w, https://feelcaboverde.com/wp-content/uploads/2022/11/02-300x225.jpg 300w, https://feelcaboverde.com/wp-content/uploads/2022/11/02-1024x768.jpg 1024w, https://feelcaboverde.com/wp-content/uploads/2022/11/02-768x576.jpg 768w, https://feelcaboverde.com/wp-content/uploads/2022/11/02-1536x1152.jpg 1536w" sizes="(max-width: 2048px) 100vw, 2048px" /></p><p>Aufgrund ihres Ursprungs und ihrer Form wird die Wüste von Viana von vielen als eine Verlängerung der Sahara auf den Kapverden angesehen.</p><p><strong>Wie erreicht man die Wüste von Viana?</strong></p><p>Die Wüste von Viana befindet sich im Nordwesten der Insel, zwischen den Orten Sal Rei und Rabil und westlich des Gebiets von Bofareira. Sie ist von jedem dieser Orte aus leicht mit einem Pick-up, einem Quad, einem Pferd oder für die Furchtlosen sogar zu Fuß zu erreichen.</p><p><strong>Was kann man in der Wüste von Viana unternehmen?</strong></p><p><strong>1. Wandern</strong></p><p>Aufgrund seiner mäßigen Länge und der Nähe zu bewohnten Gebieten können Sie je nach Ausgangspunkt Wanderungen von geringem bis mittlerem Schwierigkeitsgrad unternehmen. Es ist immer ratsam, mit einem erfahrenen örtlichen Führer zu gehen, wenn Sie die Gegend nicht gut kennen.</p><p><strong>2. Ausflüge mit dem Quad</strong></p><p>Mit Quad-Ausflügen, die von Sal-Rei aus starten und durch verschiedene Teile der Insel führen, können Sie ein echtes Abenteuer durch die Dünen und Dörfer von Boa Vista erleben.</p><p><img decoding="async" class="alignnone size-full wp-image-3153" src="http://feelcaboverde.com/wp-content/uploads/2022/11/03.png" alt="" width="1200" height="790" srcset="https://feelcaboverde.com/wp-content/uploads/2022/11/03.png 1200w, https://feelcaboverde.com/wp-content/uploads/2022/11/03-300x198.png 300w, https://feelcaboverde.com/wp-content/uploads/2022/11/03-1024x674.png 1024w, https://feelcaboverde.com/wp-content/uploads/2022/11/03-768x506.png 768w" sizes="(max-width: 1200px) 100vw, 1200px" /></p><p><strong>3. Pick-up-Ausflüge durch die Wüste und Dörfer</strong></p><p>Auf den Routen, die von verschiedenen Hotels und strategischen Punkten in Sal Rei ausgehen, können Sie nicht nur die Wüste besichtigen, sondern auch Boa Vista kennen lernen. Zu den Ausflügen mit dem Auto gehören u. a. die Wüste von Viana, die traditionelle Töpferei von Rabil, die idyllischen Dörfer im Norden von Boavista und der Leuchtturm von Morro Negro.</p><p><img decoding="async" class="alignnone size-full wp-image-3155" src="http://feelcaboverde.com/wp-content/uploads/2022/11/04.jpg" alt="" width="2048" height="1536" srcset="https://feelcaboverde.com/wp-content/uploads/2022/11/04.jpg 2048w, https://feelcaboverde.com/wp-content/uploads/2022/11/04-300x225.jpg 300w, https://feelcaboverde.com/wp-content/uploads/2022/11/04-1024x768.jpg 1024w, https://feelcaboverde.com/wp-content/uploads/2022/11/04-768x576.jpg 768w, https://feelcaboverde.com/wp-content/uploads/2022/11/04-1536x1152.jpg 1536w" sizes="(max-width: 2048px) 100vw, 2048px" />Bild: João Galego, nördlich von Boa Vista</p><p><strong>Tipps für Besucher der Wüste von Viana</strong></p><p>Auch wenn dies inzwischen zum gesunden Menschenverstand gehört, ist es immer gut, darauf hinzuweisen, dass Sie genügend Wasser mitnehmen sollten, um ausreichend zu trinken, da die Sonne sehr intensiv sein kann. Außerdem sind Sonnencreme, Sonnenbrille, ein Hut und geeignete Kleidung unerlässlich.</p><p>Obwohl die Wüste von Viana nicht sehr groß ist, ist es ratsam, sich von einem erfahrenen örtlichen Führer begleiten zu lassen, wenn man die Gegend nicht gut kennt.</p><p>Beschränken Sie sich nicht auf die Wüste. Sie können die Tour auf verschiedene andere Orte ausdehnen, die einen Besuch wert sind, wie die farbenfrohen Dörfer João Galego, Fundo das Figueiras und Cabeça dos Tarafes, der Leuchtturm Morro Negro und Rabil.</p><p>Wer die Sonne meiden möchte oder einfach nur etwas Abwechslung sucht, kann an einem Morgen- oder Abendausflug in die Wüste von Viana teilnehmen. In sternenklaren Nächten und/oder bei Vollmond wird der Himmel zu einem Spektakel für sich.</p><p>Die Wüste von Viana wurde in der Kategorie "Dünen und Dünenkorridore, die fossile oder lebende Dünenansammlungen umfassen, lokal oder in Korridoren" zu einem der Wunder von Kap Verde gewählt.</p>						</div>
				</div>
					</div>
		</div>
							</div>
		</section>
							</div>

<p>Die Viana-Wüste ist eine Sandwüste im Nordosten der Insel Boa Vista. Aufgrund ihrer einzigartigen Eigenschaften ist diese Wüste eines der Schutzgebiete der Kapverden. Die Viana-Wüste erstreckt sich über eine Länge von etwa 5 Kilometern, wobei der überwiegend weiße Sand von Sandkörnern unterbrochen wird, die [...]</p>
