{"id":1021,"date":"2022-05-27T13:41:16","date_gmt":"2022-05-27T13:41:16","guid":{"rendered":"https:\/\/feelcaboverde.com\/?page_id=1021"},"modified":"2023-04-02T14:05:34","modified_gmt":"2023-04-02T14:05:34","slug":"fuso-horario","status":"publish","type":"page","link":"https:\/\/feelcaboverde.com\/de\/zeitzone-von-kap-verde\/","title":{"rendered":"Zeitzone"},"content":{"rendered":"<div data-elementor-type=\"wp-page\" data-elementor-id=\"1021\" class=\"elementor elementor-1021\">\n\t\t\t\t\t\t\t\t\t<section data-particle_enable=\"false\" data-particle-mobile-disabled=\"false\" class=\"elementor-section elementor-top-section elementor-element elementor-element-43b54aea elementor-section-boxed elementor-section-height-default elementor-section-height-default\" data-id=\"43b54aea\" data-element_type=\"section\">\n\t\t\t\t\t\t<div class=\"elementor-container elementor-column-gap-default\">\n\t\t\t\t\t<div class=\"elementor-column elementor-col-100 elementor-top-column elementor-element elementor-element-6e42e8a5\" data-id=\"6e42e8a5\" data-element_type=\"column\">\n\t\t\t<div class=\"elementor-widget-wrap elementor-element-populated\">\n\t\t\t\t\t\t\t\t<div class=\"elementor-element elementor-element-56626ddb elementor-widget elementor-widget-text-editor\" data-id=\"56626ddb\" data-element_type=\"widget\" data-widget_type=\"text-editor.default\">\n\t\t\t\t<div class=\"elementor-widget-container\">\n\t\t\t<style>\/*! elementor - v3.7.1 - 14-08-2022 *\/\n.elementor-widget-text-editor.elementor-drop-cap-view-stacked .elementor-drop-cap{background-color:#818a91;color:#fff}.elementor-widget-text-editor.elementor-drop-cap-view-framed .elementor-drop-cap{color:#818a91;border:3px solid;background-color:transparent}.elementor-widget-text-editor:not(.elementor-drop-cap-view-default) .elementor-drop-cap{margin-top:8px}.elementor-widget-text-editor:not(.elementor-drop-cap-view-default) .elementor-drop-cap-letter{width:1em;height:1em}.elementor-widget-text-editor .elementor-drop-cap{float:left;text-align:center;line-height:1;font-size:50px}.elementor-widget-text-editor .elementor-drop-cap-letter{display:inline-block}<\/style>\t\t\t\t<h3>Zeitzone Kap Verde<\/h3>\n<p><span style=\"color: var( --e-global-color-text ); font-family: var( --e-global-typography-text-font-family ), Sans-serif; font-weight: var( --e-global-typography-text-font-weight ); text-align: var(--text-align); font-size: 1rem;\">Kap Verde liegt im Atlantischen Ozean, etwa 570 Kilometer vor der K\u00fcste Westafrikas. Das Land hat seine eigene Zeitzone, die als Kapverdische Zeit (CVT) bekannt ist. <\/span><b><span style=\"color: var( --e-global-color-text ); font-family: var( --e-global-typography-text-font-family ), Sans-serif; text-align: var(--text-align); font-size: 1rem;\">CVT ist 1 Stunde vor der koordinierten Weltzeit (UTC-1),&nbsp;<\/span><span style=\"color: var( --e-global-color-text ); font-family: var( --e-global-typography-text-font-family ), Sans-serif; text-align: var(--text-align); font-size: 1rem;\">ganzj\u00e4hrig<\/span><\/b><span style=\"color: var( --e-global-color-text ); font-family: var( --e-global-typography-text-font-family ), Sans-serif; font-size: 1rem; font-weight: var( --e-global-typography-text-font-weight ); text-align: var(--text-align);\">.<\/span><\/p>\n<p><span style=\"text-align: var(--text-align);\">Im Gegensatz zu vielen anderen L\u00e4ndern, <b>Kap Verde wendet die Sommerzeit nicht an <\/b>(<em>Sommerzeit<\/em>). Das bedeutet, dass das Land das ganze Jahr \u00fcber dieselbe Zeitzone hat.<br><\/span><\/p>\n<p><span style=\"text-align: var(--text-align);\">Es ist wichtig, daran zu denken, dass die CVT-Umrechnung f\u00fcr andere Zeitzonen von verschiedenen Faktoren beeinflusst werden kann, z. B. davon, ob in anderen L\u00e4ndern die Sommerzeit eingef\u00fchrt wurde oder nicht. Aus diesem Grund ist es immer ratsam, aktuelle Informationen \u00fcber Zeitzonen zu pr\u00fcfen, wenn Sie reisen oder mit Menschen in anderen Regionen der Welt kommunizieren.<\/span><\/p>\n<p><span style=\"text-align: var(--text-align);\">&nbsp;<\/span><\/p>\n<h3><span style=\"text-align: var(--text-align);\">Fazit<\/span><\/h3>\n<p>Zusammenfassend l\u00e4sst sich sagen, dass Kap Verde seine eigene Zeitzone hat, die Kapverdische Zeit (CVT), die der koordinierten Weltzeit (UTC-1) um eine Stunde voraus ist. Das Land h\u00e4lt sich nicht an die Sommerzeit. Um die CVT in andere Zeitzonen umzurechnen, m\u00fcssen Sie je nach geografischer Lage Stunden addieren oder subtrahieren. Diese Informationen sind wichtig f\u00fcr die Planung von Reisen, Besprechungen oder anderen Aktivit\u00e4ten, die eine Kommunikation mit<\/p>\t\t\t\t\t\t<\/div>\n\t\t\t\t<\/div>\n\t\t\t\t\t<\/div>\n\t\t<\/div>\n\t\t\t\t\t\t\t<\/div>\n\t\t<\/section>\n\t\t\t\t\t\t\t<\/div>","protected":false},"excerpt":{"rendered":"<p>Zeitzone Kap Verde Kap Verde liegt im Atlantischen Ozean, etwa 570 Kilometer vor der K\u00fcste Westafrikas. Das Land hat seine eigene Zeitzone, die als Kapverdische Zeit (CVT) bekannt ist. Die CVT ist der koordinierten Weltzeit (UTC-1) das ganze Jahr \u00fcber um eine Stunde voraus. Im Gegensatz zu vielen anderen L\u00e4ndern, [...]<\/p>","protected":false},"author":1,"featured_media":0,"parent":0,"menu_order":0,"comment_status":"closed","ping_status":"closed","template":"","meta":{"footnotes":""},"categories":[],"tags":[],"class_list":["post-1021","page","type-page","status-publish","hentry"],"_links":{"self":[{"href":"https:\/\/feelcaboverde.com\/de\/wp-json\/wp\/v2\/pages\/1021","targetHints":{"allow":["GET"]}}],"collection":[{"href":"https:\/\/feelcaboverde.com\/de\/wp-json\/wp\/v2\/pages"}],"about":[{"href":"https:\/\/feelcaboverde.com\/de\/wp-json\/wp\/v2\/types\/page"}],"author":[{"embeddable":true,"href":"https:\/\/feelcaboverde.com\/de\/wp-json\/wp\/v2\/users\/1"}],"replies":[{"embeddable":true,"href":"https:\/\/feelcaboverde.com\/de\/wp-json\/wp\/v2\/comments?post=1021"}],"version-history":[{"count":17,"href":"https:\/\/feelcaboverde.com\/de\/wp-json\/wp\/v2\/pages\/1021\/revisions"}],"predecessor-version":[{"id":4301,"href":"https:\/\/feelcaboverde.com\/de\/wp-json\/wp\/v2\/pages\/1021\/revisions\/4301"}],"wp:attachment":[{"href":"https:\/\/feelcaboverde.com\/de\/wp-json\/wp\/v2\/media?parent=1021"}],"wp:term":[{"taxonomy":"category","embeddable":true,"href":"https:\/\/feelcaboverde.com\/de\/wp-json\/wp\/v2\/categories?post=1021"},{"taxonomy":"post_tag","embeddable":true,"href":"https:\/\/feelcaboverde.com\/de\/wp-json\/wp\/v2\/tags?post=1021"}],"curies":[{"name":"wp","href":"https:\/\/api.w.org\/{rel}","templated":true}]}}

<div data-elementor-type="wp-page" data-elementor-id="1021" class="elementor elementor-1021">
									<section data-particle_enable="false" data-particle-mobile-disabled="false" class="elementor-section elementor-top-section elementor-element elementor-element-43b54aea elementor-section-boxed elementor-section-height-default elementor-section-height-default" data-id="43b54aea" data-element_type="section">
						<div class="elementor-container elementor-column-gap-default">
					<div class="elementor-column elementor-col-100 elementor-top-column elementor-element elementor-element-6e42e8a5" data-id="6e42e8a5" data-element_type="column">
			<div class="elementor-widget-wrap elementor-element-populated">
								<div class="elementor-element elementor-element-56626ddb elementor-widget elementor-widget-text-editor" data-id="56626ddb" data-element_type="widget" data-widget_type="text-editor.default">
				<div class="elementor-widget-container">
			<style>/*! elementor - v3.7.1 - 14-08-2022 */
.elementor-widget-text-editor.elementor-drop-cap-view-stacked .elementor-drop-cap{background-color:#818a91;color:#fff}.elementor-widget-text-editor.elementor-drop-cap-view-framed .elementor-drop-cap{color:#818a91;border:3px solid;background-color:transparent}.elementor-widget-text-editor:not(.elementor-drop-cap-view-default) .elementor-drop-cap{margin-top:8px}.elementor-widget-text-editor:not(.elementor-drop-cap-view-default) .elementor-drop-cap-letter{width:1em;height:1em}.elementor-widget-text-editor .elementor-drop-cap{float:left;text-align:center;line-height:1;font-size:50px}.elementor-widget-text-editor .elementor-drop-cap-letter{display:inline-block}</style>				<h3>Zeitzone Kap Verde</h3>
<p><span style="color: var( --e-global-color-text ); font-family: var( --e-global-typography-text-font-family ), Sans-serif; font-weight: var( --e-global-typography-text-font-weight ); text-align: var(--text-align); font-size: 1rem;">Kap Verde liegt im Atlantischen Ozean, etwa 570 Kilometer vor der Küste Westafrikas. Das Land hat seine eigene Zeitzone, die als Kapverdische Zeit (CVT) bekannt ist. </span><b><span style="color: var( --e-global-color-text ); font-family: var( --e-global-typography-text-font-family ), Sans-serif; text-align: var(--text-align); font-size: 1rem;">CVT ist 1 Stunde vor der koordinierten Weltzeit (UTC-1),&nbsp;</span><span style="color: var( --e-global-color-text ); font-family: var( --e-global-typography-text-font-family ), Sans-serif; text-align: var(--text-align); font-size: 1rem;">ganzjährig</span></b><span style="color: var( --e-global-color-text ); font-family: var( --e-global-typography-text-font-family ), Sans-serif; font-size: 1rem; font-weight: var( --e-global-typography-text-font-weight ); text-align: var(--text-align);">.</span></p>
<p><span style="text-align: var(--text-align);">Im Gegensatz zu vielen anderen Ländern, <b>Kap Verde wendet die Sommerzeit nicht an </b>(<em>Sommerzeit</em>). Das bedeutet, dass das Land das ganze Jahr über dieselbe Zeitzone hat.<br></span></p>
<p><span style="text-align: var(--text-align);">Es ist wichtig, daran zu denken, dass die CVT-Umrechnung für andere Zeitzonen von verschiedenen Faktoren beeinflusst werden kann, z. B. davon, ob in anderen Ländern die Sommerzeit eingeführt wurde oder nicht. Aus diesem Grund ist es immer ratsam, aktuelle Informationen über Zeitzonen zu prüfen, wenn Sie reisen oder mit Menschen in anderen Regionen der Welt kommunizieren.</span></p>
<p><span style="text-align: var(--text-align);">&nbsp;</span></p>
<h3><span style="text-align: var(--text-align);">Fazit</span></h3>
<p>Zusammenfassend lässt sich sagen, dass Kap Verde seine eigene Zeitzone hat, die Kapverdische Zeit (CVT), die der koordinierten Weltzeit (UTC-1) um eine Stunde voraus ist. Das Land hält sich nicht an die Sommerzeit. Um die CVT in andere Zeitzonen umzurechnen, müssen Sie je nach geografischer Lage Stunden addieren oder subtrahieren. Diese Informationen sind wichtig für die Planung von Reisen, Besprechungen oder anderen Aktivitäten, die eine Kommunikation mit</p>						</div>
				</div>
					</div>
		</div>
							</div>
		</section>
							</div>

<p>Zeitzone Kap Verde Kap Verde liegt im Atlantischen Ozean, etwa 570 Kilometer vor der Küste Westafrikas. Das Land hat seine eigene Zeitzone, die als Kapverdische Zeit (CVT) bekannt ist. Die CVT ist der koordinierten Weltzeit (UTC-1) das ganze Jahr über um eine Stunde voraus. Im Gegensatz zu vielen anderen Ländern, [...]</p>
